-- Table structure for table `quickprofitstore`
--

CREATE TABLE IF NOT EXISTS `quickprofitstore` (
  `id` int(11) NOT NULL AUTO_INCREMENT,
  `storeId` int(11) NOT NULL,
  `theDate` date NOT NULL,
  `sellVal` decimal(15,2) NOT NULL,
  `sellCostBuyPrice` decimal(15,2) NOT NULL,
  `sellCostLastBuyPrice` decimal(15,2) NOT NULL,
  `sellCostMeanBuyPrice` decimal(15,2) NOT NULL,
  `sellCostLastBuyPricewithDiscount` decimal(15,2) NOT NULL,
  `sellCostMeanBuyPricewithDiscount` decimal(15,2) NOT NULL,
  `sellCostOverAllAveragePrice` decimal(15,2) NOT NULL,
  `returnSellVal` decimal(15,2) NOT NULL,
  `returnSellCostBuyPrice` decimal(15,2) NOT NULL,
  `returnSellCostLastBuyPrice` decimal(15,2) NOT NULL,
  `returnSellCostMeanBuyPrice` decimal(15,2) NOT NULL,
  `returnSellCostLastBuyPricewithDiscount` decimal(15,2) NOT NULL,
  `returnSellCostMeanBuyPricewithDiscount` decimal(15,2) NOT NULL,
  `returnSellCostOverAllAveragePrice` decimal(15,2) NOT NULL,
  `sellCostLastBuyPricewithTax` decimal(15,2) NOT NULL,
  `sellCostMeanBuyPricewithTax` decimal(15,2) NOT NULL,
  `returnSellCostLastBuyPricewithTax` decimal(15,2) NOT NULL,
  `returnSellCostMeanBuyPricewithTax` decimal(15,2) NOT NULL,
  PRIMARY KEY (`id`),
  UNIQUE KEY `uq_quickprofitstore` (`storeId`,`theDate`)
) ENGINE=InnoDB  DEFAULT CHARSET=latin1 AUTO_INCREMENT=529 ;

--
-- Dumping data for table `quickprofitstore`
--

INSERT INTO `quickprofitstore` (`id`, `storeId`, `theDate`, `sellVal`, `sellCostBuyPrice`, `sellCostLastBuyPrice`, `sellCostMeanBuyPrice`, `sellCostLastBuyPricewithDiscount`, `sellCostMeanBuyPricewithDiscount`, `sellCostOverAllAveragePrice`, `returnSellVal`, `returnSellCostBuyPrice`, `returnSellCostLastBuyPrice`, `returnSellCostMeanBuyPrice`, `returnSellCostLastBuyPricewithDiscount`, `returnSellCostMeanBuyPricewithDiscount`, `returnSellCostOverAllAveragePrice`, `sellCostLastBuyPricewithTax`, `sellCostMeanBuyPricewithTax`, `returnSellCostLastBuyPricewithTax`, `returnSellCostMeanBuyPricewithTax`) VALUES
(1, 1, '2025-12-29', '6851160.00', '6066360.00', '6089610.00', '6077985.00', '6089610.00', '6077985.00', '6089610.00', '0.00', '0.00', '0.00', '0.00', '0.00', '0.00', '0.00', '6077985.00', '6077985.00', '0.00', '0.00'),
(178, 1, '2025-12-30', '6631994.02', '5627830.00', '5645680.00', '5636755.00', '5645680.00', '5636755.00', '5645680.00', '98200.00', '82300.00', '82600.00', '82450.00', '82600.00', '82450.00', '82600.00', '5636755.00', '5636755.00', '82450.00', '82450.00'),
(179, 1, '2026-01-06', '5200.00', '4650.00', '4650.00', '4650.00', '4650.00', '4650.00', '4650.00', '0.00', '0.00', '0.00', '0.00', '0.00', '0.00', '0.00', '4650.00', '4650.00', '0.00', '0.00'),
(180, 1, '2026-01-07', '37200.00', '33400.00', '33400.00', '33400.00', '33400.00', '33400.00', '33400.00', '0.00', '0.00', '0.00', '0.00', '0.00', '0.00', '0.00', '33400.00', '33400.00', '0.00', '0.00'),
(182, 1, '2026-01-14', '6100.00', '5300.00', '5300.00', '5300.00', '5300.00', '5300.00', '5300.00', '0.00', '0.00', '0.00', '0.00', '0.00', '0.00', '0.00', '5300.00', '5300.00', '0.00', '0.00'),
(183, 1, '2026-01-17', '2000.00', '1250.00', '1250.00', '1250.00', '1250.00', '1250.00', '1250.00', '0.00', '0.00', '0.00', '0.00', '0.00', '0.00', '0.00', '1250.00', '1250.00', '0.00', '0.00'),
(184, 1, '2026-01-18', '5100.00', '9700.00', '9700.00', '9700.00', '9700.00', '9700.00', '9700.00', '25000.00', '19500.00', '19500.00', '19500.00', '19500.00', '19500.00', '19500.00', '9700.00', '9700.00', '19500.00', '19500.00'),
(185, 1, '2026-01-20', '15200.00', '13450.00', '13450.00', '13450.00', '13450.00', '13450.00', '13450.00', '0.00', '0.00', '0.00', '0.00', '0.00', '0.00', '0.00', '13450.00', '13450.00', '0.00', '0.00'),
(187, 1, '2026-01-23', '6800.00', '11300.00', '11300.00', '11300.00', '11300.00', '11300.00', '11300.00', '4350.00', '3900.00', '3900.00', '3900.00', '3900.00', '3900.00', '3900.00', '11300.00', '11300.00', '3900.00', '3900.00'),
(188, 1, '2026-01-24', '35710.21', '32200.00', '32200.00', '32200.00', '32200.00', '32200.00', '32200.00', '0.00', '0.00', '0.00', '0.00', '0.00', '0.00', '0.00', '32200.00', '32200.00', '0.00', '0.00'),
(192, 1, '2026-01-25', '15600.00', '14100.00', '14100.00', '14100.00', '14100.00', '14100.00', '14100.00', '0.00', '0.00', '0.00', '0.00', '0.00', '0.00', '0.00', '14100.00', '14100.00', '0.00', '0.00'),
(195, 1, '2026-01-26', '6600.00', '5400.00', '5700.00', '5550.00', '5700.00', '5550.00', '5700.00', '0.00', '0.00', '0.00', '0.00', '0.00', '0.00', '0.00', '5550.00', '5550.00', '0.00', '0.00'),
(196, 1, '2026-01-27', '131500.00', '119850.00', '119850.00', '119850.00', '119850.00', '119850.00', '119850.00', '44200.00', '39900.00', '39900.00', '39900.00', '39900.00', '39900.00', '39900.00', '119850.00', '119850.00', '39900.00', '39900.00'),
(200, 1, '2026-01-29', '372500.00', '338450.00', '338450.00', '338450.00', '338450.00', '338450.00', '338450.00', '0.00', '0.00', '0.00', '0.00', '0.00', '0.00', '0.00', '338450.00', '338450.00', '0.00', '0.00'),
(201, 1, '2026-02-05', '27950.00', '20850.00', '20850.00', '20850.00', '20850.00', '20850.00', '20850.00', '94500.00', '85500.00', '85500.00', '85500.00', '85500.00', '85500.00', '85500.00', '20850.00', '20850.00', '85500.00', '85500.00'),
(202, 1, '2026-02-07', '191788.23', '166750.00', '166750.00', '166750.00', '166750.00', '166750.00', '166750.00', '0.00', '0.00', '0.00', '0.00', '0.00', '0.00', '0.00', '166750.00', '166750.00', '0.00', '0.00'),
(207, 1, '2026-02-09', '125956.93', '107650.00', '107650.00', '107650.00', '107650.00', '107650.00', '107650.00', '0.00', '0.00', '0.00', '0.00', '0.00', '0.00', '0.00', '107650.00', '107650.00', '0.00', '0.00'),
(250, 1, '2026-02-11', '16600.00', '14500.00', '14500.00', '14500.00', '14500.00', '14500.00', '14500.00', '0.00', '0.00', '0.00', '0.00', '0.00', '0.00', '0.00', '14500.00', '14500.00', '0.00', '0.00'),
(253, 1, '2026-02-12', '27949.98', '27450.00', '27450.00', '27450.00', '27450.00', '27450.00', '27450.00', '0.00', '0.00', '0.00', '0.00', '0.00', '0.00', '0.00', '27450.00', '27450.00', '0.00', '0.00'),
(254, 1, '2026-02-14', '4900.00', '4660.00', '4660.00', '4660.00', '4660.00', '4660.00', '4660.00', '0.00', '0.00', '0.00', '0.00', '0.00', '0.00', '0.00', '4660.00', '4660.00', '0.00', '0.00'),
(275, 1, '2026-02-18', '4300.00', '4150.00', '4150.00', '4150.00', '4150.00', '4150.00', '4150.00', '0.00', '0.00', '0.00', '0.00', '0.00', '0.00', '0.00', '4150.00', '4150.00', '0.00', '0.00'),
(285, 1, '2026-02-21', '145000.00', '132500.00', '132500.00', '132500.00', '132500.00', '132500.00', '132500.00', '0.00', '0.00', '0.00', '0.00', '0.00', '0.00', '0.00', '132500.00', '132500.00', '0.00', '0.00'),
(286, 1, '2026-02-22', '187000.00', '148950.00', '148950.00', '148950.00', '148950.00', '148950.00', '148950.00', '0.00', '0.00', '0.00', '0.00', '0.00', '0.00', '0.00', '148950.00', '148950.00', '0.00', '0.00'),
(289, 1, '2026-02-23', '6600.00', '7650.00', '7650.00', '7650.00', '7650.00', '7650.00', '7650.00', '0.00', '0.00', '0.00', '0.00', '0.00', '0.00', '0.00', '7650.00', '7650.00', '0.00', '0.00'),
(291, 1, '2026-02-26', '15350.00', '21550.00', '21550.00', '21550.00', '21550.00', '21550.00', '21550.00', '0.00', '0.00', '0.00', '0.00', '0.00', '0.00', '0.00', '21550.00', '21550.00', '0.00', '0.00'),
(297, 1, '2026-02-27', '9050.00', '5750.00', '5750.00', '5750.00', '5750.00', '5750.00', '5750.00', '0.00', '0.00', '0.00', '0.00', '0.00', '0.00', '0.00', '5750.00', '5750.00', '0.00', '0.00'),
(299, 1, '2026-03-01', '285700.00', '269100.00', '269100.00', '269100.00', '269100.00', '269100.00', '269100.00', '0.00', '0.00', '0.00', '0.00', '0.00', '0.00', '0.00', '269100.00', '269100.00', '0.00', '0.00'),
(301, 1, '2026-03-02', '381225.00', '322100.00', '322100.00', '322100.00', '322100.00', '322100.00', '322100.00', '0.00', '0.00', '0.00', '0.00', '0.00', '0.00', '0.00', '322100.00', '322100.00', '0.00', '0.00'),
(336, 1, '2026-03-03', '113400.00', '96400.00', '96400.00', '96400.00', '96400.00', '96400.00', '96400.00', '0.00', '0.00', '0.00', '0.00', '0.00', '0.00', '0.00', '96400.00', '96400.00', '0.00', '0.00'),
(344, 1, '2026-03-04', '76100.00', '62750.00', '62750.00', '62750.00', '62750.00', '62750.00', '62750.00', '0.00', '0.00', '0.00', '0.00', '0.00', '0.00', '0.00', '62750.00', '62750.00', '0.00', '0.00'),
(345, 1, '2026-03-09', '13050.00', '11700.00', '11700.00', '11700.00', '11700.00', '11700.00', '11700.00', '45900.00', '38100.00', '38350.00', '38225.00', '38350.00', '38225.00', '38350.00', '11700.00', '11700.00', '38225.00', '38225.00'),
(356, 1, '2026-03-10', '27000.00', '17000.00', '17000.00', '17000.00', '17000.00', '17000.00', '17000.00', '0.00', '0.00', '0.00', '0.00', '0.00', '0.00', '0.00', '17000.00', '17000.00', '0.00', '0.00'),
(357, 1, '2026-03-12', '9500.00', '7950.00', '7950.00', '7950.00', '7950.00', '7950.00', '7950.00', '0.00', '0.00', '0.00', '0.00', '0.00', '0.00', '0.00', '7950.00', '7950.00', '0.00', '0.00'),
(359, 1, '2026-03-15', '0.00', '0.00', '0.00', '0.00', '0.00', '0.00', '0.00', '170400.00', '153950.00', '153950.00', '153950.00', '153950.00', '153950.00', '153950.00', '0.00', '0.00', '153950.00', '153950.00'),
(365, 1, '2026-03-17', '25600.00', '22750.00', '22750.00', '22750.00', '22750.00', '22750.00', '22750.00', '0.00', '0.00', '0.00', '0.00', '0.00', '0.00', '0.00', '22750.00', '22750.00', '0.00', '0.00'),
(366, 1, '2026-03-21', '0.00', '128650.00', '128650.00', '128650.00', '128650.00', '128650.00', '128650.00', '0.00', '0.00', '0.00', '0.00', '0.00', '0.00', '0.00', '128650.00', '128650.00', '0.00', '0.00'),
(367, 1, '2026-03-24', '47100.00', '42400.00', '42400.00', '42400.00', '42400.00', '42400.00', '42400.00', '0.00', '0.00', '0.00', '0.00', '0.00', '0.00', '0.00', '42400.00', '42400.00', '0.00', '0.00'),
(368, 1, '2026-03-26', '165000.00', '142500.00', '142500.00', '142500.00', '142500.00', '142500.00', '142500.00', '0.00', '0.00', '0.00', '0.00', '0.00', '0.00', '0.00', '142500.00', '142500.00', '0.00', '0.00'),
(369, 1, '2026-03-30', '44050.00', '43100.00', '43150.00', '43125.00', '43150.00', '43125.00', '43150.00', '0.00', '0.00', '0.00', '0.00', '0.00', '0.00', '0.00', '43125.00', '43125.00', '0.00', '0.00'),
(370, 1, '2026-04-01', '24000.00', '18000.00', '19000.00', '18500.00', '19000.00', '18500.00', '19000.00', '0.00', '0.00', '0.00', '0.00', '0.00', '0.00', '0.00', '18500.00', '18500.00', '0.00', '0.00'),
(371, 1, '2026-04-05', '73400.00', '60480.00', '60480.00', '60480.00', '60480.00', '60480.00', '60480.00', '0.00', '0.00', '0.00', '0.00', '0.00', '0.00', '0.00', '60480.00', '60480.00', '0.00', '0.00'),
(374, 1, '2026-04-07', '6500.00', '4250.00', '4250.00', '4250.00', '4250.00', '4250.00', '4250.00', '0.00', '0.00', '0.00', '0.00', '0.00', '0.00', '0.00', '4250.00', '4250.00', '0.00', '0.00'),
(375, 1, '2026-04-11', '4350.00', '3900.00', '3900.00', '3900.00', '3900.00', '3900.00', '3900.00', '0.00', '0.00', '0.00', '0.00', '0.00', '0.00', '0.00', '3900.00', '3900.00', '0.00', '0.00'),
(376, 1, '2026-04-12', '179650.00', '153950.00', '153950.00', '153950.00', '153950.00', '153950.00', '153950.00', '0.00', '0.00', '0.00', '0.00', '0.00', '0.00', '0.00', '153950.00', '153950.00', '0.00', '0.00'),
(377, 1, '2026-04-14', '375000.00', '285000.00', '285000.00', '285000.00', '285000.00', '285000.00', '285000.00', '0.00', '0.00', '0.00', '0.00', '0.00', '0.00', '0.00', '285000.00', '285000.00', '0.00', '0.00'),
(378, 1, '2026-04-15', '10000.00', '8300.00', '8300.00', '8300.00', '8300.00', '8300.00', '8300.00', '0.00', '0.00', '0.00', '0.00', '0.00', '0.00', '0.00', '8300.00', '8300.00', '0.00', '0.00'),
(379, 1, '2026-04-16', '215765.00', '178450.00', '178450.00', '178450.00', '178450.00', '178450.00', '178450.00', '0.00', '0.00', '0.00', '0.00', '0.00', '0.00', '0.00', '178450.00', '178450.00', '0.00', '0.00'),
(389, 1, '2026-04-17', '8500.00', '4400.00', '4400.00', '4400.00', '4400.00', '4400.00', '4400.00', '0.00', '0.00', '0.00', '0.00', '0.00', '0.00', '0.00', '4400.00', '4400.00', '0.00', '0.00'),
(393, 1, '2026-04-19', '270000.00', '228650.00', '228650.00', '228650.00', '228650.00', '228650.00', '228650.00', '5300.00', '4480.00', '4480.00', '4480.00', '4480.00', '4480.00', '4480.00', '228650.00', '228650.00', '4480.00', '4480.00'),
(394, 1, '2026-04-23', '23700.00', '20400.00', '20400.00', '20400.00', '20400.00', '20400.00', '20400.00', '0.00', '0.00', '0.00', '0.00', '0.00', '0.00', '0.00', '20400.00', '20400.00', '0.00', '0.00'),
(395, 1, '2026-04-24', '34800.00', '28680.00', '28680.00', '28680.00', '28680.00', '28680.00', '28680.00', '0.00', '0.00', '0.00', '0.00', '0.00', '0.00', '0.00', '28680.00', '28680.00', '0.00', '0.00'),
(396, 1, '2026-04-26', '177600.00', '139520.00', '139520.00', '139520.00', '139520.00', '139520.00', '139520.00', '0.00', '0.00', '0.00', '0.00', '0.00', '0.00', '0.00', '139520.00', '139520.00', '0.00', '0.00'),
(400, 1, '2026-04-27', '33600.00', '29600.00', '29600.00', '29600.00', '29600.00', '29600.00', '29600.00', '0.00', '0.00', '0.00', '0.00', '0.00', '0.00', '0.00', '29600.00', '29600.00', '0.00', '0.00'),
(401, 1, '2026-04-28', '146500.00', '104210.00', '104210.00', '104210.00', '104210.00', '104210.00', '104210.00', '0.00', '0.00', '0.00', '0.00', '0.00', '0.00', '0.00', '104210.00', '104210.00', '0.00', '0.00'),
(402, 1, '2026-04-29', '5900.00', '4660.00', '4660.00', '4660.00', '4660.00', '4660.00', '4660.00', '0.00', '0.00', '0.00', '0.00', '0.00', '0.00', '0.00', '4660.00', '4660.00', '0.00', '0.00'),
(403, 1, '2026-05-04', '10400.00', '8800.00', '8800.00', '8800.00', '8800.00', '8800.00', '8800.00', '0.00', '0.00', '0.00', '0.00', '0.00', '0.00', '0.00', '8800.00', '8800.00', '0.00', '0.00'),
(404, 1, '2026-05-05', '31200.00', '26400.00', '26400.00', '26400.00', '26400.00', '26400.00', '26400.00', '0.00', '0.00', '0.00', '0.00', '0.00', '0.00', '0.00', '26400.00', '26400.00', '0.00', '0.00'),
(405, 1, '2026-05-06', '27550.00', '18020.00', '18020.00', '18020.00', '18020.00', '18020.00', '18020.00', '0.00', '0.00', '0.00', '0.00', '0.00', '0.00', '0.00', '18020.00', '18020.00', '0.00', '0.00'),
(410, 1, '2026-05-09', '47150.00', '35850.00', '36200.00', '36025.00', '36200.00', '36025.00', '36200.00', '2800.00', '2000.00', '2000.00', '2000.00', '2000.00', '2000.00', '2000.00', '36025.00', '36025.00', '2000.00', '2000.00'),
(414, 1, '2026-05-12', '341981.18', '278820.00', '278820.00', '278820.00', '278820.00', '278820.00', '278820.00', '0.00', '0.00', '0.00', '0.00', '0.00', '0.00', '0.00', '278820.00', '278820.00', '0.00', '0.00'),
(429, 1, '2026-05-13', '39500.00', '34800.00', '34800.00', '34800.00', '34800.00', '34800.00', '34800.00', '0.00', '0.00', '0.00', '0.00', '0.00', '0.00', '0.00', '34800.00', '34800.00', '0.00', '0.00'),
(430, 1, '2026-05-14', '40300.00', '31400.00', '31400.00', '31400.00', '31400.00', '31400.00', '31400.00', '0.00', '0.00', '0.00', '0.00', '0.00', '0.00', '0.00', '31400.00', '31400.00', '0.00', '0.00'),
(436, 1, '2026-05-18', '114450.00', '79250.00', '79250.00', '79250.00', '79250.00', '79250.00', '79250.00', '0.00', '0.00', '0.00', '0.00', '0.00', '0.00', '0.00', '79250.00', '79250.00', '0.00', '0.00'),
(437, 1, '2026-05-19', '136750.00', '107260.00', '107260.00', '107260.00', '107260.00', '107260.00', '107260.00', '0.00', '0.00', '0.00', '0.00', '0.00', '0.00', '0.00', '107260.00', '107260.00', '0.00', '0.00'),
(444, 1, '2026-05-20', '439900.00', '375600.00', '375600.00', '375600.00', '375600.00', '375600.00', '375600.00', '0.00', '0.00', '0.00', '0.00', '0.00', '0.00', '0.00', '375600.00', '375600.00', '0.00', '0.00'),
(454, 1, '2026-05-21', '480450.00', '400000.00', '400000.00', '400000.00', '400000.00', '400000.00', '400000.00', '4800.00', '4300.00', '4300.00', '4300.00', '4300.00', '4300.00', '4300.00', '400000.00', '400000.00', '4300.00', '4300.00'),
(466, 1, '2026-05-23', '46300.00', '39600.00', '39600.00', '39600.00', '39600.00', '39600.00', '39600.00', '0.00', '0.00', '0.00', '0.00', '0.00', '0.00', '0.00', '39600.00', '39600.00', '0.00', '0.00'),
(470, 1, '2026-05-24', '262000.00', '216100.00', '216100.00', '216100.00', '216100.00', '216100.00', '216100.00', '0.00', '0.00', '0.00', '0.00', '0.00', '0.00', '0.00', '216100.00', '216100.00', '0.00', '0.00'),
(476, 1, '2026-05-25', '5350.00', '4650.00', '4650.00', '4650.00', '4650.00', '4650.00', '4650.00', '0.00', '0.00', '0.00', '0.00', '0.00', '0.00', '0.00', '4650.00', '4650.00', '0.00', '0.00'),
(477, 1, '2026-05-30', '11150.00', '14450.00', '14450.00', '14450.00', '14450.00', '14450.00', '14450.00', '0.00', '0.00', '0.00', '0.00', '0.00', '0.00', '0.00', '14450.00', '14450.00', '0.00', '0.00'),
(482, 1, '2026-05-31', '173500.00', '142500.00', '142500.00', '142500.00', '142500.00', '142500.00', '142500.00', '0.00', '0.00', '0.00', '0.00', '0.00', '0.00', '0.00', '142500.00', '142500.00', '0.00', '0.00'),
(494, 1, '2026-06-01', '29000.00', '27700.00', '27700.00', '27700.00', '27700.00', '27700.00', '27700.00', '0.00', '0.00', '0.00', '0.00', '0.00', '0.00', '0.00', '27700.00', '27700.00', '0.00', '0.00'),
(496, 1, '2026-06-04', '238000.00', '196950.00', '197050.00', '197000.00', '197050.00', '197000.00', '197050.00', '0.00', '0.00', '0.00', '0.00', '0.00', '0.00', '0.00', '197000.00', '197000.00', '0.00', '0.00'),
(497, 1, '2026-06-05', '76550.00', '66250.00', '66250.00', '66250.00', '66250.00', '66250.00', '66250.00', '0.00', '0.00', '0.00', '0.00', '0.00', '0.00', '0.00', '66250.00', '66250.00', '0.00', '0.00'),
(498, 1, '2026-06-06', '98100.00', '84050.00', '84050.00', '84050.00', '84050.00', '84050.00', '84050.00', '4600.00', '3900.00', '3900.00', '3900.00', '3900.00', '3900.00', '3900.00', '84050.00', '84050.00', '3900.00', '3900.00'),
(507, 1, '2026-06-07', '96400.00', '77100.00', '77100.00', '77100.00', '77100.00', '77100.00', '77100.00', '0.00', '0.00', '0.00', '0.00', '0.00', '0.00', '0.00', '77100.00', '77100.00', '0.00', '0.00'),
(512, 1, '2026-06-08', '172500.00', '129000.00', '129000.00', '129000.00', '129000.00', '129000.00', '129000.00', '0.00', '0.00', '0.00', '0.00', '0.00', '0.00', '0.00', '129000.00', '129000.00', '0.00', '0.00'),
(513, 1, '2026-06-09', '164550.00', '117800.00', '117800.00', '117800.00', '117800.00', '117800.00', '117800.00', '0.00', '0.00', '0.00', '0.00', '0.00', '0.00', '0.00', '117800.00', '117800.00', '0.00', '0.00'),
(514, 1, '2026-06-10', '49600.00', '39500.00', '39500.00', '39500.00', '39500.00', '39500.00', '39500.00', '0.00', '0.00', '0.00', '0.00', '0.00', '0.00', '0.00', '39500.00', '39500.00', '0.00', '0.00'),
(515, 1, '2026-06-11', '0.00', '0.00', '0.00', '0.00', '0.00', '0.00', '0.00', '5200.00', '4400.00', '4400.00', '4400.00', '4400.00', '4400.00', '4400.00', '0.00', '0.00', '4400.00', '4400.00'),
(516, 1, '2026-06-13', '69400.00', '58300.00', '58300.00', '58300.00', '58300.00', '58300.00', '58300.00', '0.00', '0.00', '0.00', '0.00', '0.00', '0.00', '0.00', '58300.00', '58300.00', '0.00', '0.00'),
(517, 1, '2026-06-16', '0.00', '0.00', '0.00', '0.00', '0.00', '0.00', '0.00', '3050.00', '2650.00', '2650.00', '2650.00', '2650.00', '2650.00', '2650.00', '0.00', '0.00', '2650.00', '2650.00'),
(518, 1, '2026-06-17', '277000.00', '246000.00', '246000.00', '246000.00', '246000.00', '246000.00', '245998.00', '0.00', '0.00', '0.00', '0.00', '0.00', '0.00', '0.00', '246000.00', '246000.00', '0.00', '0.00'),
(519, 1, '2026-06-20', '278100.00', '235950.00', '235950.00', '235950.00', '235950.00', '235950.00', '235950.00', '0.00', '0.00', '0.00', '0.00', '0.00', '0.00', '0.00', '235950.00', '235950.00', '0.00', '0.00'),
(520, 1, '2026-06-21', '148500.00', '127500.00', '127500.00', '127500.00', '127500.00', '127500.00', '127500.00', '0.00', '0.00', '0.00', '0.00', '0.00', '0.00', '0.00', '127500.00', '127500.00', '0.00', '0.00');

-- --------------------------------------------------------

--
-- Table structure for table `religions`
--

CREATE TABLE IF NOT EXISTS `religions` (
  `id` int(11) NOT NULL AUTO_INCREMENT,
  `name` text NOT NULL,
  PRIMARY KEY (`id`)
) ENGINE=InnoDB DEFAULT CHARSET=latin1 AUTO_INCREMENT=1 ;

-- --------------------------------------------------------

--
-- Table structure for table `relusergroupproperties`
--

CREATE TABLE IF NOT EXISTS `relusergroupproperties` (
  `relusergrouppropertiesid` int(11) NOT NULL AUTO_INCREMENT,
  `usergroupid` int(11) NOT NULL,
  `propertyid` int(11) NOT NULL,
  `propertyvalue` int(11) NOT NULL DEFAULT '0',
  `theorder` int(11) NOT NULL DEFAULT '0',
  PRIMARY KEY (`relusergrouppropertiesid`),
  UNIQUE KEY `usergroupid_2` (`usergroupid`,`propertyid`),
  KEY `usergroupid` (`usergroupid`,`propertyid`),
  KEY `propertyid` (`propertyid`)
) ENGINE=InnoDB  DEFAULT CHARSET=utf8 AUTO_INCREMENT=3142 ;

--
-- Dumping data for table `relusergroupproperties`
--

INSERT INTO `relusergroupproperties` (`relusergrouppropertiesid`, `usergroupid`, `propertyid`, `propertyvalue`, `theorder`) VALUES
(1, 1, 1, 0, 0),
(2, 1, 2, 0, 0),
(3, 1, 3, 1, 0),
(4, 1, 4, 0, 0),
(5, 1, 5, 0, 0),
(6, 1, 6, 0, 0),
(7, 1, 7, 0, 0),
(8, 1, 8, 0, 0),
(9, 1, 9, 0, 0),
(10, 1, 10, 0, 0),
(11, 1, 11, 0, 0),
(12, 1, 12, 0, 0),
(13, 1, 13, 0, 0),
(14, 1, 14, 0, 0),
(15, 1, 15, 0, 0),
(16, 1, 16, 0, 0),
(17, 1, 17, 0, 0),
(18, 1, 18, 0, 0),
(19, 1, 19, 0, 0),
(20, 1, 23, 0, 0),
(21, 1, 24, 0, 0),
(22, 1, 25, 0, 0),
(23, 1, 26, 0, 0),
(24, 1, 27, 0, 0),
(25, 1, 28, 1, 0),
(26, 1, 29, 1, 0),
(27, 1, 30, 1, 0),
(28, 1, 31, 0, 0),
(29, 1, 32, 0, 0),
(30, 1, 33, 0, 0),
(31, 1, 34, 0, 0),
(32, 1, 35, 0, 0),
(33, 1, 36, 0, 0),
(34, 1, 37, 0, 0),
(35, 1, 38, 0, 0),
(36, 1, 39, 0, 0),
(37, 1, 40, 0, 0),
(38, 1, 41, 0, 0),
(39, 1, 42, 0, 0),
(40, 1, 43, 0, 0),
(41, 1, 44, 0, 0),
(42, 1, 45, 0, 0),
(43, 1, 46, 0, 0),
(44, 1, 47, 1, 0),
(45, 1, 48, 1, 0),
(46, 1, 49, 0, 0),
(47, 1, 50, 0, 0),
(48, 1, 51, 0, 0),
(49, 1, 52, 0, 0),
(50, 1, 53, 0, 0),
(51, 1, 54, 0, 0),
(52, 1, 55, 0, 0),
(53, 1, 56, 0, 0),
(54, 1, 57, 0, 0),
(55, 1, 58, 0, 0),
(56, 1, 59, 0, 0),
(57, 1, 60, 0, 0),
(58, 1, 61, 0, 0),
(59, 1, 62, 0, 0),
(60, 1, 63, 0, 0),
(61, 1, 64, 0, 0),
(62, 1, 65, 0, 0),
(63, 1, 66, 0, 0),
(64, 1, 67, 0, 0),
(65, 1, 68, 0, 0),
(66, 1, 69, 0, 0),
(67, 1, 70, 0, 0),
(68, 1, 71, 0, 0),
(69, 1, 72, 0, 0),
(70, 1, 73, 0, 0),
(71, 1, 75, 0, 0),
(72, 1, 76, 0, 0),
(73, 1, 77, 0, 0),
(74, 1, 78, 0, 0),
(75, 1, 79, 0, 0),
(76, 1, 80, 0, 0),
(77, 1, 81, 0, 0),
(78, 1, 82, 0, 0),
(79, 1, 83, 0, 0),
(80, 1, 84, 0, 0),
(81, 1, 85, 0, 0),
(82, 1, 87, 0, 0),
(83, 1, 89, 0, 0),
(84, 1, 90, 0, 0),
(85, 1, 91, 0, 0),
(86, 1, 92, 0, 0),
(259, 1, 93, 0, 0),
(262, 1, 94, 1, 0),
(265, 1, 95, 1, 0),
(268, 1, 96, 1, 0),
(271, 1, 97, 0, 0),
(274, 1, 98, 0, 0),
(277, 1, 99, 0, 0),
(280, 1, 100, 0, 0),
(283, 1, 104, 0, 0),
(286, 1, 105, 0, 0),
(289, 1, 106, 0, 0),
(292, 1, 107, 0, 0),
(295, 1, 109, 0, 0),
(298, 1, 110, 0, 0),
(301, 1, 111, 0, 0),
(304, 1, 112, 0, 0),
(307, 1, 113, 0, 0),
(310, 1, 114, 1, 0),
(313, 1, 115, 0, 0),
(316, 1, 116, 0, 0),
(319, 1, 117, 0, 0),
(322, 1, 118, 0, 0),
(325, 1, 119, 0, 0),
(328, 1, 120, 1, 0),
(331, 1, 121, 0, 0),
(334, 1, 122, 0, 0),
(337, 1, 123, 0, 0),
(340, 1, 124, 0, 0),
(343, 1, 125, 0, 0),
(346, 1, 126, 1, 0),
(349, 1, 127, 1, 0),
(352, 1, 128, 1, 0),
(355, 1, 129, 1, 0),
(358, 1, 130, 1, 0),
(361, 1, 131, 1, 0),
(364, 1, 133, 0, 0),
(367, 1, 134, 0, 0),
(370, 1, 135, 0, 0),
(373, 1, 136, 0, 0),
(376, 1, 137, 0, 0),
(379, 1, 138, 0, 0),
(382, 1, 139, 0, 0),
(385, 1, 140, 0, 0),
(388, 1, 141, 0, 0),
(391, 1, 142, 0, 0),
(394, 1, 143, 0, 0),
(397, 1, 144, 0, 0),
(400, 1, 145, 0, 0),
(403, 1, 146, 0, 0),
(406, 1, 147, 0, 0),
(409, 1, 148, 0, 0),
(412, 1, 149, 1, 0),
(415, 1, 150, 1, 0),
(418, 1, 151, 1, 0),
(421, 1, 152, 1, 0),
(424, 1, 153, 1, 0),
(427, 1, 154, 1, 0),
(430, 1, 155, 1, 0),
(433, 1, 156, 1, 0),
(436, 1, 157, 1, 0),
(439, 1, 158, 1, 0),
(442, 1, 159, 1, 0),
(445, 1, 160, 1, 0),
(448, 1, 161, 1, 0),
(451, 1, 162, 1, 0),
(454, 1, 163, 1, 0),
(457, 1, 164, 1, 0),
(460, 1, 165, 1, 0),
(463, 1, 166, 1, 0),
(466, 1, 167, 0, 0),
(469, 1, 168, 0, 0),
(472, 1, 169, 0, 0),
(475, 1, 170, 0, 0),
(478, 1, 171, 0, 0),
(481, 1, 172, 0, 0),
(484, 1, 173, 1, 0),
(487, 1, 174, 1, 0),
(490, 1, 175, 1, 0),
(493, 1, 176, 1, 0),
(496, 1, 177, 1, 0),
(499, 1, 178, 1, 0),
(502, 1, 179, 1, 0),
(505, 1, 180, 1, 0),
(508, 1, 181, 1, 0),
(511, 1, 182, 1, 0),
(514, 1, 183, 1, 0),
(517, 1, 184, 0, 0),
(520, 1, 185, 0, 0),
(523, 1, 186, 0, 0),
(526, 1, 187, 1, 0),
(529, 1, 188, 1, 0),
(532, 1, 189, 1, 0),
(535, 1, 190, 1, 0),
(538, 1, 191, 1, 0),
(541, 1, 192, 1, 0),
(544, 1, 193, 1, 0),
(547, 1, 194, 1, 0),
(550, 1, 195, 1, 0),
(553, 1, 196, 1, 0),
(556, 1, 197, 1, 0),
(559, 1, 198, 1, 0),
(562, 1, 199, 1, 0),
(565, 1, 200, 1, 0),
(568, 1, 201, 0, 0),
(571, 1, 202, 0, 0),
(574, 1, 203, 0, 0),
(577, 1, 204, 0, 0),
(580, 1, 205, 1, 0),
(583, 1, 206, 0, 0),
(586, 1, 207, 0, 0),
(589, 1, 208, 0, 0),
(592, 1, 209, 1, 0),
(595, 1, 210, 1, 0),
(598, 1, 211, 1, 0),
(601, 1, 212, 1, 0),
(604, 1, 213, 1, 0),
(607, 1, 214, 1, 0),
(610, 1, 215, 1, 0),
(613, 1, 216, 1, 0),
(616, 1, 217, 1, 0),
(619, 1, 218, 1, 0),
(622, 1, 219, 1, 0),
(625, 1, 220, 1, 0),
(628, 1, 221, 1, 0),
(631, 1, 223, 1, 0),
(634, 1, 224, 0, 0),
(637, 1, 227, 1, 0),
(640, 1, 228, 1, 0),
(643, 1, 231, 1, 0),
(646, 1, 232, 0, 0),
(649, 1, 233, 0, 0),
(652, 1, 234, 1, 0),
(655, 1, 235, 0, 0),
(658, 1, 243, 0, 0),
(661, 1, 244, 1, 0),
(664, 1, 249, 0, 0),
(667, 1, 250, 0, 0),
(670, 1, 74, 0, 0),
(673, 1, 252, 0, 0),
(676, 1, 253, 0, 0),
(679, 1, 254, 0, 0),
(682, 1, 255, 0, 0),
(685, 1, 256, 0, 0),
(688, 1, 257, 0, 0),
(691, 1, 258, 0, 0),
(694, 1, 259, 0, 0),
(697, 1, 260, 0, 0),
(700, 1, 261, 0, 0),
(703, 1, 262, 0, 0),
(706, 1, 263, 0, 0),
(709, 1, 264, 1, 0),
(712, 1, 265, 0, 0),
(715, 1, 266, 1, 0),
(718, 1, 267, 1, 0),
(721, 1, 268, 0, 0),
(724, 1, 269, 0, 0),
(727, 1, 270, 0, 0),
(730, 1, 274, 0, 0),
(731, 1, 275, 0, 0),
(732, 1, 278, 0, 0),
(733, 1, 279, 0, 0),
(734, 1, 280, 0, 0),
(735, 1, 281, 0, 0),
(736, 1, 282, 0, 0),
(737, 1, 283, 0, 0),
(738, 1, 284, 0, 0),
(739, 1, 285, 0, 0),
(740, 1, 286, 0, 0),
(741, 1, 287, 0, 0),
(742, 1, 288, 0, 0),
(743, 1, 289, 0, 0),
(744, 1, 290, 0, 0),
(745, 1, 291, 0, 0),
(746, 1, 292, 0, 0),
(747, 1, 293, 1, 0),
(748, 1, 294, 1, 0),
(749, 1, 295, 1, 0),
(750, 1, 296, 1, 0),
(751, 1, 297, 0, 0),
(752, 1, 298, 0, 0),
(753, 1, 299, 1, 0),
(754, 1, 300, 0, 0),
(755, 1, 301, 0, 0),
(808, 1, 302, 0, 0),
(811, 1, 303, 1, 0),
(812, 1, 304, 1, 0),
(813, 1, 305, 0, 0),
(814, 1, 307, 1, 0),
(815, 1, 308, 1, 0),
(816, 1, 309, 1, 0),
(817, 1, 310, 1, 0),
(818, 1, 311, 1, 0),
(819, 1, 312, 1, 0),
(820, 1, 313, 1, 0),
(821, 1, 314, 1, 0),
(822, 1, 315, 1, 0),
(823, 1, 316, 0, 0),
(824, 1, 317, 1, 0),
(825, 1, 318, 1, 0),
(826, 1, 319, 1, 0),
(827, 1, 320, 1, 0),
(828, 1, 321, 1, 0),
(829, 1, 322, 1, 0),
(830, 1, 323, 1, 0),
(831, 1, 324, 1, 0),
(832, 1, 325, 1, 0),
(833, 1, 326, 0, 0),
(834, 1, 327, 0, 0),
(835, 1, 328, 0, 0),
(836, 1, 329, 0, 0),
(837, 1, 330, 0, 0),
(838, 1, 331, 0, 0),
(839, 1, 332, 0, 0),
(840, 1, 333, 0, 0),
(841, 1, 334, 0, 0),
(842, 1, 335, 0, 0),
(843, 1, 336, 0, 0),
(844, 1, 337, 0, 0),
(845, 1, 338, 0, 0),
(846, 1, 339, 0, 0),
(847, 1, 340, 0, 0),
(848, 1, 341, 0, 0),
(849, 1, 342, 0, 0),
(850, 1, 343, 0, 0),
(851, 1, 344, 0, 0),
(852, 1, 345, 0, 0),
(853, 1, 346, 0, 0),
(854, 1, 347, 0, 0),
(855, 1, 348, 0, 0),
(856, 1, 349, 0, 0),
(857, 1, 350, 0, 0),
(858, 1, 351, 0, 0),
(859, 1, 352, 0, 0),
(860, 1, 353, 0, 0),
(861, 1, 354, 0, 0),
(862, 1, 355, 0, 0),
(863, 1, 356, 0, 0),
(864, 1, 357, 0, 0),
(865, 1, 358, 0, 0),
(866, 1, 359, 0, 0),
(867, 1, 360, 0, 0),
(868, 1, 361, 0, 0),
(869, 1, 362, 0, 0),
(870, 1, 363, 0, 0),
(871, 1, 364, 0, 0),
(872, 1, 365, 0, 0),
(873, 1, 366, 0, 0),
(874, 1, 367, 0, 0),
(875, 1, 368, 0, 0),
(876, 1, 369, 0, 0),
(877, 1, 370, 0, 0),
(878, 1, 371, 0, 0),
(879, 1, 372, 0, 0),
(880, 1, 373, 0, 0),
(881, 1, 374, 0, 0),
(882, 1, 375, 0, 0),
(883, 1, 376, 0, 0),
(884, 1, 377, 0, 0),
(885, 1, 378, 0, 0),
(886, 1, 379, 0, 0),
(887, 1, 380, 0, 0),
(888, 1, 381, 0, 0),
(889, 1, 382, 0, 0),
(890, 1, 383, 0, 0),
(891, 1, 384, 0, 0),
(892, 1, 385, 0, 0),
(893, 1, 386, 0, 0),
(894, 1, 387, 0, 0),
(895, 1, 388, 0, 0),
(896, 1, 389, 0, 0),
(897, 1, 390, 0, 0),
(898, 1, 391, 0, 0),
(899, 1, 392, 0, 0),
(900, 1, 393, 0, 0),
(901, 1, 394, 0, 0),
(902, 1, 395, 0, 0),
(903, 1, 396, 0, 0),
(904, 1, 397, 0, 0),
(905, 1, 398, 0, 0),
(906, 1, 399, 0, 0),
(907, 1, 400, 0, 0),
(908, 1, 401, 1, 0),
(909, 1, 402, 1, 0),
(910, 1, 403, 1, 0),
(911, 1, 404, 0, 0),
(912, 1, 405, 1, 0),
(913, 1, 406, 1, 0),
(914, 1, 407, 1, 0),
(915, 1, 408, 1, 0),
(916, 1, 409, 1, 0),
(917, 1, 410, 1, 0),
(918, 1, 411, 1, 0),
(919, 1, 412, 0, 0),
(920, 1, 413, 0, 0),
(921, 1, 414, 0, 0),
(922, 1, 417, 0, 0),
(923, 1, 418, 0, 0),
(924, 1, 419, 0, 0),
(925, 1, 420, 0, 0),
(1511, 1, 450, 1, 0),
(1515, 1, 421, 0, 0),
(1516, 1, 422, 0, 0),
(1517, 1, 423, 0, 0),
(1518, 1, 424, 0, 0),
(1519, 1, 425, 0, 0),
(1520, 1, 426, 0, 0),
(1521, 1, 427, 0, 0),
(1522, 1, 428, 0, 0),
(1523, 1, 429, 0, 0),
(1524, 1, 430, 0, 0),
(1525, 1, 431, 0, 0),
(1526, 1, 432, 0, 0),
(1527, 1, 433, 0, 0),
(1528, 1, 434, 0, 0),
(1529, 1, 436, 1, 0),
(1530, 1, 437, 0, 0),
(1531, 1, 438, 0, 0),
(1532, 1, 439, 1, 0),
(1533, 1, 440, 0, 0),
(1534, 1, 441, 0, 0),
(1535, 1, 442, 1, 0),
(1536, 1, 443, 0, 0),
(1537, 1, 444, 0, 0),
(1538, 1, 445, 0, 0),
(1539, 1, 446, 0, 0),
(1540, 1, 447, 0, 0),
(1541, 1, 448, 0, 0),
(1542, 1, 449, 1, 0),
(1543, 1, 451, 0, 0),
(1544, 1, 452, 0, 0),
(1545, 1, 453, 0, 0),
(1546, 1, 454, 0, 0),
(1547, 1, 455, 0, 0),
(1548, 1, 456, 0, 0),
(1549, 1, 457, 0, 0),
(1550, 1, 458, 0, 0),
(1551, 1, 459, 0, 0),
(1552, 1, 460, 0, 0),
(1553, 1, 461, 1, 0),
(1554, 1, 462, 1, 0),
(1555, 1, 463, 0, 0),
(1679, -1, 1, 0, 0),
(1680, -1, 2, 0, 0),
(1681, -1, 3, 0, 0),
(1682, -1, 4, 0, 0),
(1683, -1, 5, 0, 0),
(1684, -1, 6, 0, 0),
(1685, -1, 7, 0, 0),
(1686, -1, 8, 0, 0),
(1687, -1, 9, 0, 0),
(1688, -1, 10, 0, 0),
(1689, -1, 11, 0, 0),
(1690, -1, 12, 0, 0),
(1691, -1, 13, 0, 0),
(1692, -1, 14, 0, 0),
(1693, -1, 15, 0, 0),
(1694, -1, 16, 0, 0),
(1695, -1, 17, 0, 0),
(1696, -1, 18, 0, 0),
(1697, -1, 19, 0, 0),
(1698, -1, 23, 0, 0),
(1699, -1, 24, 0, 0),
(1700, -1, 25, 0, 0),
(1701, -1, 26, 0, 0),
(1702, -1, 27, 0, 0),
(1703, -1, 28, 0, 0),
(1704, -1, 29, 0, 0),
(1705, -1, 30, 0, 0),
(1706, -1, 31, 0, 0),
(1707, -1, 32, 0, 0),
(1708, -1, 33, 0, 0),
(1709, -1, 34, 0, 0),
(1710, -1, 35, 0, 0),
(1711, -1, 36, 0, 0),
(1712, -1, 37, 0, 0),
(1713, -1, 38, 0, 0),
(1714, -1, 39, 0, 0),
(1715, -1, 40, 0, 0),
(1716, -1, 41, 0, 0),
(1717, -1, 42, 0, 0),
(1718, -1, 43, 0, 0),
(1719, -1, 44, 0, 0),
(1720, -1, 45, 0, 0),
(1721, -1, 46, 0, 0),
(1722, -1, 47, 0, 0),
(1723, -1, 48, 0, 0),
(1724, -1, 49, 0, 0),
(1725, -1, 50, 0, 0),
(1726, -1, 51, 0, 0),
(1727, -1, 52, 0, 0),
(1728, -1, 53, 0, 0),
(1729, -1, 54, 0, 0),
(1730, -1, 55, 0, 0),
(1731, -1, 56, 0, 0),
(1732, -1, 57, 0, 0),
(1733, -1, 58, 0, 0),
(1734, -1, 59, 0, 0),
(1735, -1, 60, 0, 0),
(1736, -1, 61, 0, 0),
(1737, -1, 62, 0, 0),
(1738, -1, 63, 0, 0),
(1739, -1, 64, 0, 0),
(1740, -1, 65, 0, 0),
(1741, -1, 66, 0, 0),
(1742, -1, 67, 0, 0),
(1743, -1, 68, 0, 0),
(1744, -1, 69, 0, 0),
(1745, -1, 70, 0, 0),
(1746, -1, 71, 0, 0),
(1747, -1, 72, 0, 0),
(1748, -1, 73, 0, 0),
(1749, -1, 74, 0, 0),
(1750, -1, 75, 0, 0),
(1751, -1, 76, 0, 0),
(1752, -1, 77, 0, 0),
(1753, -1, 78, 0, 0),
(1754, -1, 79, 0, 0),
(1755, -1, 80, 0, 0),
(1756, -1, 82, 0, 0),
(1757, -1, 83, 0, 0),
(1758, -1, 84, 0, 0),
(1759, -1, 85, 0, 0),
(1760, -1, 87, 0, 0),
(1761, -1, 89, 0, 0),
(1762, -1, 90, 0, 0),
(1763, -1, 91, 0, 0),
(1764, -1, 92, 0, 0),
(1765, -1, 93, 0, 0),
(1766, -1, 96, 0, 0),
(1767, -1, 97, 0, 0),
(1768, -1, 98, 0, 0),
(1769, -1, 99, 0, 0),
(1770, -1, 100, 0, 0),
(1771, -1, 105, 0, 0),
(1772, -1, 123, 0, 0),
(1773, -1, 124, 0, 0),
(1774, -1, 125, 0, 0),
(1775, -1, 126, 0, 0),
(1776, -1, 127, 0, 0),
(1777, -1, 128, 0, 0),
(1778, -1, 129, 0, 0),
(1779, -1, 130, 0, 0),
(1780, -1, 131, 0, 0),
(1781, -1, 133, 0, 0),
(1782, -1, 134, 0, 0),
(1783, -1, 135, 0, 0),
(1784, -1, 136, 0, 0),
(1785, -1, 137, 0, 0),
(1786, -1, 138, 0, 0),
(1787, -1, 139, 0, 0),
(1788, -1, 140, 0, 0),
(1789, -1, 141, 0, 0),
(1790, -1, 142, 0, 0),
(1791, -1, 143, 0, 0),
(1792, -1, 144, 0, 0),
(1793, -1, 145, 0, 0),
(1794, -1, 146, 0, 0),
(1795, -1, 147, 0, 0),
(1796, -1, 148, 0, 0),
(1797, -1, 149, 0, 0),
(1798, -1, 150, 0, 0),
(1799, -1, 151, 0, 0),
(1800, -1, 152, 0, 0),
(1801, -1, 153, 0, 0),
(1802, -1, 154, 0, 0),
(1803, -1, 155, 0, 0),
(1804, -1, 156, 0, 0),
(1805, -1, 157, 0, 0),
(1806, -1, 158, 0, 0),
(1807, -1, 159, 0, 0),
(1808, -1, 160, 0, 0),
(1809, -1, 161, 0, 0),
(1810, -1, 162, 0, 0),
(1811, -1, 163, 0, 0),
(1812, -1, 164, 0, 0),
(1813, -1, 165, 0, 0),
(1814, -1, 166, 0, 0),
(1815, -1, 167, 0, 0),
(1816, -1, 168, 0, 0),
(1817, -1, 169, 0, 0),
(1818, -1, 170, 0, 0),
(1819, -1, 171, 0, 0),
(1820, -1, 172, 0, 0),
(1821, -1, 173, 0, 0),
(1822, -1, 174, 0, 0),
(1823, -1, 175, 0, 0),
(1824, -1, 176, 0, 0),
(1825, -1, 177, 0, 0),
(1826, -1, 178, 0, 0),
(1827, -1, 179, 0, 0),
(1828, -1, 180, 0, 0),
(1829, -1, 181, 0, 0),
(1830, -1, 182, 0, 0),
(1831, -1, 183, 0, 0),
(1832, -1, 187, 0, 0),
(1833, -1, 188, 0, 0),
(1834, -1, 189, 0, 0),
(1835, -1, 190, 0, 0),
(1836, -1, 191, 0, 0),
(1837, -1, 192, 0, 0),
(1838, -1, 193, 0, 0),
(1839, -1, 194, 0, 0),
(1840, -1, 195, 0, 0),
(1841, -1, 196, 0, 0),
(1842, -1, 197, 0, 0),
(1843, -1, 198, 0, 0),
(1844, -1, 199, 0, 0),
(1845, -1, 200, 0, 0),
(1846, -1, 201, 0, 0),
(1847, -1, 202, 0, 0),
(1848, -1, 203, 0, 0),
(1849, -1, 205, 0, 0),
(1850, -1, 206, 0, 0),
(1851, -1, 207, 0, 0),
(1852, -1, 208, 0, 0),
(1853, -1, 209, 0, 0),
(1854, -1, 210, 0, 0),
(1855, -1, 211, 0, 0),
(1856, -1, 212, 0, 0),
(1857, -1, 213, 0, 0),
(1858, -1, 214, 0, 0),
(1859, -1, 215, 0, 0),
(1860, -1, 216, 0, 0),
(1861, -1, 217, 0, 0),
(1862, -1, 218, 0, 0),
(1863, -1, 219, 0, 0),
(1864, -1, 220, 0, 0),
(1865, -1, 221, 0, 0),
(1866, -1, 227, 0, 0),
(1867, -1, 228, 0, 0),
(1868, -1, 231, 0, 0),
(1869, -1, 232, 0, 0),
(1870, -1, 233, 0, 0),
(1871, -1, 234, 0, 0),
(1872, -1, 235, 0, 0),
(1873, -1, 243, 0, 0),
(1874, -1, 244, 0, 0),
(1875, -1, 250, 0, 0),
(1876, -1, 252, 0, 0),
(1877, -1, 253, 0, 0),
(1878, -1, 256, 0, 0),
(1879, -1, 257, 0, 0),
(1880, -1, 258, 0, 0),
(1881, -1, 259, 0, 0),
(1882, -1, 260, 0, 0),
(1883, -1, 261, 0, 0),
(1884, -1, 262, 0, 0),
(1885, -1, 263, 0, 0),
(1886, -1, 264, 0, 0),
(1887, -1, 265, 0, 0),
(1888, -1, 266, 0, 0),
(1889, -1, 267, 0, 0),
(1890, -1, 268, 0, 0),
(1891, -1, 269, 0, 0),
(1892, -1, 274, 0, 0),
(1893, -1, 275, 0, 0),
(1894, -1, 278, 0, 0),
(1895, -1, 279, 0, 0),
(1896, -1, 280, 0, 0),
(1897, -1, 281, 0, 0),
(1898, -1, 282, 0, 0),
(1899, -1, 283, 0, 0),
(1900, -1, 284, 0, 0),
(1901, -1, 285, 0, 0),
(1902, -1, 286, 0, 0),
(1903, -1, 287, 0, 0),
(1904, -1, 288, 0, 0),
(1905, -1, 289, 0, 0),
(1906, -1, 290, 0, 0),
(1907, -1, 291, 0, 0),
(1908, -1, 292, 0, 0),
(1909, -1, 293, 0, 0),
(1910, -1, 294, 0, 0),
(1911, -1, 295, 0, 0),
(1912, -1, 296, 0, 0),
(1913, -1, 297, 0, 0),
(1914, -1, 298, 0, 0),
(1915, -1, 299, 0, 0),
(1916, -1, 300, 0, 0),
(1917, -1, 301, 0, 0),
(1918, -1, 302, 0, 0),
(1919, -1, 303, 0, 0),
(1920, -1, 304, 0, 0),
(1921, -1, 305, 0, 0),
(1922, -1, 307, 0, 0),
(1923, -1, 308, 0, 0),
(1924, -1, 309, 0, 0),
(1925, -1, 310, 0, 0),
(1926, -1, 311, 0, 0),
(1927, -1, 312, 0, 0),
(1928, -1, 313, 0, 0),
(1929, -1, 314, 0, 0),
(1930, -1, 315, 0, 0),
(1931, -1, 316, 0, 0),
(1932, -1, 317, 0, 0),
(1933, -1, 318, 0, 0),
(1934, -1, 319, 0, 0),
(1935, -1, 320, 0, 0),
(1936, -1, 321, 0, 0),
(1937, -1, 322, 0, 0),
(1938, -1, 323, 0, 0),
(1939, -1, 324, 0, 0),
(1940, -1, 325, 0, 0),
(1941, -1, 326, 0, 0),
(1942, -1, 327, 0, 0),
(1943, -1, 328, 0, 0),
(1944, -1, 329, 0, 0),
(1945, -1, 330, 0, 0),
(1946, -1, 331, 0, 0),
(1947, -1, 332, 0, 0),
(1948, -1, 333, 0, 0),
(1949, -1, 334, 0, 0),
(1950, -1, 335, 0, 0),
(1951, -1, 336, 0, 0),
(1952, -1, 337, 0, 0),
(1953, -1, 338, 0, 0),
(1954, -1, 339, 0, 0),
(1955, -1, 340, 0, 0),
(1956, -1, 341, 0, 0),
(1957, -1, 342, 0, 0),
(1958, -1, 343, 0, 0),
(1959, -1, 344, 0, 0),
(1960, -1, 345, 0, 0),
(1961, -1, 346, 0, 0),
(1962, -1, 347, 0, 0),
(1963, -1, 348, 0, 0),
(1964, -1, 349, 0, 0),
(1965, -1, 350, 0, 0),
(1966, -1, 351, 0, 0),
(1967, -1, 352, 0, 0),
(1968, -1, 353, 0, 0),
(1969, -1, 354, 0, 0),
(1970, -1, 355, 0, 0),
(1971, -1, 356, 0, 0),
(1972, -1, 357, 0, 0),
(1973, -1, 358, 0, 0),
(1974, -1, 359, 0, 0),
(1975, -1, 360, 0, 0),
(1976, -1, 361, 0, 0),
(1977, -1, 362, 0, 0),
(1978, -1, 363, 0, 0),
(1979, -1, 364, 0, 0),
(1980, -1, 365, 0, 0),
(1981, -1, 366, 0, 0),
(1982, -1, 367, 0, 0),
(1983, -1, 368, 0, 0),
(1984, -1, 369, 0, 0),
(1985, -1, 370, 0, 0),
(1986, -1, 371, 0, 0),
(1987, -1, 372, 0, 0),
(1988, -1, 373, 0, 0),
(1989, -1, 374, 0, 0),
(1990, -1, 375, 0, 0),
(1991, -1, 376, 0, 0),
(1992, -1, 377, 0, 0),
(1993, -1, 378, 0, 0),
(1994, -1, 379, 0, 0),
(1995, -1, 380, 0, 0),
(1996, -1, 381, 0, 0),
(1997, -1, 382, 0, 0),
(1998, -1, 383, 0, 0),
(1999, -1, 384, 0, 0),
(2000, -1, 385, 0, 0),
(2001, -1, 386, 0, 0),
(2002, -1, 387, 0, 0),
(2003, -1, 388, 0, 0),
(2004, -1, 389, 0, 0),
(2005, -1, 390, 0, 0),
(2006, -1, 391, 0, 0),
(2007, -1, 392, 0, 0),
(2008, -1, 393, 0, 0),
(2009, -1, 394, 0, 0),
(2010, -1, 395, 0, 0),
(2011, -1, 396, 0, 0),
(2012, -1, 397, 0, 0),
(2013, -1, 398, 0, 0),
(2014, -1, 399, 0, 0),
(2015, -1, 400, 0, 0),
(2016, -1, 401, 0, 0),
(2017, -1, 402, 0, 0),
(2018, -1, 403, 0, 0),
(2019, -1, 404, 0, 0),
(2020, -1, 405, 0, 0),
(2021, -1, 406, 0, 0),
(2022, -1, 407, 0, 0),
(2023, -1, 408, 0, 0),
(2024, -1, 409, 0, 0),
(2025, -1, 410, 0, 0),
(2026, -1, 411, 0, 0),
(2027, -1, 412, 0, 0),
(2028, -1, 413, 0, 0),
(2029, -1, 414, 0, 0),
(2030, -1, 417, 0, 0),
(2031, -1, 418, 0, 0),
(2032, -1, 419, 0, 0),
(2033, -1, 420, 0, 0),
(2034, -1, 421, 0, 0),
(2035, -1, 422, 0, 0),
(2036, -1, 423, 0, 0),
(2037, -1, 424, 0, 0),
(2038, -1, 425, 0, 0),
(2039, -1, 426, 0, 0),
(2040, -1, 427, 0, 0),
(2041, -1, 428, 0, 0),
(2042, -1, 429, 0, 0),
(2043, -1, 430, 0, 0),
(2044, -1, 431, 0, 0),
(2045, -1, 432, 0, 0),
(2046, -1, 433, 0, 0),
(2047, -1, 434, 0, 0),
(2048, -1, 436, 0, 0),
(2049, -1, 437, 0, 0),
(2050, -1, 438, 0, 0),
(2051, -1, 439, 0, 0),
(2052, -1, 440, 0, 0),
(2053, -1, 441, 0, 0),
(2054, -1, 442, 0, 0),
(2055, -1, 443, 0, 0),
(2056, -1, 444, 0, 0),
(2057, -1, 445, 0, 0),
(2058, -1, 446, 0, 0),
(2059, -1, 447, 0, 0),
(2060, -1, 448, 0, 0),
(2061, -1, 449, 0, 0),
(2062, -1, 450, 0, 0),
(2063, -1, 451, 0, 0),
(2064, -1, 452, 0, 0),
(2065, -1, 453, 0, 0),
(2066, -1, 454, 0, 0),
(2067, -1, 455, 0, 0),
(2068, -1, 456, 0, 0),
(2069, -1, 457, 0, 0),
(2070, -1, 458, 0, 0),
(2071, -1, 459, 0, 0),
(2072, -1, 460, 0, 0),
(2073, -1, 461, 0, 0),
(2074, -1, 462, 0, 0),
(2075, -1, 463, 0, 0),
(2078, -1, 464, 0, 0),
(2083, -1, 465, 0, 0),
(2095, -1, 466, 0, 0),
(2096, -1, 467, 0, 0),
(2097, -1, 468, 0, 0),
(2098, -1, 469, 0, 0),
(2099, -1, 470, 0, 0),
(2100, -1, 471, 0, 0),
(2101, -1, 472, 0, 0),
(2102, -1, 473, 0, 0),
(2103, -1, 474, 0, 0),
(2104, -1, 475, 0, 0),
(2105, -1, 476, 0, 0),
(2106, -1, 477, 0, 0),
(2107, -1, 478, 0, 0),
(2108, -1, 479, 0, 0),
(2109, -1, 480, 0, 0),
(2110, -1, 481, 0, 0),
(2111, -1, 482, 0, 0),
(2112, -1, 483, 0, 0),
(2113, -1, 484, 0, 0),
(2114, -1, 485, 0, 0),
(2115, -1, 486, 0, 0),
(2116, -1, 487, 0, 0),
(2117, -1, 488, 0, 0),
(2118, -1, 489, 0, 0),
(2119, -1, 490, 0, 0),
(2120, -1, 491, 0, 0),
(2121, -1, 492, 0, 0),
(2122, -1, 493, 0, 0),
(2123, -1, 494, 0, 0),
(2124, -1, 495, 0, 0),
(2125, -1, 496, 0, 0),
(2126, -1, 497, 0, 0),
(2127, -1, 498, 0, 0),
(2128, -1, 499, 0, 0),
(2129, -1, 500, 0, 0),
(2130, -1, 501, 0, 0),
(2131, -1, 502, 0, 0),
(2132, -1, 503, 0, 0),
(2133, -1, 504, 0, 0),
(2134, -1, 505, 0, 0),
(2135, -1, 506, 0, 0),
(2136, -1, 507, 0, 0),
(2137, -1, 508, 0, 0),
(2138, -1, 509, 0, 0),
(2139, -1, 510, 0, 0),
(2162, 1, 464, 1, 0),
(2163, 1, 508, 1, 0),
(2164, 1, 484, 0, 0),
(2165, 1, 486, 0, 0),
(2166, 1, 474, 0, 0),
(2167, 1, 475, 0, 0),
(2168, 1, 476, 0, 0),
(2169, 1, 477, 0, 0),
(2170, 1, 478, 0, 0),
(2171, 1, 479, 0, 0),
(2172, 1, 480, 0, 0),
(2173, 1, 485, 0, 0),
(2174, 1, 465, 0, 0),
(2175, 1, 481, 0, 0),
(2176, 1, 510, 0, 0),
(2177, 1, 482, 0, 0),
(2178, 1, 483, 0, 0),
(2179, 1, 507, 0, 0),
(2180, 1, 509, 0, 0),
(2181, 1, 466, 0, 0),
(2182, 1, 467, 0, 0),
(2183, 1, 488, 0, 0),
(2184, 1, 487, 0, 0),
(2185, 1, 489, 0, 0),
(2186, 1, 468, 1, 0),
(2187, 1, 469, 0, 0),
(2188, 1, 470, 0, 0),
(2189, 1, 471, 0, 0),
(2190, 1, 472, 0, 0),
(2191, 1, 473, 0, 0),
(2192, 1, 491, 1, 0),
(2193, 1, 492, 0, 0),
(2194, 1, 493, 0, 0),
(2195, 1, 494, 0, 0),
(2196, 1, 495, 0, 0),
(2197, 1, 496, 0, 0),
(2198, 1, 497, 0, 0),
(2199, 1, 498, 0, 0),
(2200, 1, 499, 0, 0),
(2201, 1, 500, 0, 0),
(2202, 1, 501, 0, 0),
(2203, 1, 502, 0, 0),
(2204, 1, 503, 0, 0),
(2205, 1, 504, 0, 0),
(2206, 1, 505, 0, 0),
(2207, 1, 506, 0, 0),
(2256, 1, 511, 1, 0),
(2257, 1, 512, 0, 0),
(2258, 1, 513, 0, 0),
(2259, 1, 514, 0, 0),
(2260, 1, 515, 0, 0),
(2261, 1, 516, 0, 0),
(2262, 1, 517, 0, 0),
(2263, 1, 518, 0, 0),
(2264, 1, 519, 0, 0),
(2265, 1, 520, 0, 0),
(2266, 1, 521, 0, 0),
(2267, 1, 522, 1, 0),
(2268, 1, 523, 0, 0),
(2269, 1, 524, 0, 0),
(2270, 1, 525, 0, 0),
(2271, 1, 526, 0, 0),
(2272, 1, 527, 1, 0),
(2273, 1, 528, 1, 0),
(2274, 1, 529, 1, 0),
(2275, 1, 530, 0, 0),
(2276, 1, 531, 0, 0),
(2277, 1, 532, 0, 0),
(2278, 1, 533, 0, 0),
(2279, 1, 534, 1, 0),
(2280, 1, 535, 1, 0),
(2281, 1, 536, 1, 0),
(2282, 1, 537, 1, 0),
(2283, 1, 538, 1, 0),
(2284, 1, 539, 1, 0),
(2285, 1, 540, 0, 0),
(2286, 1, 541, 0, 0),
(2287, 1, 542, 0, 0),
(2288, 1, 543, 1, 0),
(2289, 1, 544, 0, 0),
(2290, 1, 545, 0, 0),
(2291, 1, 546, 0, 0),
(2292, 1, 547, 0, 0),
(2293, 1, 548, 0, 0),
(2294, 1, 549, 1, 0),
(2295, 1, 550, 0, 0),
(2296, 1, 551, 0, 0),
(2297, 1, 552, 0, 0),
(2298, 1, 553, 0, 0),
(2299, 1, 554, 0, 0),
(2300, 1, 555, 0, 0),
(2301, 1, 556, 0, 0),
(2302, 1, 557, 0, 0),
(2303, 1, 558, 0, 0),
(2304, 1, 559, 0, 0),
(2305, 1, 560, 0, 0),
(2306, 1, 561, 0, 0),
(2307, 1, 562, 0, 0),
(2308, 1, 563, 0, 0),
(2309, 1, 564, 0, 0),
(2310, 1, 565, 0, 0),
(2311, 1, 566, 0, 0),
(2312, 1, 567, 0, 0),
(2313, 1, 568, 0, 0),
(2314, 1, 569, 0, 0),
(2315, 1, 570, 1, 0),
(2316, 1, 571, 1, 0),
(2317, 1, 572, 1, 0),
(2318, 1, 573, 1, 0),
(2319, 1, 574, 1, 0),
(2320, 1, 575, 1, 0),
(2321, 1, 576, 1, 0),
(2322, 1, 577, 1, 0),
(2323, 1, 578, 1, 0),
(2324, 1, 579, 0, 0),
(2325, 1, 580, 0, 0),
(2326, 1, 581, 0, 0),
(2327, 1, 582, 0, 0),
(2328, 1, 583, 0, 0),
(2329, 1, 584, 0, 0),
(2330, 1, 585, 1, 0),
(2331, 1, 586, 1, 0),
(2332, 1, 587, 0, 0),
(2333, 1, 588, 1, 0),
(2334, 1, 589, 1, 0),
(2335, 1, 590, 1, 0),
(2336, 1, 591, 1, 0),
(2337, 1, 592, 1, 0),
(2338, 1, 593, 1, 0),
(2339, 1, 594, 1, 0),
(2340, 1, 595, 0, 0),
(2341, 1, 596, 0, 0),
(2342, 1, 597, 0, 0),
(2343, 1, 598, 0, 0),
(2344, 1, 599, 0, 0),
(2345, 1, 600, 0, 0),
(2346, 1, 601, 0, 0),
(2347, 1, 602, 0, 0),
(2348, 1, 603, 1, 0),
(2349, 1, 604, 1, 0),
(2350, 1, 605, 1, 0),
(2351, 1, 606, 1, 0),
(2352, 1, 607, 1, 0),
(2353, 1, 608, 1, 0),
(2354, 1, 609, 1, 0),
(2355, 1, 610, 1, 0),
(2356, 1, 611, 0, 0),
(2357, 1, 612, 1, 0),
(2358, 1, 613, 1, 0),
(2359, 1, 614, 1, 0),
(2360, 1, 615, 1, 0),
(2361, 1, 616, 0, 0),
(2362, 1, 617, 0, 0),
(2363, 1, 618, 0, 0),
(2364, 1, 619, 1, 0),
(2365, 1, 620, 1, 0),
(2366, 1, 621, 1, 0),
(2367, 1, 622, 1, 0),
(2368, 1, 623, 1, 0),
(2369, 1, 624, 1, 0),
(2370, 1, 625, 0, 0),
(2371, 1, 626, 0, 0),
(2372, 1, 627, 1, 0),
(2373, 1, 628, 1, 0),
(2374, 1, 629, 1, 0),
(2375, 1, 630, 0, 0),
(2376, 1, 631, 1, 0),
(2377, 1, 632, 0, 0),
(2378, 1, 633, 0, 0),
(2379, 1, 634, 0, 0),
(2380, 1, 635, 0, 0),
(2381, 1, 636, 1, 0),
(2382, 1, 637, 1, 0),
(2383, 1, 638, 1, 0),
(2384, 1, 639, 1, 0),
(2385, 1, 640, 0, 0),
(2386, 1, 641, 1, 0),
(2387, 1, 642, 1, 0),
(2388, 1, 643, 1, 0),
(2389, 1, 644, 1, 0),
(2390, 1, 645, 1, 0),
(2391, 1, 646, 1, 0),
(2392, 1, 647, 1, 0),
(2393, 1, 648, 1, 0),
(2394, 1, 649, 1, 0),
(2395, 1, 650, 1, 0),
(2396, 1, 651, 1, 0),
(2397, 1, 652, 1, 0),
(2398, 1, 653, 1, 0),
(2399, 1, 654, 1, 0),
(2400, 1, 655, 1, 0),
(2401, 1, 656, 1, 0),
(2402, 1, 657, 1, 0),
(2403, 1, 658, 1, 0),
(2404, 1, 659, 1, 0),
(2405, 1, 660, 1, 0),
(2406, 1, 661, 1, 0),
(2407, 1, 662, 1, 0),
(2408, 1, 663, 1, 0),
(2409, 1, 664, 1, 0),
(2410, 1, 665, 1, 0),
(2411, 1, 666, 1, 0),
(2412, 1, 667, 1, 0),
(2413, 1, 668, 1, 0),
(2414, 1, 669, 1, 0),
(2415, 1, 670, 1, 0),
(2416, 1, 671, 1, 0),
(2417, 1, 672, 1, 0),
(2418, 1, 673, 1, 0),
(2419, 1, 674, 1, 0),
(2420, 1, 675, 1, 0),
(2421, 1, 676, 1, 0),
(2422, 1, 677, 1, 0),
(2423, 1, 678, 1, 0),
(2424, 1, 679, 1, 0),
(2425, 1, 680, 1, 0),
(2426, 1, 681, 1, 0),
(2427, 1, 682, 1, 0),
(2428, 1, 683, 1, 0),
(2429, 1, 684, 1, 0),
(2430, 1, 685, 1, 0),
(2431, 1, 686, 1, 0),
(2432, 1, 687, 1, 0),
(2964, -1, 511, 0, 0),
(2965, -1, 512, 0, 0),
(2966, -1, 513, 0, 0),
(2967, -1, 514, 0, 0),
(2968, -1, 515, 0, 0),
(2969, -1, 516, 0, 0),
(2970, -1, 517, 0, 0),
(2971, -1, 518, 0, 0),
(2972, -1, 519, 0, 0),
(2973, -1, 520, 0, 0),
(2974, -1, 521, 0, 0),
(2975, -1, 522, 0, 0),
(2976, -1, 523, 0, 0),
(2977, -1, 524, 0, 0),
(2978, -1, 525, 0, 0),
(2979, -1, 526, 0, 0),
(2980, -1, 527, 0, 0),
(2981, -1, 528, 0, 0),
(2982, -1, 529, 0, 0),
(2983, -1, 530, 0, 0),
(2984, -1, 531, 0, 0),
(2985, -1, 532, 0, 0),
(2986, -1, 533, 0, 0),
(2987, -1, 534, 0, 0),
(2988, -1, 535, 0, 0),
(2989, -1, 536, 0, 0),
(2990, -1, 537, 0, 0),
(2991, -1, 538, 0, 0),
(2992, -1, 539, 0, 0),
(2993, -1, 540, 0, 0),
(2994, -1, 541, 0, 0),
(2995, -1, 542, 0, 0),
(2996, -1, 543, 0, 0),
(2997, -1, 544, 0, 0),
(2998, -1, 545, 0, 0),
(2999, -1, 546, 0, 0),
(3000, -1, 547, 0, 0),
(3001, -1, 548, 0, 0),
(3002, -1, 549, 0, 0),
(3003, -1, 550, 0, 0),
(3004, -1, 551, 0, 0),
(3005, -1, 552, 0, 0),
(3006, -1, 553, 0, 0),
(3007, -1, 554, 0, 0),
(3008, -1, 555, 0, 0),
(3009, -1, 556, 0, 0),
(3010, -1, 557, 0, 0),
(3011, -1, 558, 0, 0),
(3012, -1, 559, 0, 0),
(3013, -1, 560, 0, 0),
(3014, -1, 561, 0, 0),
(3015, -1, 562, 0, 0),
(3016, -1, 563, 0, 0),
(3017, -1, 564, 0, 0),
(3018, -1, 565, 0, 0),
(3019, -1, 566, 0, 0),
(3020, -1, 567, 0, 0),
(3021, -1, 568, 0, 0),
(3022, -1, 569, 0, 0),
(3023, -1, 570, 0, 0),
(3024, -1, 571, 0, 0),
(3025, -1, 572, 0, 0),
(3026, -1, 573, 0, 0),
(3027, -1, 574, 0, 0),
(3028, -1, 575, 0, 0),
(3029, -1, 576, 0, 0),
(3030, -1, 577, 0, 0),
(3031, -1, 578, 0, 0),
(3032, -1, 579, 0, 0),
(3033, -1, 580, 0, 0),
(3034, -1, 581, 0, 0),
(3035, -1, 582, 0, 0),
(3036, -1, 583, 0, 0),
(3037, -1, 584, 0, 0),
(3038, -1, 585, 0, 0),
(3039, -1, 586, 0, 0),
(3040, -1, 587, 0, 0),
(3041, -1, 588, 0, 0),
(3042, -1, 589, 0, 0),
(3043, -1, 590, 0, 0),
(3044, -1, 591, 0, 0),
(3045, -1, 592, 0, 0),
(3046, -1, 593, 0, 0),
(3047, -1, 594, 0, 0),
(3048, -1, 595, 0, 0),
(3049, -1, 596, 0, 0),
(3050, -1, 597, 0, 0),
(3051, -1, 598, 0, 0),
(3052, -1, 599, 0, 0),
(3053, -1, 600, 0, 0),
(3054, -1, 601, 0, 0),
(3055, -1, 602, 0, 0),
(3056, -1, 603, 0, 0),
(3057, -1, 604, 0, 0),
(3058, -1, 605, 0, 0),
(3059, -1, 606, 0, 0),
(3060, -1, 607, 0, 0),
(3061, -1, 608, 0, 0),
(3062, -1, 609, 0, 0),
(3063, -1, 610, 0, 0),
(3064, -1, 611, 0, 0),
(3065, -1, 612, 0, 0),
(3066, -1, 613, 0, 0),
(3067, -1, 614, 0, 0),
(3068, -1, 615, 0, 0),
(3069, -1, 616, 0, 0),
(3070, -1, 617, 0, 0),
(3071, -1, 618, 0, 0),
(3072, -1, 619, 0, 0),
(3073, -1, 620, 0, 0),
(3074, -1, 621, 0, 0),
(3075, -1, 622, 0, 0),
(3076, -1, 623, 0, 0),
(3077, -1, 624, 0, 0),
(3078, -1, 625, 0, 0),
(3079, -1, 626, 0, 0),
(3080, -1, 627, 0, 0),
(3081, -1, 628, 0, 0),
(3082, -1, 629, 0, 0),
(3083, -1, 630, 0, 0),
(3084, -1, 631, 0, 0),
(3085, -1, 632, 0, 0),
(3086, -1, 633, 0, 0),
(3087, -1, 634, 0, 0),
(3088, -1, 635, 0, 0),
(3089, -1, 636, 0, 0),
(3090, -1, 637, 0, 0),
(3091, -1, 638, 0, 0),
(3092, -1, 639, 0, 0),
(3093, -1, 640, 0, 0),
(3094, -1, 641, 0, 0),
(3095, -1, 642, 0, 0),
(3096, -1, 643, 0, 0),
(3097, -1, 644, 0, 0),
(3098, -1, 645, 0, 0),
(3099, -1, 646, 0, 0),
(3100, -1, 647, 0, 0),
(3101, -1, 648, 0, 0),
(3102, -1, 649, 0, 0),
(3103, -1, 650, 0, 0),
(3104, -1, 651, 0, 0),
(3105, -1, 652, 0, 0),
(3106, -1, 653, 0, 0),
(3107, -1, 654, 0, 0),
(3108, -1, 655, 0, 0),
(3109, -1, 656, 0, 0),
(3110, -1, 657, 0, 0),
(3111, -1, 658, 0, 0),
(3112, -1, 659, 0, 0),
(3113, -1, 660, 0, 0),
(3114, -1, 661, 0, 0),
(3115, -1, 662, 0, 0),
(3116, -1, 663, 0, 0),
(3117, -1, 664, 0, 0),
(3118, -1, 665, 0, 0),
(3119, -1, 666, 0, 0),
(3120, -1, 667, 0, 0),
(3121, -1, 668, 0, 0),
(3122, -1, 669, 0, 0),
(3123, -1, 670, 0, 0),
(3124, -1, 671, 0, 0),
(3125, -1, 672, 0, 0),
(3126, -1, 673, 0, 0),
(3127, -1, 674, 0, 0),
(3128, -1, 675, 0, 0),
(3129, -1, 676, 0, 0),
(3130, -1, 677, 0, 0),
(3131, -1, 678, 0, 0),
(3132, -1, 679, 0, 0),
(3133, -1, 680, 0, 0),
(3134, -1, 681, 0, 0),
(3135, -1, 682, 0, 0),
(3136, -1, 683, 0, 0),
(3137, -1, 684, 0, 0),
(3138, -1, 685, 0, 0),
(3139, -1, 686, 0, 0),
(3140, -1, 687, 0, 0);

-- --------------------------------------------------------

--
-- Table structure for table `rentbill`
--

CREATE TABLE IF NOT EXISTS `rentbill` (
  `id` int(11) NOT NULL AUTO_INCREMENT,
  `clientid` int(11) DEFAULT NULL,
  `createdatetime` date DEFAULT NULL,
  `billtotal` decimal(10,2) DEFAULT NULL,
  `firmbilltotal` decimal(10,2) DEFAULT NULL,
  `billpayed` decimal(10,2) DEFAULT NULL,
  `billreset` decimal(10,2) DEFAULT NULL,
  `dailyentryid` int(11) NOT NULL DEFAULT '0',
  `payistype` char(1) NOT NULL DEFAULT '0',
  `bankid` int(11) DEFAULT NULL,
  `accountid` int(11) DEFAULT NULL,
  `paperno` int(11) DEFAULT NULL,
  `paperval` decimal(10,2) DEFAULT NULL,
  `paperdate` date DEFAULT NULL,
  `discount` decimal(10,2) DEFAULT NULL,
  `distotal` decimal(10,2) DEFAULT NULL,
  PRIMARY KEY (`id`)
) ENGINE=InnoDB DEFAULT CHARSET=latin1 AUTO_INCREMENT=1 ;

-- --------------------------------------------------------

--
-- Table structure for table `rentbillprop`
--

CREATE TABLE IF NOT EXISTS `rentbillprop` (
  `id` int(11) NOT NULL AUTO_INCREMENT,
  `billid` int(11) DEFAULT NULL,
  `productid` int(11) DEFAULT NULL,
  `type` char(1) DEFAULT NULL,
  `supplierid` int(11) DEFAULT NULL,
  `amount` int(11) DEFAULT NULL,
  `rentprice` decimal(10,2) DEFAULT NULL,
  `supplierprice` decimal(10,2) DEFAULT NULL,
  `totalprice` decimal(10,2) DEFAULT NULL,
  `suppliertotalpice` decimal(10,2) DEFAULT NULL,
  `startdate` date DEFAULT NULL,
  `enddate` date DEFAULT NULL,
  `rentdays` int(11) DEFAULT NULL,
  `status` char(1) DEFAULT NULL,
  `delayvalue` decimal(10,2) DEFAULT NULL,
  `delaytype` char(1) DEFAULT NULL,
  `delypay` decimal(10,2) DEFAULT NULL,
  `delayreset` decimal(10,2) DEFAULT NULL,
  `dailyentryid` int(11) NOT NULL DEFAULT '0',
  `diffdate` varchar(2000) NOT NULL,
  PRIMARY KEY (`id`)
) ENGINE=InnoDB DEFAULT CHARSET=latin1 AUTO_INCREMENT=1 ;

-- --------------------------------------------------------

--
-- Table structure for table `rentproduct`
--

CREATE TABLE IF NOT EXISTS `rentproduct` (
  `id` int(11) NOT NULL AUTO_INCREMENT,
  `name` varchar(2000) DEFAULT NULL,
  `quantity` int(11) DEFAULT NULL,
  `buyprice` decimal(10,2) DEFAULT NULL,
  `totalprice` decimal(10,2) DEFAULT NULL,
  `rentprice` decimal(10,2) DEFAULT NULL,
  `paytype` char(1) DEFAULT NULL,
  `supplierid` int(11) DEFAULT '0',
  `createdate` date DEFAULT NULL,
  `info` text,
  `isdel` char(1) DEFAULT '0',
  `dailyentryid` int(11) NOT NULL DEFAULT '0',
  PRIMARY KEY (`id`)
) ENGINE=InnoDB DEFAULT CHARSET=latin1 AUTO_INCREMENT=1 ;

-- --------------------------------------------------------

--
-- Table structure for table `rentstore`
--

CREATE TABLE IF NOT EXISTS `rentstore` (
  `id` int(11) NOT NULL AUTO_INCREMENT,
  `rentproductid` int(11) DEFAULT NULL,
  `amount` int(11) DEFAULT NULL,
  `rented` int(11) DEFAULT NULL,
  PRIMARY KEY (`id`)
) ENGINE=InnoDB DEFAULT CHARSET=latin1 AUTO_INCREMENT=1 ;

-- --------------------------------------------------------

--
-- Table structure for table `representativecompany`
--

CREATE TABLE IF NOT EXISTS `representativecompany` (
  `representativecompanyId` int(11) NOT NULL AUTO_INCREMENT,
  `representativeName` varchar(255) NOT NULL,
  `representativePhone` varchar(255) NOT NULL,
  `companyId` int(11) NOT NULL,
  `otherInfo` longtext NOT NULL,
  PRIMARY KEY (`representativecompanyId`)
) ENGINE=InnoDB DEFAULT CHARSET=utf8 AUTO_INCREMENT=1 ;

-- --------------------------------------------------------

--
-- Table structure for table `restauranthall`
--

CREATE TABLE IF NOT EXISTS `restauranthall` (
  `id` int(11) NOT NULL AUTO_INCREMENT,
  `name` varchar(255) NOT NULL,
  `hallPrice` tinyint(4) NOT NULL,
  `hallUsers` varchar(300) NOT NULL,
  `userId` int(11) NOT NULL,
  `sysdate` date NOT NULL,
  `del` tinyint(4) NOT NULL,
  PRIMARY KEY (`id`)
) ENGINE=InnoDB DEFAULT CHARSET=latin1 AUTO_INCREMENT=1 ;

-- --------------------------------------------------------

--
-- Table structure for table `restaurantkitchenprint`
--

CREATE TABLE IF NOT EXISTS `restaurantkitchenprint` (
  `id` int(11) NOT NULL AUTO_INCREMENT,
  `orderId` int(11) NOT NULL,
  `productId` int(11) NOT NULL,
  `quantity` int(11) NOT NULL,
  `notesPrinted` text NOT NULL,
  `togetherNo` int(11) NOT NULL,
  `isPrinted` tinyint(4) NOT NULL COMMENT '0 not printed - 1 printed',
  `sysDateTime` datetime NOT NULL,
  `fromBillDirectWithId` int(11) NOT NULL DEFAULT '-1',
  PRIMARY KEY (`id`)
) ENGINE=InnoDB  DEFAULT CHARSET=latin1 AUTO_INCREMENT=321 ;

--
-- Dumping data for table `restaurantkitchenprint`
--

INSERT INTO `restaurantkitchenprint` (`id`, `orderId`, `productId`, `quantity`, `notesPrinted`, `togetherNo`, `isPrinted`, `sysDateTime`, `fromBillDirectWithId`) VALUES
(1, -1, 5, 30, '', 1, 0, '2026-02-09 08:08:21', 202),
(2, -1, 8, 1, '', 1, 0, '2026-02-09 08:08:21', 202),
(3, -1, 10, 1, '', 1, 0, '2026-02-09 08:08:21', 202),
(4, -1, 9, 1, '', 1, 0, '2026-02-09 08:08:21', 202),
(5, -1, 13, 1, '', 1, 0, '2026-02-09 08:08:21', 202),
(6, -1, 11, 1, '', 1, 0, '2026-02-09 08:08:21', 202),
(7, -1, 14, 1, '', 1, 0, '2026-02-09 08:08:21', 202),
(8, -1, 31, 2, '', 1, 0, '2026-02-09 08:08:21', 202),
(9, -1, 15, 2, '', 1, 0, '2026-02-09 08:08:21', 202),
(10, -1, 16, 2, '', 1, 0, '2026-02-09 08:08:21', 202),
(11, -1, 32, 2, '', 1, 0, '2026-02-09 08:08:21', 202),
(12, -1, 31, 1, '', 2, 0, '2026-02-11 03:25:58', 204),
(13, -1, 13, 1, '', 2, 0, '2026-02-11 03:25:58', 204),
(14, -1, 12, 2, '', 2, 0, '2026-02-11 03:25:58', 204),
(15, -1, 12, 2, '', 3, 0, '2026-02-12 01:35:33', 205),
(16, -1, 16, 7, '', 3, 0, '2026-02-12 01:35:33', 205),
(17, -1, 31, 2, '', 3, 0, '2026-02-12 01:35:33', 205),
(18, -1, 26, 2, '', 4, 0, '2026-02-14 02:14:18', 207),
(19, -1, 24, 1, '', 5, 0, '2026-02-18 17:30:03', 209),
(20, -1, 25, 1, '', 5, 0, '2026-02-18 17:30:03', 209),
(21, -1, 7, 50, '', 6, 0, '2026-02-21 14:47:26', 211),
(22, -1, 12, 3, '', 7, 0, '2026-02-22 05:09:24', 212),
(23, -1, 23, 50, '', 8, 0, '2026-02-22 05:10:57', 213),
(24, -1, 25, 22, '', 8, 0, '2026-02-22 05:10:57', 213),
(25, -1, 7, 2, '', 9, 0, '2026-02-23 17:35:25', 214),
(26, -1, 16, 1, '', 10, 0, '2026-02-23 17:40:10', 215),
(27, -1, 14, 1, '', 11, 0, '2026-02-26 02:50:59', 216),
(28, -1, 9, 1, '', 12, 0, '2026-02-26 02:51:34', 217),
(29, -1, 13, 1, '', 13, 0, '2026-02-26 02:52:28', 218),
(30, -1, 15, 2, '', 14, 0, '2026-02-26 02:56:18', 219),
(31, -1, 31, 2, '', 15, 0, '2026-02-26 02:58:06', 220),
(32, -1, 32, 6, '', 15, 0, '2026-02-26 02:58:06', 220),
(33, -1, 31, 5, '', 16, 0, '2026-02-27 06:52:01', 221),
(34, -1, 32, 6, '', 16, 0, '2026-02-27 06:52:01', 221),
(35, -1, 19, 76, '', 17, 0, '2026-03-01 17:12:12', 222),
(36, -1, 20, 26, '', 17, 0, '2026-03-01 17:12:12', 222),
(37, -1, 17, 10, '', 18, 0, '2026-03-02 00:33:10', 223),
(38, -1, 18, 16, '', 18, 0, '2026-03-02 00:33:10', 223),
(39, -1, 19, 10, '', 18, 0, '2026-03-02 00:33:10', 223),
(40, -1, 20, 16, '', 18, 0, '2026-03-02 00:33:10', 223),
(41, -1, 21, 10, '', 18, 0, '2026-03-02 00:33:10', 223),
(42, -1, 22, 16, '', 18, 0, '2026-03-02 00:33:10', 223),
(43, -1, 24, 20, '', 18, 0, '2026-03-02 00:33:10', 223),
(44, -1, 25, 20, '', 18, 0, '2026-03-02 00:33:10', 223),
(45, -1, 7, 10, '', 18, 0, '2026-03-02 00:33:10', 223),
(46, -1, 31, 5, '', 18, 0, '2026-03-02 00:33:10', 223),
(47, -1, 32, 5, '', 18, 0, '2026-03-02 00:33:10', 223),
(48, -1, 19, 4, '', 19, 0, '2026-03-03 20:03:04', 225),
(49, -1, 20, 4, '', 19, 0, '2026-03-03 20:03:04', 225),
(50, -1, 11, 6, '', 19, 0, '2026-03-03 20:03:04', 225),
(51, -1, 7, 2, '', 20, 0, '2026-03-03 20:05:17', 226),
(52, -1, 23, 10, '', 21, 0, '2026-03-03 20:10:52', 227),
(53, -1, 25, 10, '', 21, 0, '2026-03-03 20:10:52', 227),
(54, -1, 18, 1, '', 21, 0, '2026-03-03 20:10:52', 227),
(55, -1, 19, 1, '', 21, 0, '2026-03-03 20:10:52', 227),
(56, -1, 12, 1, '', 22, 0, '2026-03-04 04:52:06', 228),
(57, -1, 31, 1, '', 23, 0, '2026-03-04 04:56:12', 229),
(58, -1, 32, 1, '', 23, 0, '2026-03-04 04:56:12', 229),
(59, -1, 5, 60, '', 24, 0, '2026-03-04 05:00:00', 230),
(60, -1, 9, 3, '', 25, 0, '2026-03-09 21:29:42', 231),
(61, -1, 31, 20, '', 26, 0, '2026-03-10 03:14:44', 232),
(62, -1, 7, 2, '', 27, 0, '2026-03-12 05:05:56', 233),
(63, -1, 8, 2, '', 28, 0, '2026-03-12 05:06:26', 234),
(64, -1, 7, 1, '', 29, 0, '2026-03-12 23:56:04', 235),
(65, -1, 11, 2, '', 30, 0, '2026-03-17 03:03:54', 236),
(66, -1, 12, 3, '', 30, 0, '2026-03-17 03:03:54', 236),
(67, -1, 15, 3, '', 31, 0, '2026-03-21 17:21:19', 237),
(68, -1, 16, 52, '', 31, 0, '2026-03-21 17:21:19', 237),
(69, -1, 8, 3, '', 32, 0, '2026-03-24 12:27:59', 238),
(70, -1, 10, 2, '', 32, 0, '2026-03-24 12:27:59', 238),
(71, -1, 9, 2, '', 32, 0, '2026-03-24 12:27:59', 238),
(72, -1, 13, 2, '', 32, 0, '2026-03-24 12:27:59', 238),
(73, -1, 11, 2, '', 32, 0, '2026-03-24 12:27:59', 238),
(74, -1, 12, 2, '', 32, 0, '2026-03-24 12:27:59', 238),
(75, -1, 5, 150, '', 33, 0, '2026-03-26 16:41:24', 239),
(76, -1, 11, 6, '', 34, 0, '2026-03-30 02:34:25', 240),
(77, -1, 3, 1, '', 35, 0, '2026-03-30 02:43:42', 241),
(78, -1, 7, 1, '', 35, 0, '2026-03-30 02:43:42', 241),
(79, -1, 11, 2, '', 36, 0, '2026-03-30 14:54:54', 242),
(80, -1, 13, 1, '', 36, 0, '2026-03-30 14:54:54', 242),
(81, -1, 3, 20, '', 37, 0, '2026-04-01 20:58:52', 243),
(82, -1, 23, 14, '', 38, 0, '2026-04-05 15:00:41', 244),
(83, -1, 24, 4, '', 38, 0, '2026-04-05 15:00:41', 244),
(84, -1, 8, 1, '', 39, 0, '2026-04-05 21:49:39', 245),
(85, -1, 11, 6, '', 39, 0, '2026-04-05 21:49:39', 245),
(86, -1, 31, 5, '', 40, 0, '2026-04-07 04:44:45', 246),
(87, -1, 9, 1, '', 41, 0, '2026-04-11 14:53:26', 247),
(88, -1, 8, 1, '', 42, 0, '2026-04-12 01:58:12', 248),
(89, -1, 9, 1, '', 42, 0, '2026-04-12 01:58:12', 248),
(90, -1, 13, 1, '', 42, 0, '2026-04-12 01:58:12', 248),
(91, -1, 11, 1, '', 42, 0, '2026-04-12 01:58:12', 248),
(92, -1, 12, 2, '', 43, 0, '2026-04-12 02:00:41', 249),
(93, -1, 11, 30, '', 44, 0, '2026-04-12 22:55:01', 250),
(94, -1, 5, 300, '', 45, 0, '2026-04-14 18:40:44', 251),
(95, -1, 24, 2, '', 46, 0, '2026-04-15 02:39:30', 252),
(96, -1, 25, 2, '', 46, 0, '2026-04-15 02:39:30', 252),
(97, -1, 11, 10, '', 47, 0, '2026-04-16 01:08:09', 253),
(98, -1, 8, 10, '', 48, 0, '2026-04-16 15:12:44', 254),
(99, -1, 14, 11, '', 48, 0, '2026-04-16 15:12:44', 254),
(100, -1, 31, 6, '', 49, 0, '2026-04-16 15:23:02', 255),
(101, -1, 14, 4, '', 49, 0, '2026-04-16 15:23:02', 255),
(102, -1, 16, 1, '', 50, 0, '2026-04-16 15:24:32', 256),
(103, -1, 25, 20, '', 50, 0, '2026-04-16 15:24:32', 256),
(104, -1, 8, 1, '', 51, 0, '2026-04-17 00:31:03', 259),
(105, -1, 17, 4, '', 52, 0, '2026-04-19 21:43:35', 260),
(106, -1, 18, 4, '', 52, 0, '2026-04-19 21:43:35', 260),
(107, -1, 19, 10, '', 52, 0, '2026-04-19 21:43:35', 260),
(108, -1, 20, 10, '', 52, 0, '2026-04-19 21:43:35', 260),
(109, -1, 21, 10, '', 52, 0, '2026-04-19 21:43:35', 260),
(110, -1, 22, 10, '', 52, 0, '2026-04-19 21:43:35', 260),
(111, -1, 15, 1, '', 53, 0, '2026-04-19 21:47:06', 261),
(112, -1, 17, 10, '', 53, 0, '2026-04-19 21:47:06', 261),
(113, -1, 19, 10, '', 53, 0, '2026-04-19 21:47:06', 261),
(114, -1, 20, 6, '', 53, 0, '2026-04-19 21:47:06', 261),
(115, -1, 21, 10, '', 53, 0, '2026-04-19 21:47:06', 261),
(116, -1, 22, 6, '', 53, 0, '2026-04-19 21:47:06', 261),
(117, -1, 8, 5, '', 54, 0, '2026-04-19 21:50:08', 262),
(118, -1, 8, 5, '', 55, 0, '2026-04-23 01:43:24', 263),
(119, -1, 11, 2, '', 55, 0, '2026-04-23 01:43:24', 263),
(120, -1, 14, 2, '', 55, 0, '2026-04-23 01:43:24', 263),
(121, -1, 8, 5, '', 56, 0, '2026-04-23 01:44:09', 264),
(122, -1, 19, 4, '', 57, 0, '2026-04-24 22:48:19', 265),
(123, -1, 20, 4, '', 57, 0, '2026-04-24 22:48:19', 265),
(124, -1, 23, 4, '', 57, 0, '2026-04-24 22:48:19', 265),
(125, -1, 19, 16, '', 58, 0, '2026-04-26 23:47:23', 266),
(126, -1, 21, 16, '', 58, 0, '2026-04-26 23:47:23', 266),
(127, -1, 23, 16, '', 58, 0, '2026-04-26 23:47:23', 266),
(128, -1, 25, 16, '', 58, 0, '2026-04-26 23:47:23', 266),
(129, -1, 8, 10, '', 59, 0, '2026-04-27 01:15:38', 267),
(130, -1, 31, 1, '', 59, 0, '2026-04-27 01:15:38', 267),
(131, -1, 8, 2, '', 60, 0, '2026-04-27 01:18:20', 268),
(132, -1, 9, 2, '', 60, 0, '2026-04-27 01:18:20', 268),
(133, -1, 10, 2, '', 60, 0, '2026-04-27 01:18:20', 268),
(134, -1, 11, 2, '', 60, 0, '2026-04-27 01:18:20', 268),
(135, -1, 13, 1, '', 61, 0, '2026-04-27 01:36:47', 269),
(136, -1, 31, 2, '', 62, 0, '2026-04-28 12:38:06', 270),
(137, -1, 26, 4, '', 62, 0, '2026-04-28 12:38:06', 270),
(138, -1, 23, 2, '', 63, 0, '2026-04-28 12:39:14', 271),
(139, -1, 24, 4, '', 63, 0, '2026-04-28 12:39:14', 271),
(140, -1, 23, 30, '', 64, 0, '2026-04-28 12:40:27', 272),
(141, -1, 25, 10, '', 64, 0, '2026-04-28 12:40:27', 272),
(142, -1, 16, 1, '', 64, 0, '2026-04-28 12:40:27', 272),
(143, -1, 25, 2, '', 65, 0, '2026-04-28 12:41:32', 273),
(144, -1, 26, 2, '', 66, 0, '2026-04-29 00:48:55', 274),
(145, -1, 33, 8, '', 67, 0, '2026-05-04 15:59:49', 275),
(146, -1, 11, 2, '', 68, 0, '2026-05-05 14:33:51', 276),
(147, -1, 8, 5, '', 69, 0, '2026-05-05 14:37:46', 277),
(148, -1, 11, 4, '', 69, 0, '2026-05-05 14:37:46', 277),
(149, -1, 8, 1, '', 70, 0, '2026-05-06 01:51:25', 278),
(150, -1, 31, 1, '', 70, 0, '2026-05-06 01:51:25', 278),
(151, -1, 31, 5, '', 71, 0, '2026-05-06 01:52:54', 279),
(152, -1, 32, 4, '', 72, 0, '2026-05-06 01:53:42', 280),
(153, -1, 23, 6, '', 73, 0, '2026-05-06 01:54:51', 281),
(154, -1, 32, 4, '', 73, 0, '2026-05-06 01:54:51', 281),
(155, -1, 7, 7, '', 74, 0, '2026-05-09 03:44:31', 282),
(156, -1, 2, 5, '', 74, 0, '2026-05-09 03:44:31', 282),
(157, -1, 3, 7, '', 74, 0, '2026-05-09 03:44:31', 282),
(158, -1, 8, 5, '', 75, 0, '2026-05-12 03:37:14', 283),
(159, -1, 9, 2, '', 75, 0, '2026-05-12 03:37:14', 283),
(160, -1, 10, 3, '', 75, 0, '2026-05-12 03:37:14', 283),
(161, -1, 13, 2, '', 75, 0, '2026-05-12 03:37:14', 283),
(162, -1, 11, 3, '', 75, 0, '2026-05-12 03:37:14', 283),
(163, -1, 12, 3, '', 75, 0, '2026-05-12 03:37:14', 283),
(164, -1, 23, 6, '', 75, 0, '2026-05-12 03:37:14', 283),
(165, -1, 24, 16, '', 75, 0, '2026-05-12 03:37:14', 283),
(166, -1, 14, 2, '', 75, 0, '2026-05-12 03:37:14', 283),
(167, -1, 31, 3, '', 75, 0, '2026-05-12 03:37:14', 283),
(168, -1, 8, 3, '', 76, 0, '2026-05-12 03:38:33', 284),
(169, -1, 11, 1, '', 76, 0, '2026-05-12 03:38:33', 284),
(170, -1, 23, 10, '', 77, 0, '2026-05-12 15:17:59', 285),
(171, -1, 19, 20, '', 77, 0, '2026-05-12 15:17:59', 285),
(172, -1, 21, 20, '', 77, 0, '2026-05-12 15:17:59', 285),
(173, -1, 13, 4, '', 78, 0, '2026-05-12 15:19:13', 286),
(174, -1, 19, 10, '', 78, 0, '2026-05-12 15:19:13', 286),
(175, -1, 10, 1, '', 79, 0, '2026-05-14 04:42:10', 288),
(176, -1, 9, 1, '', 79, 0, '2026-05-14 04:42:10', 288),
(177, -1, 13, 1, '', 79, 0, '2026-05-14 04:42:10', 288),
(178, -1, 11, 1, '', 79, 0, '2026-05-14 04:42:10', 288),
(179, -1, 12, 1, '', 79, 0, '2026-05-14 04:42:10', 288),
(180, -1, 31, 12, '', 80, 0, '2026-05-14 04:46:43', 289),
(181, -1, 8, 2, '', 81, 0, '2026-05-18 14:44:59', 290),
(182, -1, 23, 40, '', 82, 0, '2026-05-18 14:50:38', 291),
(183, -1, 8, 1, '', 82, 0, '2026-05-18 14:50:38', 291),
(184, -1, 9, 1, '', 82, 0, '2026-05-18 14:50:38', 291),
(185, -1, 31, 3, '', 82, 0, '2026-05-18 14:50:38', 291),
(186, -1, 19, 4, '', 83, 0, '2026-05-19 10:06:39', 292),
(187, -1, 20, 2, '', 83, 0, '2026-05-19 10:06:39', 292),
(188, -1, 19, 9, '', 84, 0, '2026-05-19 10:08:56', 293),
(189, -1, 25, 10, '', 85, 0, '2026-05-19 10:13:00', 294),
(190, -1, 26, 6, '', 85, 0, '2026-05-19 10:13:00', 294),
(191, -1, 25, 10, '', 86, 0, '2026-05-19 10:13:53', 295),
(192, -1, 26, 6, '', 86, 0, '2026-05-19 10:13:53', 295),
(193, -1, 8, 12, '', 87, 0, '2026-05-20 11:20:25', 296),
(194, -1, 9, 5, '', 87, 0, '2026-05-20 11:20:25', 296),
(195, -1, 10, 4, '', 87, 0, '2026-05-20 11:20:25', 296),
(196, -1, 17, 20, '', 88, 0, '2026-05-20 11:41:10', 297),
(197, -1, 19, 46, '', 88, 0, '2026-05-20 11:41:10', 297),
(198, -1, 21, 40, '', 88, 0, '2026-05-20 11:41:10', 297),
(199, -1, 25, 20, '', 88, 0, '2026-05-20 11:41:10', 297),
(200, -1, 8, 14, '', 88, 0, '2026-05-20 11:41:10', 297),
(201, -1, 10, 2, '', 88, 0, '2026-05-20 11:41:10', 297),
(202, -1, 9, 2, '', 88, 0, '2026-05-20 11:41:10', 297),
(203, -1, 13, 2, '', 88, 0, '2026-05-20 11:41:10', 297),
(204, -1, 11, 4, '', 88, 0, '2026-05-20 11:41:10', 297),
(205, -1, 17, 30, '', 89, 0, '2026-05-21 12:01:33', 298),
(206, -1, 18, 20, '', 89, 0, '2026-05-21 12:01:33', 298),
(207, -1, 19, 20, '', 89, 0, '2026-05-21 12:01:33', 298),
(208, -1, 20, 14, '', 89, 0, '2026-05-21 12:01:33', 298),
(209, -1, 21, 20, '', 89, 0, '2026-05-21 12:01:33', 298),
(210, -1, 22, 10, '', 89, 0, '2026-05-21 12:01:33', 298),
(211, -1, 24, 20, '', 89, 0, '2026-05-21 12:01:33', 298),
(212, -1, 25, 20, '', 89, 0, '2026-05-21 12:01:33', 298),
(213, -1, 21, 10, '', 90, 0, '2026-05-21 12:04:17', 299),
(214, -1, 22, 2, '', 90, 0, '2026-05-21 12:04:17', 299),
(215, -1, 14, 1, '', 91, 0, '2026-05-21 12:05:21', 300),
(216, -1, 8, 2, '', 92, 0, '2026-05-23 04:08:51', 301),
(217, -1, 10, 1, '', 92, 0, '2026-05-23 04:08:51', 301),
(218, -1, 9, 1, '', 92, 0, '2026-05-23 04:08:51', 301),
(219, -1, 11, 3, '', 92, 0, '2026-05-23 04:08:51', 301),
(220, -1, 12, 4, '', 92, 0, '2026-05-23 04:08:51', 301),
(221, -1, 8, 20, '', 93, 0, '2026-05-24 02:35:52', 302),
(222, -1, 10, 5, '', 93, 0, '2026-05-24 02:35:52', 302),
(223, -1, 9, 5, '', 93, 0, '2026-05-24 02:35:52', 302),
(224, -1, 11, 10, '', 93, 0, '2026-05-24 02:35:52', 302),
(225, -1, 12, 10, '', 93, 0, '2026-05-24 02:35:52', 302),
(226, -1, 25, 20, '', 93, 0, '2026-05-24 02:35:52', 302),
(227, -1, 26, 20, '', 93, 0, '2026-05-24 02:35:52', 302),
(228, -1, 12, 1, '', 94, 0, '2026-05-25 03:11:07', 303),
(229, -1, 13, 1, '', 95, 0, '2026-05-30 03:26:20', 304),
(230, -1, 12, 1, '', 96, 0, '2026-05-30 03:35:21', 305),
(231, -1, 13, 1, '', 97, 0, '2026-05-30 03:36:06', 306),
(232, -1, 31, 1, '', 97, 0, '2026-05-30 03:36:06', 306),
(233, -1, 8, 2, '', 98, 0, '2026-05-30 03:39:10', 307),
(234, -1, 32, 1, '', 99, 0, '2026-05-30 15:50:22', 308),
(235, -1, 19, 20, '', 100, 0, '2026-05-31 15:55:59', 309),
(236, -1, 20, 10, '', 100, 0, '2026-05-31 15:55:59', 309),
(237, -1, 21, 10, '', 100, 0, '2026-05-31 15:55:59', 309),
(238, -1, 25, 20, '', 100, 0, '2026-05-31 15:55:59', 309),
(239, -1, 19, 9, '', 101, 0, '2026-06-01 02:20:43', 311),
(240, -1, 15, 2, '', 101, 0, '2026-06-01 02:20:43', 311),
(241, -1, 22, 16, '', 102, 0, '2026-06-04 03:23:51', 312),
(242, -1, 26, 20, '', 102, 0, '2026-06-04 03:23:51', 312),
(243, -1, 8, 3, '', 103, 0, '2026-06-04 03:26:00', 313),
(244, -1, 10, 3, '', 103, 0, '2026-06-04 03:26:00', 313),
(245, -1, 9, 3, '', 103, 0, '2026-06-04 03:26:00', 313),
(246, -1, 13, 3, '', 103, 0, '2026-06-04 03:26:00', 313),
(247, -1, 11, 3, '', 103, 0, '2026-06-04 03:26:00', 313),
(248, -1, 12, 3, '', 103, 0, '2026-06-04 03:26:00', 313),
(249, -1, 37, 1, '', 104, 0, '2026-06-04 03:27:01', 314),
(250, -1, 31, 5, '', 105, 0, '2026-06-04 03:28:08', 315),
(251, -1, 13, 1, '', 106, 0, '2026-06-04 03:40:26', 316),
(252, -1, 11, 1, '', 106, 0, '2026-06-04 03:40:26', 316),
(253, -1, 12, 1, '', 106, 0, '2026-06-04 03:40:26', 316),
(254, -1, 31, 2, '', 106, 0, '2026-06-04 03:40:26', 316),
(255, -1, 32, 2, '', 106, 0, '2026-06-04 03:40:26', 316),
(256, -1, 39, 1, '', 106, 0, '2026-06-04 03:40:26', 316),
(257, -1, 38, 1, '', 106, 0, '2026-06-04 03:40:26', 316),
(258, -1, 37, 1, '', 106, 0, '2026-06-04 03:40:26', 316),
(259, -1, 3, 2, '', 106, 0, '2026-06-04 03:40:26', 316),
(260, -1, 8, 4, '', 107, 0, '2026-06-04 03:42:09', 317),
(261, -1, 31, 1, '', 107, 0, '2026-06-04 03:42:09', 317),
(262, -1, 32, 1, '', 107, 0, '2026-06-04 03:42:09', 317),
(263, -1, 8, 4, '', 108, 0, '2026-06-04 03:44:35', 318),
(264, -1, 11, 3, '', 108, 0, '2026-06-04 03:44:35', 318),
(265, -1, 13, 1, '', 109, 0, '2026-06-05 01:34:58', 319),
(266, -1, 11, 1, '', 109, 0, '2026-06-05 01:34:58', 319),
(267, -1, 37, 25, '', 110, 0, '2026-06-05 01:36:27', 320),
(268, -1, 37, 1, '', 111, 0, '2026-06-06 00:54:08', 322),
(269, -1, 8, 6, '', 112, 0, '2026-06-06 14:52:08', 323),
(270, -1, 10, 6, '', 112, 0, '2026-06-06 14:52:08', 323),
(271, -1, 9, 6, '', 112, 0, '2026-06-06 14:52:08', 323),
(272, -1, 12, 1, '', 112, 0, '2026-06-06 14:52:08', 323),
(273, -1, 11, 3, '', 112, 0, '2026-06-06 14:52:08', 323),
(274, -1, 12, 2, '', 113, 0, '2026-06-06 22:11:12', 324),
(275, -1, 10, 1, '', 113, 0, '2026-06-06 22:11:12', 324),
(276, -1, 9, 1, '', 113, 0, '2026-06-06 22:11:12', 324),
(277, -1, 8, 10, '', 114, 0, '2026-06-07 16:33:19', 325),
(278, -1, 9, 5, '', 114, 0, '2026-06-07 16:33:19', 325),
(279, -1, 10, 5, '', 114, 0, '2026-06-07 16:33:19', 325),
(280, -1, 11, 2, '', 114, 0, '2026-06-07 16:33:19', 325),
(281, -1, 12, 2, '', 114, 0, '2026-06-07 16:33:19', 325),
(282, -1, 8, 1, '', 115, 0, '2026-06-07 16:34:15', 326),
(283, -1, 25, 10, '', 115, 0, '2026-06-07 16:34:15', 326),
(284, -1, 25, 30, '', 116, 0, '2026-06-08 11:54:40', 327),
(285, -1, 21, 10, '', 116, 0, '2026-06-08 11:54:40', 327),
(286, -1, 22, 10, '', 116, 0, '2026-06-08 11:54:40', 327),
(287, -1, 25, 10, '', 117, 0, '2026-06-08 11:57:40', 328),
(288, -1, 31, 30, '', 118, 0, '2026-06-09 02:45:53', 329),
(289, -1, 32, 120, '', 118, 0, '2026-06-09 02:45:53', 329),
(290, -1, 13, 2, '', 118, 0, '2026-06-09 02:45:53', 329),
(291, -1, 11, 3, '', 118, 0, '2026-06-09 02:45:53', 329),
(292, -1, 8, 2, '', 119, 0, '2026-06-09 17:41:25', 331),
(293, -1, 9, 4, '', 119, 0, '2026-06-09 17:41:25', 331),
(294, -1, 20, 6, '', 120, 0, '2026-06-10 14:32:59', 332),
(295, -1, 21, 10, '', 120, 0, '2026-06-10 14:32:59', 332),
(296, -1, 11, 6, '', 121, 0, '2026-06-13 16:17:53', 333),
(297, -1, 15, 4, '', 121, 0, '2026-06-13 16:17:53', 333),
(298, -1, 16, 6, '', 121, 0, '2026-06-13 16:17:53', 333),
(299, -1, 21, 4, '', 121, 0, '2026-06-13 16:17:53', 333),
(300, -1, 38, 100, '', 122, 0, '2026-06-17 08:35:59', 334),
(301, -1, 31, 10, '', 122, 0, '2026-06-17 08:35:59', 334),
(302, -1, 32, 30, '', 122, 0, '2026-06-17 08:35:59', 334),
(303, -1, 8, 20, '', 123, 0, '2026-06-20 16:14:29', 335),
(304, -1, 17, 6, '', 123, 0, '2026-06-20 16:14:29', 335),
(305, -1, 18, 6, '', 123, 0, '2026-06-20 16:14:29', 335),
(306, -1, 19, 20, '', 123, 0, '2026-06-20 16:14:29', 335),
(307, -1, 20, 10, '', 123, 0, '2026-06-20 16:14:29', 335),
(308, -1, 21, 10, '', 123, 0, '2026-06-20 16:14:29', 335),
(309, -1, 18, 6, '', 124, 0, '2026-06-20 21:34:20', 336),
(310, -1, 19, 4, '', 124, 0, '2026-06-20 21:34:20', 336),
(311, -1, 20, 4, '', 124, 0, '2026-06-20 21:34:20', 336),
(312, -1, 21, 4, '', 124, 0, '2026-06-20 21:34:20', 336),
(313, -1, 22, 4, '', 124, 0, '2026-06-20 21:34:20', 336),
(314, -1, 25, 10, '', 125, 0, '2026-06-20 21:38:08', 337),
(315, -1, 19, 10, '', 125, 0, '2026-06-20 21:38:08', 337),
(316, -1, 16, 1, '', 125, 0, '2026-06-20 21:38:08', 337),
(317, -1, 8, 50, '', 126, 0, '2026-06-21 00:12:31', 338),
(318, -1, 9, 20, '', 126, 0, '2026-06-21 00:12:31', 338),
(319, -1, 10, 5, '', 126, 0, '2026-06-21 00:12:31', 338),
(320, -1, 32, 120, '', 126, 0, '2026-06-21 00:12:31', 338);

-- --------------------------------------------------------

--
-- Table structure for table `restaurantorder`
--

CREATE TABLE IF NOT EXISTS `restaurantorder` (
  `id` int(11) NOT NULL AUTO_INCREMENT,
  `hallUserId` int(11) NOT NULL,
  `tableId` int(11) NOT NULL,
  `totalBill` decimal(10,2) NOT NULL,
  `discount` decimal(10,2) NOT NULL,
  `tax` decimal(10,2) NOT NULL DEFAULT '0.00',
  `netBill` decimal(10,2) NOT NULL,
  `finished` tinyint(4) NOT NULL COMMENT '0 not finished - 1 finished',
  `sellBillId` int(11) NOT NULL,
  `userId` int(11) NOT NULL,
  `sysdate` datetime NOT NULL,
  `del` tinyint(4) NOT NULL,
  `daySreial` int(11) NOT NULL,
  `billComment` text CHARACTER SET utf8 NOT NULL,
  `payed` decimal(10,2) NOT NULL DEFAULT '0.00',
  `restaurantplaystationplayid` int(11) NOT NULL DEFAULT '0',
  `rest` decimal(8,2) NOT NULL DEFAULT '0.00',
  PRIMARY KEY (`id`)
) ENGINE=InnoDB DEFAULT CHARSET=latin1 AUTO_INCREMENT=1 ;

-- --------------------------------------------------------

--
-- Table structure for table `restaurantorderdeliverydetails`
--

CREATE TABLE IF NOT EXISTS `restaurantorderdeliverydetails` (
  `id` int(11) NOT NULL AUTO_INCREMENT,
  `orderId` int(11) NOT NULL,
  `clientId` int(11) NOT NULL,
  `clientmobile` tinyint(4) NOT NULL COMMENT '0 hide- 1 show',
  `clientphone` tinyint(4) NOT NULL COMMENT '0 hide- 1 show',
  `clientaddress` tinyint(4) NOT NULL COMMENT '0 hide- 1 show',
  `clientdetails` tinyint(4) NOT NULL COMMENT '0 hide- 1 show',
  `driverId` int(11) NOT NULL,
  `driverReciveDate` datetime NOT NULL,
  `deliveryStatus` tinyint(4) NOT NULL COMMENT '0 new -1 assigned to driver - 2 finish',
  PRIMARY KEY (`id`)
) ENGINE=InnoDB DEFAULT CHARSET=latin1 AUTO_INCREMENT=1 ;

-- --------------------------------------------------------

--
-- Table structure for table `restaurantorderdetails`
--

CREATE TABLE IF NOT EXISTS `restaurantorderdetails` (
  `id` int(11) NOT NULL AUTO_INCREMENT,
  `orderId` int(11) NOT NULL,
  `productId` int(11) NOT NULL,
  `quantity` decimal(10,2) NOT NULL,
  `price` decimal(10,2) NOT NULL,
  `total` decimal(10,2) NOT NULL,
  `notes` text NOT NULL,
  `notesPrinted` text NOT NULL,
  `isPrinted` tinyint(4) NOT NULL,
  `printedQuantity` int(11) NOT NULL,
  PRIMARY KEY (`id`)
) ENGINE=InnoDB DEFAULT CHARSET=latin1 AUTO_INCREMENT=1 ;

-- --------------------------------------------------------

--
-- Table structure for table `restaurantplaystation`
--

CREATE TABLE IF NOT EXISTS `restaurantplaystation` (
  `id` int(11) NOT NULL AUTO_INCREMENT,
  `name` varchar(255) COLLATE utf8mb4_unicode_ci NOT NULL,
  `hourPrice` float NOT NULL,
  `beingUsed` tinyint(4) NOT NULL COMMENT '0 empty-1 is used now',
  `tableId` int(11) NOT NULL,
  `serviceId` int(11) NOT NULL,
  `userId` int(11) NOT NULL,
  `sysdate` datetime NOT NULL,
  `del` tinyint(4) NOT NULL,
  `theType` tinyint(4) NOT NULL COMMENT 'it is to be deleted below it doesnot exist',
  `deviceIdentification` varchar(255) COLLATE utf8mb4_unicode_ci NOT NULL,
  `subDeviceIdentification` varchar(255) COLLATE utf8mb4_unicode_ci NOT NULL,
  `useSubIdentification` tinyint(4) NOT NULL,
  `hourPriceMulti` float NOT NULL,
  PRIMARY KEY (`id`)
) ENGINE=InnoDB DEFAULT CHARSET=utf8mb4 COLLATE=utf8mb4_unicode_ci AUTO_INCREMENT=1 ;

-- --------------------------------------------------------

--
-- Table structure for table `restaurantplaystationplay`
--

CREATE TABLE IF NOT EXISTS `restaurantplaystationplay` (
  `id` int(11) NOT NULL AUTO_INCREMENT,
  `playstationid` int(11) NOT NULL,
  `hourPrice` float NOT NULL,
  `startsysDate` datetime NOT NULL,
  `endsysDate` datetime NOT NULL,
  `duration` time NOT NULL,
  `note` text COLLATE utf8mb4_unicode_ci NOT NULL,
  `totalPrice` float NOT NULL,
  `discount` float NOT NULL,
  `tax` float NOT NULL,
  `netPrice` float NOT NULL,
  `payed` float NOT NULL,
  `finished` tinyint(4) NOT NULL,
  `sellBillId` int(11) NOT NULL,
  `userId` int(11) NOT NULL,
  `sysdate` datetime NOT NULL,
  `del` tinyint(4) NOT NULL,
  `reservationType` tinyint(4) NOT NULL COMMENT '0 open - 1 with timer',
  `reservationHours` int(11) NOT NULL,
  `reservationMinutes` int(11) NOT NULL,
  `reservationEndDateTime` datetime NOT NULL,
  `moveStartSysDate` datetime NOT NULL COMMENT 'used in move psplay',
  `moveDuration` time NOT NULL COMMENT 'used in move psplay',
  `oldPsPlayid` int(11) NOT NULL DEFAULT '0' COMMENT 'used in move psplay',
  `startPrice` float NOT NULL DEFAULT '0' COMMENT 'used in move psplay  it is sum of price of all previous plastation play',
  `cardPayed` float NOT NULL,
  `cashPayed` float NOT NULL,
  `psClientCardId` int(11) NOT NULL,
  `priceIs` tinyint(4) NOT NULL COMMENT '0 hourPrice - 1 hourPriceMulti',
  `hourPriceMulti` float NOT NULL,
  `allMovesUnitedSellBillId` int(11) NOT NULL DEFAULT '0' COMMENT 'it is sellbill id made to all movenent from playstation to another and from single to multi as we need it to identify them and use it in print',
  PRIMARY KEY (`id`)
) ENGINE=InnoDB DEFAULT CHARSET=utf8mb4 COLLATE=utf8mb4_unicode_ci AUTO_INCREMENT=1 ;

-- --------------------------------------------------------

--
-- Table structure for table `restaurantprinter`
--

CREATE TABLE IF NOT EXISTS `restaurantprinter` (
  `id` int(11) NOT NULL AUTO_INCREMENT,
  `name` varchar(255) NOT NULL,
  `cats` varchar(400) NOT NULL,
  `userid` int(11) NOT NULL,
  `sysdate` date NOT NULL,
  `del` tinyint(4) NOT NULL,
  PRIMARY KEY (`id`)
) ENGINE=InnoDB DEFAULT CHARSET=latin1 AUTO_INCREMENT=1 ;

-- --------------------------------------------------------

--
-- Table structure for table `restaurantrawdestruction`
--

CREATE TABLE IF NOT EXISTS `restaurantrawdestruction` (
  `id` int(11) NOT NULL AUTO_INCREMENT,
  `storeid` int(11) NOT NULL,
  `productid` int(11) NOT NULL,
  `quantity` int(11) NOT NULL,
  `productBuyPrice` decimal(10,2) NOT NULL,
  `lastbuyprice` decimal(10,2) NOT NULL,
  `meanbuyprice` decimal(10,2) NOT NULL,
  `lastbuyprice_withDiscount` decimal(10,2) DEFAULT NULL,
  `meanbuyprice_withDiscount` decimal(10,2) DEFAULT NULL,
  `conditions` tinyint(4) NOT NULL,
  `sysdate` date NOT NULL,
  `userid` int(11) NOT NULL,
  `operationNum` int(11) NOT NULL,
  `sizeid` int(11) NOT NULL DEFAULT '0',
  `colorid` int(11) NOT NULL DEFAULT '0',
  `realestateid` int(11) NOT NULL DEFAULT '0',
  `realestateunitid` int(11) NOT NULL DEFAULT '0',
  `lastbuyprice_withTax` decimal(10,2) DEFAULT NULL,
  `meanbuyprice_withTax` decimal(10,2) DEFAULT NULL,
  `note` text CHARACTER SET utf8mb4 COLLATE utf8mb4_unicode_ci NOT NULL,
  PRIMARY KEY (`id`)
) ENGINE=InnoDB DEFAULT CHARSET=latin1 AUTO_INCREMENT=1 ;

-- --------------------------------------------------------

--
-- Table structure for table `restauranttable`
--

CREATE TABLE IF NOT EXISTS `restauranttable` (
  `id` int(11) NOT NULL AUTO_INCREMENT,
  `hallid` int(11) NOT NULL,
  `name` varchar(255) NOT NULL,
  `beingUsed` tinyint(4) NOT NULL COMMENT '0 empty-1 is used now',
  `userId` int(11) NOT NULL,
  `sysdate` date NOT NULL,
  `del` tinyint(4) NOT NULL,
  PRIMARY KEY (`id`)
) ENGINE=InnoDB DEFAULT CHARSET=latin1 AUTO_INCREMENT=1 ;

-- --------------------------------------------------------

--
-- Table structure for table `resturantcategory`
--

CREATE TABLE IF NOT EXISTS `resturantcategory` (
  `id` int(11) NOT NULL AUTO_INCREMENT,
  `category_id` varchar(160) CHARACTER SET utf8mb4 COLLATE utf8mb4_unicode_ci NOT NULL,
  `product_id` int(11) DEFAULT NULL,
  `date` date NOT NULL,
  PRIMARY KEY (`id`)
) ENGINE=InnoDB  DEFAULT CHARSET=latin1 AUTO_INCREMENT=4 ;

--
-- Dumping data for table `resturantcategory`
--

INSERT INTO `resturantcategory` (`id`, `category_id`, `product_id`, `date`) VALUES
(1, '', 0, '0000-00-00'),
(2, '', 0, '0000-00-00'),
(3, '', 0, '0000-00-00');

-- --------------------------------------------------------

--
-- Table structure for table `returnbuybill`
--

CREATE TABLE IF NOT EXISTS `returnbuybill` (
  `returnbuybillid` int(11) NOT NULL AUTO_INCREMENT,
  `returnbuybillSerial` varchar(255) DEFAULT NULL,
  `returnbuybilldate` datetime DEFAULT NULL,
  `returnbuybillsupplierid` int(11) NOT NULL,
  `returnbuybilltotaldeptbefor` decimal(10,2) NOT NULL,
  `returnbuybilltotaldeptafter` decimal(10,2) NOT NULL,
  `returnbuybilldiscount` varchar(255) NOT NULL DEFAULT '',
  `returnbuybilldiscountrype` int(11) NOT NULL DEFAULT '0',
  `returnbuybilltotalbill` decimal(10,2) NOT NULL,
  `returnbuybillaftertotalbill` decimal(10,2) NOT NULL,
  `returnbuybilltotalpayed` decimal(10,2) NOT NULL,
  `returnbuybillfinalbill` decimal(10,2) NOT NULL,
  `returnbuybillstoreid` int(11) NOT NULL,
  `returnbuybillsysdate` datetime NOT NULL,
  `comment` text NOT NULL,
  `userid` int(11) NOT NULL,
  `conditions` int(11) NOT NULL DEFAULT '0',
  `returnbuybillclientname` varchar(255) NOT NULL DEFAULT '',
  `returnbuybillsaveid` int(11) NOT NULL,
  `billnameid` int(11) NOT NULL,
  `returnbuybilldirectpayment` int(11) NOT NULL DEFAULT '0',
  `deletedbuyid` int(11) DEFAULT NULL,
  `controlname` varchar(255) NOT NULL,
  `payedtax` decimal(10,2) NOT NULL DEFAULT '0.00',
  `costcenterid` int(11) DEFAULT '0',
  `dailyentryid` varchar(100) NOT NULL DEFAULT '',
  `delbyuserid` int(11) NOT NULL DEFAULT '0',
  `currencyId` int(11) NOT NULL DEFAULT '1',
  `taxOfDiscountPer` float NOT NULL DEFAULT '0',
  `taxOfDiscountVal` float NOT NULL DEFAULT '0',
  `client` int(11) NOT NULL DEFAULT '0',
  `returnbuybilladdition` varchar(255) NOT NULL DEFAULT '',
  `returnbuybilladditiontrype` int(11) NOT NULL DEFAULT '0',
  PRIMARY KEY (`returnbuybillid`)
) ENGINE=InnoDB DEFAULT CHARSET=utf8 AUTO_INCREMENT=1 ;

-- --------------------------------------------------------

--
-- Table structure for table `returnbuybillcurr`
--

CREATE TABLE IF NOT EXISTS `returnbuybillcurr` (
  `id` int(11) NOT NULL AUTO_INCREMENT,
  `buybillid` int(11) NOT NULL,
  `conversionFactor` float NOT NULL DEFAULT '1',
  `returnbuybilldiscountC` varchar(255) NOT NULL DEFAULT '',
  `returnbuybilltotalbillC` decimal(10,2) NOT NULL,
  `returnbuybillaftertotalbillC` decimal(10,2) NOT NULL,
  `returnbuybilltotalpayedC` decimal(10,2) NOT NULL,
  `returnbuybillfinalbillC` decimal(10,2) NOT NULL,
  `returnbuybilldirectpaymentC` int(11) NOT NULL DEFAULT '0',
  `payedtaxC` decimal(10,2) NOT NULL DEFAULT '0.00',
  `saveConversionFactor` float NOT NULL DEFAULT '1',
  `returnbuybilladditionC` varchar(255) NOT NULL DEFAULT '',
  PRIMARY KEY (`id`)
) ENGINE=InnoDB DEFAULT CHARSET=utf8 AUTO_INCREMENT=1 ;

-- --------------------------------------------------------

--
-- Table structure for table `returnbuybilldetail`
--

CREATE TABLE IF NOT EXISTS `returnbuybilldetail` (
  `returnbuybilldetailid` int(11) NOT NULL AUTO_INCREMENT,
  `Parcode` varchar(255) NOT NULL DEFAULT '',
  `returnbuybillid` int(11) NOT NULL,
  `returnbuybilldetailcatid` int(11) NOT NULL,
  `returnbuybilldetailproductid` int(11) NOT NULL,
  `returnbuybilldetailquantity` decimal(10,2) NOT NULL,
  `returnbuybilldetailprice` decimal(10,2) NOT NULL,
  `returnbuybilldetailtotalprice` decimal(10,2) NOT NULL,
  `discountvalue` decimal(10,2) NOT NULL,
  `note` varchar(256) DEFAULT NULL,
  `productunitid` int(11) NOT NULL,
  `lastbuyprice` decimal(10,2) DEFAULT NULL,
  `meanbuyprice` decimal(10,2) DEFAULT NULL,
  `lastbuyprice_withDiscount` decimal(10,2) DEFAULT NULL,
  `meanbuyprice_withDiscount` decimal(10,2) DEFAULT NULL,
  `otherdetailquantity` int(11) NOT NULL DEFAULT '0',
  `sizeid` int(11) NOT NULL DEFAULT '0',
  `colorid` int(11) NOT NULL DEFAULT '0',
  `returnbuybilldetailpriceC` decimal(10,2) NOT NULL,
  `returnbuybilldetailtotalpriceC` decimal(10,2) NOT NULL,
  `discountvalueC` decimal(10,2) NOT NULL,
  `discounttype` decimal(10,2) NOT NULL DEFAULT '0.00' COMMENT 'discount percentage like 5%',
  `rowtaxval` decimal(10,2) NOT NULL,
  `rowtaxper` decimal(10,2) NOT NULL DEFAULT '0.00' COMMENT 'like 5%',
  `lastbuyprice_withTax` decimal(10,2) DEFAULT NULL,
  `meanbuyprice_withTax` decimal(10,2) DEFAULT NULL,
  `lastbuyprice_withDiscountAndTax` decimal(10,2) DEFAULT NULL,
  `storeid` int(11) NOT NULL DEFAULT '0',
  PRIMARY KEY (`returnbuybilldetailid`)
) ENGINE=InnoDB DEFAULT CHARSET=utf8 AUTO_INCREMENT=1 ;

-- --------------------------------------------------------

--
-- Table structure for table `returnsellbill`
--

CREATE TABLE IF NOT EXISTS `returnsellbill` (
  `returnsellbillid` int(11) NOT NULL AUTO_INCREMENT,
  `returnsellbilldate` datetime DEFAULT NULL,
  `returnsellbillserial` varchar(5000) DEFAULT NULL,
  `returnsellbillclientid` int(11) NOT NULL,
  `returnsellbilltotaldeptbefor` decimal(10,2) NOT NULL,
  `returnsellbilltotaldeptafter` decimal(10,2) NOT NULL,
  `returnsellbilldiscount` varchar(255) NOT NULL DEFAULT '',
  `returnsellbilldiscounttype` int(11) NOT NULL DEFAULT '1' COMMENT '1 for direct- 2 for percent',
  `returnsellbilltotalbill` decimal(10,2) NOT NULL,
  `returnsellbillaftertotalbill` decimal(10,2) NOT NULL,
  `returnsellbilltotalpayed` decimal(10,2) NOT NULL,
  `returnsellbillfinalbill` decimal(10,2) NOT NULL,
  `returnsellbillstoreid` int(11) NOT NULL,
  `returnsellbillsysdate` datetime NOT NULL,
  `comment` text NOT NULL,
  `userid` int(11) NOT NULL,
  `conditions` int(11) NOT NULL DEFAULT '0',
  `returnsellbillclientname` text NOT NULL,
  `returnsellbillsaveid` int(11) NOT NULL,
  `returnsellbildirectpayment` int(11) NOT NULL DEFAULT '0',
  `billnameid` int(11) NOT NULL,
  `sellerid` int(11) NOT NULL,
  `tempclientName` varchar(255) NOT NULL,
  `returnsellQuantity` decimal(10,2) NOT NULL,
  `deletedsellid` int(11) NOT NULL DEFAULT '0',
  `controlname` varchar(255) NOT NULL DEFAULT '0',
  `tax` decimal(10,2) NOT NULL DEFAULT '0.00',
  `carnumber` varchar(255) NOT NULL,
  `cartype` varchar(255) NOT NULL,
  `carchase` varchar(255) NOT NULL,
  `carmotor` varchar(255) NOT NULL,
  `costcenterid` int(11) DEFAULT NULL,
  `dailyentryid` varchar(100) NOT NULL DEFAULT '',
  `delbyuserid` int(11) NOT NULL DEFAULT '0',
  `lastReviewType` tinyint(4) NOT NULL DEFAULT '0',
  `lastReviewUser` int(11) DEFAULT NULL,
  `lastReviewDateTime` datetime DEFAULT NULL,
  `billReservation` tinyint(4) NOT NULL DEFAULT '0',
  `billReservationDate` date NOT NULL,
  `visaAccountId` int(11) NOT NULL DEFAULT '0',
  `cashPayed` decimal(10,2) NOT NULL,
  `visaPayed` decimal(10,2) NOT NULL,
  `isBankAccountTransfer` tinyint(4) NOT NULL DEFAULT '0',
  `extraDiscountPer` float NOT NULL DEFAULT '0',
  `extraDiscountVal` float NOT NULL DEFAULT '0',
  `taxOfDiscountPer` float NOT NULL DEFAULT '0',
  `taxOfDiscountVal` float NOT NULL DEFAULT '0',
  `autoSaveFlag` tinyint(4) NOT NULL DEFAULT '0' COMMENT '0 completed in sellbillcontrol, 1 not completed still temp saved in ajax',
  `obgyBillType` tinyint(4) NOT NULL DEFAULT '0',
  `billoperationid` int(11) NOT NULL DEFAULT '0',
  `obygyVisitId` int(11) DEFAULT '0' COMMENT 'has id of refund visitid not main visit id we making refund on it',
  `pricetype` tinyint(4) NOT NULL DEFAULT '0',
  `currencyId` int(11) NOT NULL DEFAULT '1',
  `sellbillno` varchar(255) DEFAULT NULL,
  `returnsellbilltypeclientid` int(11) NOT NULL DEFAULT '0',
  PRIMARY KEY (`returnsellbillid`),
  KEY `returnsellbilldate` (`returnsellbilldate`),
  KEY `returnsellbillclientid` (`returnsellbillclientid`),
  KEY `obgyBillType` (`obgyBillType`),
  KEY `pricetype` (`pricetype`),
  KEY `returnsellbillstoreid` (`returnsellbillstoreid`),
  KEY `sellerid` (`sellerid`),
  KEY `userid` (`userid`),
  KEY `conditions` (`conditions`)
) ENGINE=InnoDB  DEFAULT CHARSET=utf8 AUTO_INCREMENT=20 ;

--
-- Dumping data for table `returnsellbill`
--

INSERT INTO `returnsellbill` (`returnsellbillid`, `returnsellbilldate`, `returnsellbillserial`, `returnsellbillclientid`, `returnsellbilltotaldeptbefor`, `returnsellbilltotaldeptafter`, `returnsellbilldiscount`, `returnsellbilldiscounttype`, `returnsellbilltotalbill`, `returnsellbillaftertotalbill`, `returnsellbilltotalpayed`, `returnsellbillfinalbill`, `returnsellbillstoreid`, `returnsellbillsysdate`, `comment`, `userid`, `conditions`, `returnsellbillclientname`, `returnsellbillsaveid`, `returnsellbildirectpayment`, `billnameid`, `sellerid`, `tempclientName`, `returnsellQuantity`, `deletedsellid`, `controlname`, `tax`, `carnumber`, `cartype`, `carchase`, `carmotor`, `costcenterid`, `dailyentryid`, `delbyuserid`, `lastReviewType`, `lastReviewUser`, `lastReviewDateTime`, `billReservation`, `billReservationDate`, `visaAccountId`, `cashPayed`, `visaPayed`, `isBankAccountTransfer`, `extraDiscountPer`, `extraDiscountVal`, `taxOfDiscountPer`, `taxOfDiscountVal`, `autoSaveFlag`, `obgyBillType`, `billoperationid`, `obygyVisitId`, `pricetype`, `currencyId`, `sellbillno`, `returnsellbilltypeclientid`) VALUES
(1, '2025-12-30 00:11:16', '06952fc46962c6', 10, '59680.00', '42330.00', '0', 1, '17350.00', '17350.00', '0.00', '-17350.00', 1, '2025-12-30 00:11:16', '', 1, 0, 'محمد الزهيرى', 1, 1, 5, 0, ' محمد الزهيرى', '7.00', 0, '0', '0.00', '', '', '', '', -1, '261,0,262', 0, 0, NULL, NULL, 0, '0000-00-00', 0, '0.00', '0.00', 0, 0, 0, 0, 0, 0, 0, -1, 0, 0, 1, '', 0),
(2, '2025-12-30 00:33:38', '06953019061b62', 13, '83249.00', '71449.00', '0', 1, '11800.00', '11800.00', '0.00', '-11800.00', 1, '2025-12-30 00:33:38', '', 1, 0, 'اسامه زغمور', 1, 1, 5, 0, ' اسامه زغمور', '4.00', 0, '0', '0.00', '', '', '', '', -1, '294,0,295', 0, 0, NULL, NULL, 0, '0000-00-00', 0, '0.00', '0.00', 0, 0, 0, 0, 0, 0, 0, -1, 0, 0, 1, '', 0),
(3, '2025-12-30 02:14:15', '06953192859eed', 18, '8750.00', '0.00', '0', 1, '8750.00', '8750.00', '0.00', '-8750.00', 1, '2025-12-30 02:14:15', '', 1, 0, 'علاء رخا', 1, 1, 5, 0, ' علاء رخا', '3.00', 0, '0', '0.00', '', '', '', '', -1, '380,0,381', 0, 0, NULL, NULL, 0, '0000-00-00', 0, '0.00', '0.00', 0, 0, 0, 0, 0, 0, 0, -1, 0, 0, 1, '', 0),
(4, '2025-12-30 02:15:45', '06953199b57b16', 18, '2600.00', '0.00', '0', 1, '2600.00', '2600.00', '0.00', '-2600.00', 1, '2025-12-30 02:15:45', '', 1, 0, 'علاء رخا', 1, 1, 5, 0, ' علاء رخا', '1.00', 0, '0', '0.00', '', '', '', '', -1, '385,0,386', 0, 0, NULL, NULL, 0, '0000-00-00', 0, '0.00', '0.00', 0, 0, 0, 0, 0, 0, 0, -1, 0, 0, 1, '', 0),
(5, '2025-12-30 15:58:43', '06953da516713b', 19, '188000.00', '150100.00', '0', 1, '37900.00', '37900.00', '0.00', '-37900.00', 1, '2025-12-30 15:58:43', '', 1, 0, 'بازار الجمهوريه', 1, 1, 5, 0, ' بازار الجمهوريه', '21.00', 0, '0', '0.00', '', '', '', '', -1, '496,0,497', 0, 0, NULL, NULL, 0, '0000-00-00', 0, '0.00', '0.00', 0, 0, 0, 0, 0, 0, 0, -1, 0, 0, 1, '', 0),
(6, '2025-12-30 16:02:06', '06953db2bc1f70', 19, '75300.00', '55500.00', '0', 1, '19800.00', '19800.00', '0.00', '-19800.00', 1, '2025-12-30 16:02:06', '', 1, 0, 'بازار الجمهوريه', 1, 1, 5, 0, ' بازار الجمهوريه', '8.00', 0, '0', '0.00', '', '', '', '', -1, '501,0,502', 0, 0, NULL, NULL, 0, '0000-00-00', 0, '0.00', '0.00', 0, 0, 0, 0, 0, 0, 0, -1, 0, 0, 1, '', 0),
(7, '2026-01-18 21:54:16', '0696d3a35ed628', 8, '333305.00', '320305.00', '0', 1, '13000.00', '13000.00', '0.00', '-13000.00', 1, '2026-01-18 21:54:16', '', 1, 0, 'احمد طه', 1, 1, 5, 0, ' احمد طه', '10.00', 0, '0', '0.00', '', '', '', '', -1, '1013,0,1014', 0, 0, NULL, NULL, 0, '0000-00-00', 0, '0.00', '0.00', 0, 0, 0, 0, 0, 0, 0, -1, 0, 0, 1, '', 0),
(8, '2026-01-18 21:55:03', '0696d3a76bb8f2', 2, '1906550.00', '1894550.00', '0', 1, '12000.00', '12000.00', '0.00', '-12000.00', 1, '2026-01-18 21:55:03', '', 1, 0, 'حمدى بدر', 1, 1, 5, 0, ' حمدى بدر', '5.00', 0, '0', '0.00', '', '', '', '', -1, '1015,0,1016', 0, 0, NULL, NULL, 0, '0000-00-00', 0, '0.00', '0.00', 0, 0, 0, 0, 0, 0, 0, -1, 0, 0, 1, '', 0),
(9, '2026-01-23 02:32:32', '06972c17aacf6a', 16, '73650.00', '69300.00', '0', 1, '4350.00', '4350.00', '0.00', '-4350.00', 1, '2026-01-23 02:32:32', '', 1, 0, 'مصطÙى صلاح', 1, 1, 5, 0, ' مصطÙى صلاح', '1.00', 0, '0', '0.00', '', '', '', '', -1, '1049,0,1050', 0, 0, NULL, NULL, 0, '0000-00-00', 0, '0.00', '0.00', 0, 0, 0, 0, 0, 0, 0, -1, 0, 0, 1, '', 0),
(10, '2026-01-27 19:27:11', '06978f4d4e37f0', 17, '85550.00', '41350.00', '0', 1, '44200.00', '44200.00', '0.00', '-44200.00', 1, '2026-01-27 19:27:11', '', 1, 0, 'محمد صبرى', 1, 1, 5, 0, ' محمد صبرى', '8.00', 0, '0', '0.00', '', '', '', '', -1, '1075,0,1076', 0, 0, NULL, NULL, 0, '0000-00-00', 0, '0.00', '0.00', 0, 0, 0, 0, 0, 0, 0, -1, 0, 0, 1, '', 0),
(11, '2026-02-05 01:12:21', '06983d1c0821f5', 15, '295315.00', '161815.00', '0', 1, '133500.00', '133500.00', '0.00', '-133500.00', 1, '2026-02-05 01:12:21', '', 1, 0, 'الياسين اولاد مجدى', 1, 1, 5, 0, ' الياسين اولاد مجدى', '30.00', 0, '0', '0.00', '', '', '', '', -1, '1099,0,1100', 0, 0, NULL, NULL, 0, '0000-00-00', 0, '0.00', '0.00', 0, 0, 0, 0, 0, 0, 0, -1, 0, 0, 1, '', 0),
(12, '2026-03-09 21:28:25', '069af1c45a3bb6', 6, '61150.00', '7450.00', '0', 1, '53700.00', '53700.00', '0.00', '-53700.00', 1, '2026-03-09 21:28:25', '', 1, 0, 'عابد طلبه', 1, 1, 5, 0, ' عابد طلبه', '27.00', 0, '0', '0.00', '', '', '', '', -1, '1246,0,1247', 0, 0, NULL, NULL, 0, '0000-00-00', 0, '0.00', '0.00', 0, 0, 0, 0, 0, 0, 0, -1, 0, 0, 1, '', 0),
(13, '2026-03-15 22:37:22', '069b717d99c9c5', 8, '218105.00', '39905.00', '0', 1, '178200.00', '178200.00', '0.00', '-178200.00', 1, '2026-03-15 22:37:22', '', 1, 0, 'احمد طه', 1, 1, 5, 0, ' احمد طه', '37.00', 0, '0', '0.00', '', '', '', '', -1, '1279,0,1280', 0, 0, NULL, NULL, 0, '0000-00-00', 0, '0.00', '0.00', 0, 0, 0, 0, 0, 0, 0, -1, 0, 0, 1, '', 0),
(14, '2026-04-19 21:48:02', '069e53143c8c8a', 18, '5300.00', '0.00', '0', 1, '5300.00', '5300.00', '0.00', '-5300.00', 1, '2026-04-19 21:48:02', '', 1, 0, 'علاء رخا', 1, 1, 5, 0, ' علاء رخا', '2.00', 0, '0', '0.00', '', '', '', '', -1, '1442,0,1443', 0, 0, NULL, NULL, 0, '0000-00-00', 0, '0.00', '0.00', 0, 0, 0, 0, 0, 0, 0, -1, 0, 0, 1, '', 0),
(15, '2026-05-09 22:10:02', '069ff947634aa7', 6, '8700.00', '5900.00', '0', 1, '2800.00', '2800.00', '0.00', '-2800.00', 1, '2026-05-09 22:10:02', '', 1, 0, 'عابد طلبه', 1, 1, 5, 0, ' عابد طلبه', '1.00', 0, '0', '0.00', '', '', '', '', -1, '1564,0,1565', 0, 0, NULL, NULL, 0, '0000-00-00', 0, '0.00', '0.00', 0, 0, 0, 0, 0, 0, 0, -1, 0, 0, 1, '', 0),
(16, '2026-05-21 11:58:16', '06a0ed707597f9', 35, '41225.00', '36425.00', '0', 1, '4800.00', '4800.00', '0.00', '-4800.00', 1, '2026-05-21 11:58:16', '', 1, 0, 'عادل المؤسسه الايطاليه', 1, 1, 5, 0, ' عادل المؤسسه الايطاليه', '2.00', 0, '0', '0.00', '', '', '', '', -1, '1629,0,1630', 0, 0, NULL, NULL, 0, '0000-00-00', 0, '0.00', '0.00', 0, 0, 0, 0, 0, 0, 0, -1, 0, 0, 1, '', 0),
(17, '2026-06-06 00:59:24', '06a235482dcc04', 25, '30000.00', '21200.00', '0', 1, '8800.00', '8800.00', '0.00', '-8800.00', 1, '2026-06-06 00:59:24', '', 1, 0, 'المدبولى عسكر', 1, 1, 5, 0, ' المدبولى عسكر', '2.00', 0, '0', '0.00', '', '', '', '', -1, '1749,0,1750', 0, 0, NULL, NULL, 0, '0000-00-00', 0, '0.00', '0.00', 0, 0, 0, 0, 0, 0, 0, -1, 0, 0, 1, '', 0),
(18, '2026-06-11 03:43:34', '06a2a12ad617a3', 21, '75700.00', '70500.00', '0', 1, '5200.00', '5200.00', '0.00', '-5200.00', 1, '2026-06-11 03:43:34', '', 1, 0, 'حسام المنشاوى', 1, 1, 5, 0, ' حسام المنشاوى', '1.00', 0, '0', '0.00', '', '', '', '', -1, '1793,0,1794', 0, 0, NULL, NULL, 0, '0000-00-00', 0, '0.00', '0.00', 0, 0, 0, 0, 0, 0, 0, -1, 0, 0, 1, '', 0),
(19, '2026-06-16 04:36:30', '06a30b692a2283', 35, '367525.00', '364475.00', '0', 1, '3050.00', '3050.00', '0.00', '-3050.00', 1, '2026-06-16 04:36:30', '', 1, 0, 'عادل المؤسسه الايطاليه', 1, 1, 5, 0, ' عادل المؤسسه الايطاليه', '1.00', 0, '0', '0.00', '', '', '', '', -1, '1816,0,1817', 0, 0, NULL, NULL, 0, '0000-00-00', 0, '0.00', '0.00', 0, 0, 0, 0, 0, 0, 0, -1, 0, 0, 1, '', 0);

-- --------------------------------------------------------

--
-- Table structure for table `returnsellbillcurr`
--

CREATE TABLE IF NOT EXISTS `returnsellbillcurr` (
  `id` int(11) NOT NULL AUTO_INCREMENT,
  `returnsellbillid` int(11) NOT NULL,
  `conversionFactor` float NOT NULL,
  `returnsellbilldiscountC` varchar(255) NOT NULL,
  `returnsellbilltotalbillC` decimal(10,2) NOT NULL,
  `returnsellbillaftertotalbillC` decimal(10,2) NOT NULL,
  `returnsellbilltotalpayedC` decimal(10,2) NOT NULL,
  `returnsellbillfinalbillC` decimal(10,2) NOT NULL,
  `returnsellbildirectpaymentC` int(11) NOT NULL,
  `taxC` decimal(10,2) NOT NULL,
  `cashPayedC` decimal(10,2) NOT NULL,
  `visaPayedC` decimal(10,2) NOT NULL,
  `extraDiscountValC` float NOT NULL,
  `taxOfDiscountValC` float NOT NULL,
  `saveConversionFactor` float NOT NULL,
  PRIMARY KEY (`id`)
) ENGINE=InnoDB DEFAULT CHARSET=latin1 AUTO_INCREMENT=1 ;

-- --------------------------------------------------------

--
-- Table structure for table `returnsellbilldetail`
--

CREATE TABLE IF NOT EXISTS `returnsellbilldetail` (
  `returnsellbilldetailid` int(11) NOT NULL AUTO_INCREMENT,
  `buyprice` decimal(10,2) NOT NULL,
  `parcode` varchar(256) NOT NULL DEFAULT '',
  `returnsellbillid` int(11) NOT NULL,
  `returnsellbilldetailcatid` int(11) NOT NULL,
  `returnsellbilldetailproductid` int(11) NOT NULL,
  `returnsellbilldetailquantity` decimal(10,2) NOT NULL,
  `returnsellbilldetailprice` decimal(10,2) NOT NULL,
  `returnsellbilldetailtotalprice` decimal(10,2) NOT NULL,
  `conditions` decimal(10,2) NOT NULL,
  `note` varchar(256) DEFAULT NULL,
  `pricetype` tinyint(4) NOT NULL DEFAULT '0',
  `discountvalue` decimal(10,2) NOT NULL,
  `productunitid` int(11) NOT NULL,
  `buydiscount` decimal(10,2) NOT NULL,
  `buydiscounttype` int(11) NOT NULL,
  `storeid` int(11) NOT NULL DEFAULT '0',
  `discounttype` decimal(10,2) NOT NULL DEFAULT '0.00' COMMENT 'discount percentage like 5%',
  `lastbuyprice` decimal(10,2) DEFAULT NULL,
  `meanbuyprice` decimal(10,2) DEFAULT NULL,
  `lastbuyprice_withDiscount` decimal(10,2) DEFAULT NULL,
  `meanbuyprice_withDiscount` decimal(10,2) DEFAULT NULL,
  `scunitqty` int(11) NOT NULL DEFAULT '0',
  `otherdetailquantity` int(11) NOT NULL DEFAULT '0',
  `sizeid` int(11) NOT NULL DEFAULT '0',
  `colorid` int(11) NOT NULL DEFAULT '0',
  `pricetypepro` tinyint(4) NOT NULL DEFAULT '0',
  `proHeight` float NOT NULL DEFAULT '0',
  `proWidth` float NOT NULL DEFAULT '0',
  `soldSerialsInDetails` text NOT NULL,
  `lastbuyprice_withTax` decimal(10,2) DEFAULT NULL,
  `meanbuyprice_withTax` decimal(10,2) DEFAULT NULL,
  `returnsellbilldetailpriceC` decimal(10,2) NOT NULL,
  `returnsellbilldetailtotalpriceC` decimal(10,2) NOT NULL,
  `discountvalueC` decimal(10,2) NOT NULL,
  `proSellTrackingSerial` varchar(50) NOT NULL DEFAULT '',
  `lastbuyprice_withDiscountAndTax` decimal(10,2) DEFAULT NULL,
  PRIMARY KEY (`returnsellbilldetailid`),
  KEY `returnsellbillid` (`returnsellbillid`),
  KEY `returnsellbilldetailproductid` (`returnsellbilldetailproductid`)
) ENGINE=InnoDB  DEFAULT CHARSET=utf8 AUTO_INCREMENT=51 ;

--
-- Dumping data for table `returnsellbilldetail`
--

INSERT INTO `returnsellbilldetail` (`returnsellbilldetailid`, `buyprice`, `parcode`, `returnsellbillid`, `returnsellbilldetailcatid`, `returnsellbilldetailproductid`, `returnsellbilldetailquantity`, `returnsellbilldetailprice`, `returnsellbilldetailtotalprice`, `conditions`, `note`, `pricetype`, `discountvalue`, `productunitid`, `buydiscount`, `buydiscounttype`, `storeid`, `discounttype`, `lastbuyprice`, `meanbuyprice`, `lastbuyprice_withDiscount`, `meanbuyprice_withDiscount`, `scunitqty`, `otherdetailquantity`, `sizeid`, `colorid`, `pricetypepro`, `proHeight`, `proWidth`, `soldSerialsInDetails`, `lastbuyprice_withTax`, `meanbuyprice_withTax`, `returnsellbilldetailpriceC`, `returnsellbilldetailtotalpriceC`, `discountvalueC`, `proSellTrackingSerial`, `lastbuyprice_withDiscountAndTax`) VALUES
(1, '2150.00', '00015', 1, 3, 15, '4.00', '2365.00', '9460.00', '0.00', '', 0, '0.00', 15, '0.00', -1, 1, '0.00', '2150.00', '2150.00', '2150.00', '2150.00', 0, 0, 0, 0, 0, 1, 1, '', '2150.00', '2150.00', '2365.00', '9460.00', '0.00', '', '2150.00'),
(2, '2350.00', '00016', 1, 3, 16, '3.00', '2630.00', '7890.00', '0.00', '', 0, '0.00', 16, '0.00', -1, 1, '0.00', '2350.00', '2350.00', '2350.00', '2350.00', 0, 0, 0, 0, 0, 1, 1, '', '2350.00', '2350.00', '2630.00', '7890.00', '0.00', '', '2350.00'),
(3, '2600.00', '00019', 2, 3, 19, '4.00', '2950.00', '11800.00', '0.00', '', 0, '0.00', 19, '0.00', -1, 1, '0.00', '2600.00', '2600.00', '2600.00', '2600.00', 0, 0, 0, 0, 0, 1, 1, '', '2600.00', '2600.00', '2950.00', '11800.00', '0.00', '', '2600.00'),
(4, '2750.00', '00020', 3, 3, 20, '2.00', '3100.00', '6200.00', '0.00', '', 0, '0.00', 20, '0.00', -1, 1, '0.00', '2750.00', '2750.00', '2750.00', '2750.00', 0, 0, 0, 0, 0, 1, 1, '', '2750.00', '2750.00', '3100.00', '6200.00', '0.00', '', '2750.00'),
(5, '2350.00', '00017', 3, 3, 17, '1.00', '2550.00', '2550.00', '0.00', '', 0, '0.00', 17, '0.00', -1, 1, '0.00', '2350.00', '2350.00', '2350.00', '2350.00', 0, 0, 0, 0, 0, 1, 1, '', '2350.00', '2350.00', '2550.00', '2550.00', '0.00', '', '2350.00'),
(6, '2150.00', '00024', 4, 3, 24, '1.00', '2600.00', '2600.00', '0.00', '', 0, '0.00', 24, '0.00', -1, 1, '0.00', '2150.00', '2150.00', '2150.00', '2150.00', 0, 0, 0, 0, 0, 1, 1, '', '2150.00', '2150.00', '2600.00', '2600.00', '0.00', '', '2150.00'),
(7, '2200.00', '00002', 5, 1, 2, '5.00', '2600.00', '13000.00', '0.00', '', 0, '0.00', 2, '0.00', -1, 1, '0.00', '2200.00', '2200.00', '2200.00', '2200.00', 0, 0, 0, 0, 0, 1, 1, '', '2200.00', '2200.00', '2600.00', '13000.00', '0.00', '', '2200.00'),
(8, '2150.00', '00015', 5, 3, 15, '4.00', '2400.00', '9600.00', '0.00', '', 0, '0.00', 15, '0.00', -1, 1, '0.00', '2150.00', '2150.00', '2150.00', '2150.00', 0, 0, 0, 0, 0, 1, 1, '', '2150.00', '2150.00', '2400.00', '9600.00', '0.00', '', '2150.00'),
(9, '900.00', '00003', 5, 1, 3, '6.00', '1200.00', '7200.00', '0.00', '', 0, '0.00', 3, '0.00', -1, 1, '0.00', '950.00', '925.00', '950.00', '925.00', 0, 0, 0, 0, 0, 1, 1, '', '925.00', '925.00', '1200.00', '7200.00', '0.00', '', '950.00'),
(10, '950.00', '00005', 5, 1, 5, '6.00', '1350.00', '8100.00', '0.00', '', 0, '0.00', 5, '0.00', -1, 1, '0.00', '950.00', '950.00', '950.00', '950.00', 0, 0, 0, 0, 0, 1, 1, '', '950.00', '950.00', '1350.00', '8100.00', '0.00', '', '950.00'),
(11, '850.00', '00031', 6, 4, 31, '5.00', '1400.00', '7000.00', '0.00', '', 0, '0.00', 31, '0.00', -1, 1, '0.00', '850.00', '850.00', '850.00', '850.00', 0, 0, 0, 0, 0, 1, 1, '', '850.00', '850.00', '1400.00', '7000.00', '0.00', '', '850.00'),
(12, '3500.00', '00008', 6, 2, 8, '1.00', '4000.00', '4000.00', '0.00', '', 0, '0.00', 8, '0.00', -1, 1, '0.00', '3500.00', '3500.00', '3500.00', '3500.00', 0, 0, 0, 0, 0, 1, 1, '', '3500.00', '3500.00', '4000.00', '4000.00', '0.00', '', '3500.00'),
(13, '3900.00', '00009', 6, 2, 9, '1.00', '4400.00', '4400.00', '0.00', '', 0, '0.00', 9, '0.00', -1, 1, '0.00', '3900.00', '3900.00', '3900.00', '3900.00', 0, 0, 0, 0, 0, 1, 1, '', '3900.00', '3900.00', '4400.00', '4400.00', '0.00', '', '3900.00'),
(14, '3900.00', '00010', 6, 2, 10, '1.00', '4400.00', '4400.00', '0.00', '', 0, '0.00', 10, '0.00', -1, 1, '0.00', '3900.00', '3900.00', '3900.00', '3900.00', 0, 0, 0, 0, 0, 1, 1, '', '3900.00', '3900.00', '4400.00', '4400.00', '0.00', '', '3900.00'),
(15, '850.00', '00031', 7, 4, 31, '10.00', '1300.00', '13000.00', '0.00', '', 0, '0.00', 31, '0.00', -1, 1, '0.00', '850.00', '850.00', '850.00', '850.00', 0, 0, 0, 0, 0, 1, 1, '', '850.00', '850.00', '1300.00', '13000.00', '0.00', '', '850.00'),
(16, '2200.00', '00002', 8, 1, 2, '5.00', '2400.00', '12000.00', '0.00', '', 0, '0.00', 2, '0.00', -1, 1, '0.00', '2200.00', '2200.00', '2200.00', '2200.00', 0, 0, 0, 0, 0, 1, 1, '', '2200.00', '2200.00', '2400.00', '12000.00', '0.00', '', '2200.00'),
(17, '3900.00', '00009', 9, 2, 9, '1.00', '4350.00', '4350.00', '0.00', '', 0, '0.00', 9, '0.00', -1, 1, '0.00', '3900.00', '3900.00', '3900.00', '3900.00', 0, 0, 0, 0, 0, 1, 1, '', '3900.00', '3900.00', '4350.00', '4350.00', '0.00', '', '3900.00'),
(18, '5800.00', '00014', 10, 2, 14, '3.00', '6300.00', '18900.00', '0.00', '', 0, '0.00', 14, '0.00', -1, 1, '0.00', '5800.00', '5800.00', '5800.00', '5800.00', 0, 0, 0, 0, 0, 1, 1, '', '5800.00', '5800.00', '6300.00', '18900.00', '0.00', '', '5800.00'),
(19, '4400.00', '00011', 10, 2, 11, '3.00', '5000.00', '15000.00', '0.00', '', 0, '0.00', 11, '0.00', -1, 1, '0.00', '4400.00', '4400.00', '4400.00', '4400.00', 0, 0, 0, 0, 0, 1, 1, '', '4400.00', '4400.00', '5000.00', '15000.00', '0.00', '', '4400.00'),
(20, '4650.00', '00012', 10, 2, 12, '2.00', '5150.00', '10300.00', '0.00', '', 0, '0.00', 12, '0.00', -1, 1, '0.00', '4650.00', '4650.00', '4650.00', '4650.00', 0, 0, 0, 0, 0, 1, 1, '', '4650.00', '4650.00', '5150.00', '10300.00', '0.00', '', '4650.00'),
(21, '3500.00', '00008', 11, 2, 8, '10.00', '3900.00', '39000.00', '0.00', '', 0, '0.00', 8, '0.00', -1, 1, '0.00', '0.00', '0.00', '0.00', '0.00', 0, 0, 0, 0, 0, 1, 1, '', '0.00', '0.00', '3900.00', '39000.00', '0.00', '', '0.00'),
(22, '3900.00', '00009', 11, 2, 9, '5.00', '4350.00', '21750.00', '0.00', '', 0, '0.00', 9, '0.00', -1, 1, '0.00', '3900.00', '3900.00', '3900.00', '3900.00', 0, 0, 0, 0, 0, 1, 1, '', '3900.00', '3900.00', '4350.00', '21750.00', '0.00', '', '3900.00'),
(23, '3900.00', '00010', 11, 2, 10, '5.00', '4350.00', '21750.00', '0.00', '', 0, '0.00', 10, '0.00', -1, 1, '0.00', '3900.00', '3900.00', '3900.00', '3900.00', 0, 0, 0, 0, 0, 1, 1, '', '3900.00', '3900.00', '4350.00', '21750.00', '0.00', '', '3900.00'),
(24, '4650.00', '00012', 11, 2, 12, '10.00', '5100.00', '51000.00', '0.00', '', 0, '0.00', 12, '0.00', -1, 1, '0.00', '4650.00', '4650.00', '4650.00', '4650.00', 0, 0, 0, 0, 0, 1, 1, '', '4650.00', '4650.00', '5100.00', '51000.00', '0.00', '', '4650.00'),
(25, '3500.00', '00008', 12, 2, 8, '2.00', '3900.00', '7800.00', '0.00', '', 0, '0.00', 8, '0.00', -1, 1, '0.00', '0.00', '0.00', '0.00', '0.00', 0, 0, 0, 0, 0, 1, 1, '', '0.00', '0.00', '3900.00', '7800.00', '0.00', '', '0.00'),
(26, '3900.00', '00010', 12, 2, 10, '1.00', '4350.00', '4350.00', '0.00', '', 0, '0.00', 10, '0.00', -1, 1, '0.00', '3900.00', '3900.00', '3900.00', '3900.00', 0, 0, 0, 0, 0, 1, 1, '', '3900.00', '3900.00', '4350.00', '4350.00', '0.00', '', '3900.00'),
(27, '4350.00', '00013', 12, 2, 13, '1.00', '4950.00', '4950.00', '0.00', '', 0, '0.00', 13, '0.00', -1, 1, '0.00', '4350.00', '4350.00', '4350.00', '4350.00', 0, 0, 0, 0, 0, 1, 1, '', '4350.00', '4350.00', '4950.00', '4950.00', '0.00', '', '4350.00'),
(28, '900.00', '00003', 12, 1, 3, '5.00', '1100.00', '5500.00', '0.00', '', 0, '0.00', 3, '0.00', -1, 1, '0.00', '950.00', '925.00', '950.00', '925.00', 0, 0, 0, 0, 0, 1, 1, '', '925.00', '925.00', '1100.00', '5500.00', '0.00', '', '950.00'),
(29, '950.00', '00005', 12, 1, 5, '4.00', '1200.00', '4800.00', '0.00', '', 0, '0.00', 5, '0.00', -1, 1, '0.00', '950.00', '950.00', '950.00', '950.00', 0, 0, 0, 0, 0, 1, 1, '', '950.00', '950.00', '1200.00', '4800.00', '0.00', '', '950.00'),
(30, '2650.00', '00007', 12, 1, 7, '1.00', '3050.00', '3050.00', '0.00', '', 0, '0.00', 7, '0.00', -1, 1, '0.00', '2650.00', '2650.00', '2650.00', '2650.00', 0, 0, 0, 0, 0, 1, 1, '', '2650.00', '2650.00', '3050.00', '3050.00', '0.00', '', '2650.00'),
(31, '2150.00', '00015', 12, 3, 15, '2.00', '2400.00', '4800.00', '0.00', '', 0, '0.00', 15, '0.00', -1, 1, '0.00', '2150.00', '2150.00', '2150.00', '2150.00', 0, 0, 0, 0, 0, 1, 1, '', '2150.00', '2150.00', '2400.00', '4800.00', '0.00', '', '2150.00'),
(32, '2350.00', '00016', 12, 3, 16, '2.00', '2700.00', '5400.00', '0.00', '', 0, '0.00', 16, '0.00', -1, 1, '0.00', '2350.00', '2350.00', '2350.00', '2350.00', 0, 0, 0, 0, 0, 1, 1, '', '2350.00', '2350.00', '2700.00', '5400.00', '0.00', '', '2350.00'),
(33, '850.00', '00031', 12, 4, 31, '3.00', '1350.00', '4050.00', '0.00', '', 0, '0.00', 31, '0.00', -1, 1, '0.00', '850.00', '850.00', '850.00', '850.00', 0, 0, 0, 0, 0, 1, 1, '', '850.00', '850.00', '1350.00', '4050.00', '0.00', '', '850.00'),
(34, '250.00', '00032', 12, 5, 32, '3.00', '450.00', '1350.00', '0.00', '', 0, '0.00', 32, '0.00', -1, 1, '0.00', '250.00', '250.00', '250.00', '250.00', 0, 0, 0, 0, 0, 1, 1, '', '250.00', '250.00', '450.00', '1350.00', '0.00', '', '250.00'),
(35, '2200.00', '00002', 12, 1, 2, '3.00', '2550.00', '7650.00', '0.00', '', 0, '0.00', 2, '0.00', -1, 1, '0.00', '2200.00', '2200.00', '2200.00', '2200.00', 0, 0, 0, 0, 0, 1, 1, '', '2200.00', '2200.00', '2550.00', '7650.00', '0.00', '', '2200.00'),
(36, '3500.00', '00008', 13, 2, 8, '2.00', '3900.00', '7800.00', '0.00', '', 0, '0.00', 8, '0.00', -1, 1, '0.00', '0.00', '0.00', '0.00', '0.00', 0, 0, 0, 0, 0, 1, 1, '', '0.00', '0.00', '3900.00', '7800.00', '0.00', '', '0.00'),
(37, '3900.00', '00010', 13, 2, 10, '8.00', '4350.00', '34800.00', '0.00', '', 0, '0.00', 10, '0.00', -1, 1, '0.00', '3900.00', '3900.00', '3900.00', '3900.00', 0, 0, 0, 0, 0, 1, 1, '', '3900.00', '3900.00', '4350.00', '34800.00', '0.00', '', '3900.00'),
(38, '3900.00', '00009', 13, 2, 9, '8.00', '4350.00', '34800.00', '0.00', '', 0, '0.00', 9, '0.00', -1, 1, '0.00', '3900.00', '3900.00', '3900.00', '3900.00', 0, 0, 0, 0, 0, 1, 1, '', '3900.00', '3900.00', '4350.00', '34800.00', '0.00', '', '3900.00'),
(39, '4350.00', '00013', 13, 2, 13, '6.00', '4850.00', '29100.00', '0.00', '', 0, '0.00', 13, '0.00', -1, 1, '0.00', '4350.00', '4350.00', '4350.00', '4350.00', 0, 0, 0, 0, 0, 1, 1, '', '4350.00', '4350.00', '4850.00', '29100.00', '0.00', '', '4350.00'),
(40, '4400.00', '00011', 13, 2, 11, '3.00', '4900.00', '14700.00', '0.00', '', 0, '0.00', 11, '0.00', -1, 1, '0.00', '4400.00', '4400.00', '4400.00', '4400.00', 0, 0, 0, 0, 0, 1, 1, '', '4400.00', '4400.00', '4900.00', '14700.00', '0.00', '', '4400.00'),
(41, '4650.00', '00012', 13, 2, 12, '5.00', '5100.00', '25500.00', '0.00', '', 0, '0.00', 12, '0.00', -1, 1, '0.00', '4650.00', '4650.00', '4650.00', '4650.00', 0, 0, 0, 0, 0, 1, 1, '', '4650.00', '4650.00', '5100.00', '25500.00', '0.00', '', '4650.00'),
(42, '5800.00', '00014', 13, 2, 14, '5.00', '6300.00', '31500.00', '0.00', '', 0, '0.00', 14, '0.00', -1, 1, '0.00', '5800.00', '5800.00', '5800.00', '5800.00', 0, 0, 0, 0, 0, 1, 1, '', '5800.00', '5800.00', '6300.00', '31500.00', '0.00', '', '5800.00'),
(43, '2150.00', '00024', 14, 3, 24, '1.00', '2600.00', '2600.00', '0.00', '', 0, '0.00', 24, '0.00', -1, 1, '0.00', '2150.00', '2150.00', '2150.00', '2150.00', 0, 0, 0, 0, 0, 1, 1, '', '2150.00', '2150.00', '2600.00', '2600.00', '0.00', '', '2150.00'),
(44, '2330.00', '00026', 14, 3, 26, '1.00', '2700.00', '2700.00', '0.00', '', 0, '0.00', 26, '0.00', -1, 1, '0.00', '2330.00', '2330.00', '2330.00', '2330.00', 0, 0, 0, 0, 0, 1, 1, '', '2330.00', '2330.00', '2700.00', '2700.00', '0.00', '', '2330.00'),
(45, '2000.00', '00025', 15, 3, 25, '1.00', '2800.00', '2800.00', '0.00', '', 0, '0.00', 25, '0.00', -1, 1, '0.00', '2000.00', '2000.00', '2000.00', '2000.00', 0, 0, 0, 0, 0, 1, 1, '', '2000.00', '2000.00', '2800.00', '2800.00', '0.00', '', '2000.00'),
(46, '2150.00', '00015', 16, 3, 15, '2.00', '2400.00', '4800.00', '0.00', '', 0, '0.00', 15, '0.00', -1, 1, '0.00', '2150.00', '2150.00', '2150.00', '2150.00', 0, 0, 0, 0, 0, 1, 1, '', '2150.00', '2150.00', '2400.00', '4800.00', '0.00', '', '2150.00'),
(47, '3500.00', '00008', 17, 2, 8, '1.00', '4200.00', '4200.00', '0.00', '', 0, '0.00', 8, '0.00', -1, 1, '0.00', '0.00', '0.00', '0.00', '0.00', 0, 0, 0, 0, 0, 1, 1, '', '0.00', '0.00', '4200.00', '4200.00', '0.00', '', '0.00'),
(48, '3900.00', '00010', 17, 2, 10, '1.00', '4600.00', '4600.00', '0.00', '', 0, '0.00', 10, '0.00', -1, 1, '0.00', '3900.00', '3900.00', '3900.00', '3900.00', 0, 0, 0, 0, 0, 1, 1, '', '3900.00', '3900.00', '4600.00', '4600.00', '0.00', '', '3900.00'),
(49, '4400.00', '00011', 18, 2, 11, '1.00', '5200.00', '5200.00', '0.00', '', 0, '0.00', 11, '0.00', -1, 1, '0.00', '4400.00', '4400.00', '4400.00', '4400.00', 0, 0, 0, 0, 0, 1, 1, '', '4400.00', '4400.00', '5200.00', '5200.00', '0.00', '', '4400.00'),
(50, '2650.00', '00007', 19, 1, 7, '1.00', '3050.00', '3050.00', '0.00', '', 0, '0.00', 7, '0.00', -1, 1, '0.00', '2650.00', '2650.00', '2650.00', '2650.00', 0, 0, 0, 0, 0, 1, 1, '', '2650.00', '2650.00', '3050.00', '3050.00', '0.00', '', '2650.00');

-- --------------------------------------------------------

--
-- Table structure for table `returnsellbillreview`
--

CREATE TABLE IF NOT EXISTS `returnsellbillreview` (
  `id` int(11) NOT NULL AUTO_INCREMENT,
  `billid` int(11) NOT NULL,
  `reviewType` tinyint(4) NOT NULL COMMENT '0 cancel review , 1 reviewed',
  `reviewComment` text CHARACTER SET utf8mb4 COLLATE utf8mb4_unicode_ci NOT NULL,
  `reviewuserid` int(11) NOT NULL,
  `sysdate` datetime NOT NULL,
  `del` tinyint(4) NOT NULL COMMENT '0 not del , 1 del',
  PRIMARY KEY (`id`)
) ENGINE=InnoDB DEFAULT CHARSET=latin1 AUTO_INCREMENT=1 ;

-- --------------------------------------------------------

--
-- Table structure for table `richproperity`
--

CREATE TABLE IF NOT EXISTS `richproperity` (
  `id` int(11) NOT NULL AUTO_INCREMENT,
  `name` varchar(255) NOT NULL,
  `parentid` int(11) NOT NULL,
  `url` varchar(255) NOT NULL,
  `defaultval` int(11) NOT NULL,
  `showit` int(11) NOT NULL,
  `displayorder` int(11) NOT NULL,
  `groupid` int(11) NOT NULL,
  PRIMARY KEY (`id`)
) ENGINE=InnoDB DEFAULT CHARSET=latin1 AUTO_INCREMENT=1 ;

-- --------------------------------------------------------

--
-- Table structure for table `salaryreport`
--

CREATE TABLE IF NOT EXISTS `salaryreport` (
  `salaryreportid` int(11) NOT NULL AUTO_INCREMENT,
  `employeeid` int(11) NOT NULL,
  `salaryreportdate` datetime NOT NULL,
  `userid` int(11) NOT NULL,
  `salaryreportsalary` decimal(10,2) NOT NULL,
  `salaryreportdiscount` decimal(10,2) DEFAULT NULL,
  `salaryreportbouns` decimal(10,2) DEFAULT NULL,
  `salaryreportwithdrawal` decimal(10,2) DEFAULT NULL,
  `salaryreportnet` decimal(10,2) NOT NULL,
  `salarymonthdate` varchar(255) NOT NULL,
  `salarymonth` varchar(255) NOT NULL,
  `Repayment` decimal(10,2) NOT NULL,
  `Absence` decimal(10,2) NOT NULL,
  `Reward` decimal(10,2) NOT NULL,
  `conditions` int(11) NOT NULL DEFAULT '0' COMMENT '1 for del 0 for notdel',
  `costcenterid` int(11) DEFAULT '0',
  `dailyentryid` int(11) NOT NULL DEFAULT '0',
  `saveid` int(11) NOT NULL DEFAULT '0',
  `permission` decimal(10,2) NOT NULL,
  `allLeave` decimal(10,2) NOT NULL,
  PRIMARY KEY (`salaryreportid`)
) ENGINE=InnoDB DEFAULT CHARSET=utf8 AUTO_INCREMENT=1 ;

-- --------------------------------------------------------

--
-- Table structure for table `save`
--

CREATE TABLE IF NOT EXISTS `save` (
  `saveid` int(11) NOT NULL AUTO_INCREMENT,
  `savename` varchar(256) NOT NULL,
  `savecurrentvalue` decimal(15,2) NOT NULL DEFAULT '0.00',
  `savedetails` text,
  `savedate` datetime NOT NULL,
  `conditions` int(11) NOT NULL DEFAULT '0' COMMENT '0 for not deleted- 1 for deleted',
  `userid` int(11) NOT NULL,
  `currencyId` int(11) NOT NULL DEFAULT '1',
  `sortby` int(11) NOT NULL DEFAULT '0',
  `treeId` int(11) NOT NULL DEFAULT '0',
  `saveTreeParentType` tinyint(4) NOT NULL DEFAULT '0',
  `inUse` tinyint(4) NOT NULL DEFAULT '0' COMMENT '0 free - 1 in use means to stop changing debt till it is free again',
  `webApiId` int(11) NOT NULL DEFAULT '0',
  `savetypeid` int(11) DEFAULT NULL,
  PRIMARY KEY (`saveid`)
) ENGINE=InnoDB  DEFAULT CHARSET=utf8 AUTO_INCREMENT=9 ;

--
-- Dumping data for table `save`
--

INSERT INTO `save` (`saveid`, `savename`, `savecurrentvalue`, `savedetails`, `savedate`, `conditions`, `userid`, `currencyId`, `sortby`, `treeId`, `saveTreeParentType`, `inUse`, `webApiId`, `savetypeid`) VALUES
(1, 'الخزنة الرئيسية', '2966623.00', '', '2025-12-19 00:00:00', 0, 1, 1, 0, 383, 0, 0, 0, 0),
(2, 'بنك بيت التمويل الكويتى شخصى', '0.00', '', '2026-04-15 02:33:37', 1, 1, 1, 0, 498, 0, 0, 0, 0),
(3, 'بنك بيت التمويل الكويتى شركه', '0.00', '', '2026-04-15 02:33:51', 1, 1, 1, 0, 499, 0, 0, 0, 0),
(4, 'بنك مصر شخصى', '0.00', '', '2026-04-15 02:34:02', 1, 1, 1, 0, 500, 0, 0, 0, 0),
(5, 'بنك مصر شركه', '0.00', '', '2026-04-15 02:34:14', 1, 1, 1, 0, 501, 0, 0, 0, 0),
(6, 'بنك ابوظبى الاول شخصى', '0.00', '', '2026-04-15 02:34:25', 1, 1, 1, 0, 502, 0, 0, 0, 0),
(7, 'بنك ابوظبى الاول شركه', '0.00', '', '2026-04-15 02:34:36', 1, 1, 1, 0, 503, 0, 0, 0, 0),
(8, 'محÙظه كاش', '0.00', '', '2026-04-15 02:34:47', 1, 1, 1, 0, 504, 0, 0, 0, 0);

-- --------------------------------------------------------

--
-- Table structure for table `saveclose`
--

CREATE TABLE IF NOT EXISTS `saveclose` (
  `savecloseid` int(11) NOT NULL AUTO_INCREMENT,
  `saveidfrom` int(11) NOT NULL,
  `saveidto` int(11) NOT NULL,
  `saveclosevalue` decimal(10,2) NOT NULL,
  `saveclosedate` date NOT NULL,
  `userid` int(11) NOT NULL,
  `conditions` int(11) NOT NULL DEFAULT '0',
  `dailyentryid` int(11) NOT NULL DEFAULT '0',
  `comment` varchar(255) DEFAULT NULL,
  `currencyId` int(11) NOT NULL,
  `conversionFactor` float NOT NULL,
  `conversionFactorFrom` float NOT NULL,
  `conversionFactorTo` float NOT NULL,
  `saveclosevalueInCurrency` decimal(10,2) NOT NULL,
  PRIMARY KEY (`savecloseid`)
) ENGINE=InnoDB DEFAULT CHARSET=utf8 AUTO_INCREMENT=1 ;

-- --------------------------------------------------------

--
-- Table structure for table `savedaily`
--

CREATE TABLE IF NOT EXISTS `savedaily` (
  `savedailyid` int(11) NOT NULL AUTO_INCREMENT,
  `savedailysavebefore` decimal(15,2) NOT NULL,
  `savedailychangeamount` decimal(10,2) NOT NULL,
  `savedailychangetype` int(11) DEFAULT NULL COMMENT '0 for plus- 1 for minus',
  `saveid` int(11) NOT NULL,
  `processname` varchar(256) NOT NULL COMMENT 'name of the process',
  `savedailymodelid` int(11) NOT NULL COMMENT '0 => ',
  `savedailysaveafter` decimal(15,2) NOT NULL,
  `savedailydate` datetime NOT NULL,
  `userid` int(11) NOT NULL,
  `tablename` varchar(256) NOT NULL COMMENT 'table of this process',
  `clientid` int(11) DEFAULT '0',
  `note` text NOT NULL,
  `clientdebtchangeidfk` int(11) NOT NULL DEFAULT '0',
  PRIMARY KEY (`savedailyid`),
  KEY `saveid` (`saveid`)
) ENGINE=InnoDB  DEFAULT CHARSET=utf8 AUTO_INCREMENT=1216 ;

--
-- Dumping data for table `savedaily`
--

INSERT INTO `savedaily` (`savedailyid`, `savedailysavebefore`, `savedailychangeamount`, `savedailychangetype`, `saveid`, `processname`, `savedailymodelid`, `savedailysaveafter`, `savedailydate`, `userid`, `tablename`, `clientid`, `note`, `clientdebtchangeidfk`) VALUES
(1, '0.00', '225000.00', 0, 1, 'اضاÙة Ùاتورة مبيعات', 1, '225000.00', '2025-12-29 20:55:55', 1, 'sellbillController.php', 1, '', 0),
(2, '225000.00', '1332000.00', 0, 1, 'اضاÙة Ùاتورة مبيعات', 6, '1557000.00', '2025-12-29 21:05:17', 1, 'sellbillController.php', 2, '', 0),
(3, '1557000.00', '225000.00', 1, 1, 'حذÙ Ùاتورة مبيعات', 1, '1332000.00', '2025-12-29 21:09:55', 1, 'sellbillController.php', 1, '', 0),
(4, '1332000.00', '1332000.00', 1, 1, 'تعديل Ùاتورة مبيعات', 6, '0.00', '2025-12-29 21:10:40', 1, 'sellbillController.php', 2, '', 0),
(5, '0.00', '120000.00', 0, 1, 'ايصال تحصيل (( قبض من عميل ))', 43, '120000.00', '2025-12-29 21:11:59', 1, 'clientPayedDeptController.php', 2, '', 0),
(6, '120000.00', '50000.00', 0, 1, 'ايصال تحصيل (( قبض من عميل ))', 44, '170000.00', '2025-12-29 21:12:17', 1, 'clientPayedDeptController.php', 2, '', 0),
(7, '170000.00', '130000.00', 0, 1, 'ايصال تحصيل (( قبض من عميل ))', 45, '300000.00', '2025-12-29 21:12:43', 1, 'clientPayedDeptController.php', 2, '', 0),
(8, '300000.00', '100000.00', 0, 1, 'ايصال تحصيل (( قبض من عميل ))', 46, '400000.00', '2025-12-29 21:13:10', 1, 'clientPayedDeptController.php', 2, '', 0),
(9, '400000.00', '150000.00', 0, 1, 'ايصال تحصيل (( قبض من عميل ))', 47, '550000.00', '2025-12-29 21:13:33', 1, 'clientPayedDeptController.php', 2, '', 0),
(10, '550000.00', '150000.00', 0, 1, 'ايصال تحصيل (( قبض من عميل ))', 48, '700000.00', '2025-12-29 21:14:00', 1, 'clientPayedDeptController.php', 2, '', 0),
(11, '700000.00', '150000.00', 0, 1, 'ايصال تحصيل (( قبض من عميل ))', 49, '850000.00', '2025-12-29 21:14:26', 1, 'clientPayedDeptController.php', 2, '', 0),
(12, '850000.00', '114000.00', 0, 1, 'ايصال تحصيل (( قبض من عميل ))', 50, '964000.00', '2025-12-29 21:14:56', 1, 'clientPayedDeptController.php', 2, '', 0),
(13, '964000.00', '1350.00', 0, 1, 'ايصال تحصيل (( قبض من عميل ))', 51, '965350.00', '2025-12-29 21:15:41', 1, 'clientPayedDeptController.php', 2, '', 0),
(14, '965350.00', '100000.00', 0, 1, 'ايصال تحصيل (( قبض من عميل ))', 52, '1065350.00', '2025-12-29 21:16:00', 1, 'clientPayedDeptController.php', 2, '', 0),
(15, '1065350.00', '75000.00', 0, 1, 'ايصال تحصيل (( قبض من عميل ))', 53, '1140350.00', '2025-12-29 21:16:32', 1, 'clientPayedDeptController.php', 2, '', 0),
(16, '1140350.00', '100000.00', 0, 1, 'ايصال تحصيل (( قبض من عميل ))', 54, '1240350.00', '2025-12-29 21:16:59', 1, 'clientPayedDeptController.php', 2, '', 0),
(17, '1240350.00', '100000.00', 0, 1, 'ايصال تحصيل (( قبض من عميل ))', 55, '1340350.00', '2025-12-29 21:17:25', 1, 'clientPayedDeptController.php', 2, '', 0),
(18, '1340350.00', '80000.00', 0, 1, 'ايصال تحصيل (( قبض من عميل ))', 56, '1420350.00', '2025-12-29 21:17:54', 1, 'clientPayedDeptController.php', 2, '', 0),
(19, '1420350.00', '100000.00', 0, 1, 'ايصال تحصيل (( قبض من عميل ))', 57, '1520350.00', '2025-12-29 21:18:17', 1, 'clientPayedDeptController.php', 2, '', 0),
(20, '1520350.00', '70000.00', 0, 1, 'ايصال تحصيل (( قبض من عميل ))', 65, '1590350.00', '2025-12-29 21:44:12', 1, 'clientPayedDeptController.php', 3, '', 0),
(21, '1590350.00', '50000.00', 0, 1, 'ايصال تحصيل (( قبض من عميل ))', 66, '1640350.00', '2025-12-29 21:44:44', 1, 'clientPayedDeptController.php', 3, '', 0),
(22, '1640350.00', '50000.00', 0, 1, 'ايصال تحصيل (( قبض من عميل ))', 67, '1690350.00', '2025-12-29 21:45:09', 1, 'clientPayedDeptController.php', 3, '', 0),
(23, '1690350.00', '28000.00', 0, 1, 'ايصال تحصيل (( قبض من عميل ))', 68, '1718350.00', '2025-12-29 21:45:33', 1, 'clientPayedDeptController.php', 3, '', 0),
(24, '1718350.00', '15500.00', 0, 1, 'ايصال تحصيل (( قبض من عميل ))', 69, '1733850.00', '2025-12-29 21:45:58', 1, 'clientPayedDeptController.php', 3, '', 0),
(25, '1733850.00', '7500.00', 0, 1, 'ايصال تحصيل (( قبض من عميل ))', 70, '1741350.00', '2025-12-29 21:46:30', 1, 'clientPayedDeptController.php', 3, '', 0),
(26, '1741350.00', '30000.00', 0, 1, 'ايصال تحصيل (( قبض من عميل ))', 71, '1771350.00', '2025-12-29 21:47:17', 1, 'clientPayedDeptController.php', 3, '', 0),
(27, '1771350.00', '50000.00', 0, 1, 'ايصال تحصيل (( قبض من عميل ))', 72, '1821350.00', '2025-12-29 21:47:45', 1, 'clientPayedDeptController.php', 3, '', 0),
(28, '1821350.00', '49000.00', 0, 1, 'ايصال تحصيل (( قبض من عميل ))', 73, '1870350.00', '2025-12-29 21:48:16', 1, 'clientPayedDeptController.php', 3, '', 0),
(29, '1870350.00', '50000.00', 0, 1, 'ايصال تحصيل (( قبض من عميل ))', 74, '1920350.00', '2025-12-29 21:48:46', 1, 'clientPayedDeptController.php', 3, '', 0),
(30, '1920350.00', '10000.00', 0, 1, 'ايصال تحصيل (( قبض من عميل ))', 75, '1930350.00', '2025-12-29 21:49:10', 1, 'clientPayedDeptController.php', 3, '', 0),
(31, '1930350.00', '15000.00', 0, 1, 'ايصال تحصيل (( قبض من عميل ))', 78, '1945350.00', '2025-12-29 21:54:34', 1, 'clientPayedDeptController.php', 4, '', 0),
(32, '1945350.00', '20000.00', 0, 1, 'ايصال تحصيل (( قبض من عميل ))', 80, '1965350.00', '2025-12-29 21:55:43', 1, 'clientPayedDeptController.php', 4, '', 0),
(33, '1965350.00', '7000.00', 0, 1, 'ايصال تحصيل (( قبض من عميل ))', 81, '1972350.00', '2025-12-29 21:56:04', 1, 'clientPayedDeptController.php', 4, '', 0),
(34, '1972350.00', '20000.00', 0, 1, 'ايصال تحصيل (( قبض من عميل ))', 83, '1992350.00', '2025-12-29 21:58:02', 1, 'clientPayedDeptController.php', 4, '', 0),
(35, '1992350.00', '22000.00', 0, 1, 'ايصال تحصيل (( قبض من عميل ))', 84, '2014350.00', '2025-12-29 21:58:24', 1, 'clientPayedDeptController.php', 4, '', 0),
(36, '2014350.00', '14000.00', 0, 1, 'ايصال تحصيل (( قبض من عميل ))', 85, '2028350.00', '2025-12-29 21:58:43', 1, 'clientPayedDeptController.php', 4, '', 0),
(37, '2028350.00', '20000.00', 0, 1, 'ايصال تحصيل (( قبض من عميل ))', 86, '2048350.00', '2025-12-29 21:59:36', 1, 'clientPayedDeptController.php', 4, '', 0),
(38, '2048350.00', '20000.00', 0, 1, 'ايصال تحصيل (( قبض من عميل ))', 88, '2068350.00', '2025-12-29 22:05:18', 1, 'clientPayedDeptController.php', 4, '', 0),
(39, '2068350.00', '13000.00', 0, 1, 'ايصال تحصيل (( قبض من عميل ))', 89, '2081350.00', '2025-12-29 22:05:38', 1, 'clientPayedDeptController.php', 4, '', 0),
(40, '2081350.00', '10000.00', 0, 1, 'ايصال تحصيل (( قبض من عميل ))', 90, '2091350.00', '2025-12-29 22:06:00', 1, 'clientPayedDeptController.php', 4, '', 0),
(41, '2091350.00', '56000.00', 0, 1, 'اضاÙة Ùاتورة مبيعات (معدله)', 24, '2147350.00', '2025-12-29 22:10:41', 1, 'sellbillController.php', 5, '', 0),
(42, '2147350.00', '249800.00', 0, 1, 'اضاÙة Ùاتورة مبيعات', 25, '2397150.00', '2025-12-29 22:12:01', 1, 'sellbillController.php', 5, '', 0),
(43, '2397150.00', '69200.00', 0, 1, 'اضاÙة Ùاتورة مبيعات', 26, '2466350.00', '2025-12-29 22:12:53', 1, 'sellbillController.php', 5, '', 0),
(44, '2466350.00', '30000.00', 0, 1, 'اضاÙة Ùاتورة مبيعات', 27, '2496350.00', '2025-12-29 22:14:33', 1, 'sellbillController.php', 5, '', 0),
(45, '2496350.00', '50000.00', 0, 1, 'ايصال تحصيل (( قبض من عميل ))', 98, '2546350.00', '2025-12-29 22:14:59', 1, 'clientPayedDeptController.php', 5, '', 0),
(46, '2546350.00', '35850.00', 0, 1, 'ايصال تحصيل (( قبض من عميل ))', 99, '2582200.00', '2025-12-29 22:15:32', 1, 'clientPayedDeptController.php', 5, '', 0),
(47, '2582200.00', '60000.00', 0, 1, 'ايصال تحصيل (( قبض من عميل ))', 100, '2642200.00', '2025-12-29 22:16:07', 1, 'clientPayedDeptController.php', 5, '', 0),
(48, '2642200.00', '20000.00', 0, 1, 'ايصال تحصيل (( قبض من عميل ))', 101, '2662200.00', '2025-12-29 22:16:37', 1, 'clientPayedDeptController.php', 5, '', 0),
(49, '2662200.00', '10200.00', 0, 1, 'اضاÙة Ùاتورة مبيعات', 30, '2672400.00', '2025-12-29 22:30:23', 1, 'sellbillController.php', 7, '', 0),
(50, '2672400.00', '31200.00', 0, 1, 'اضاÙة Ùاتورة مبيعات', 31, '2703600.00', '2025-12-29 22:32:20', 1, 'sellbillController.php', 7, '', 0),
(51, '2703600.00', '30600.00', 0, 1, 'اضاÙة Ùاتورة مبيعات', 32, '2734200.00', '2025-12-29 22:33:49', 1, 'sellbillController.php', 7, '', 0),
(52, '2734200.00', '20400.00', 0, 1, 'اضاÙة Ùاتورة مبيعات', 33, '2754600.00', '2025-12-29 22:35:04', 1, 'sellbillController.php', 7, '', 0),
(53, '2754600.00', '46800.00', 0, 1, 'اضاÙة Ùاتورة مبيعات', 34, '2801400.00', '2025-12-29 22:36:28', 1, 'sellbillController.php', 7, '', 0),
(54, '2801400.00', '130000.00', 0, 1, 'اضاÙة Ùاتورة مبيعات', 35, '2931400.00', '2025-12-29 22:37:27', 1, 'sellbillController.php', 7, '', 0),
(55, '2931400.00', '30600.00', 0, 1, 'اضاÙة Ùاتورة مبيعات', 36, '2962000.00', '2025-12-29 22:38:21', 1, 'sellbillController.php', 7, '', 0),
(56, '2962000.00', '48000.00', 0, 1, 'ايصال تحصيل (( قبض من عميل ))', 121, '3010000.00', '2025-12-29 22:58:57', 1, 'clientPayedDeptController.php', 8, '', 0),
(57, '3010000.00', '58000.00', 0, 1, 'ايصال تحصيل (( قبض من عميل ))', 122, '3068000.00', '2025-12-29 22:59:23', 1, 'clientPayedDeptController.php', 8, '', 0),
(58, '3068000.00', '60000.00', 0, 1, 'ايصال تحصيل (( قبض من عميل ))', 126, '3128000.00', '2025-12-29 23:02:11', 1, 'clientPayedDeptController.php', 8, '', 0),
(59, '3128000.00', '51640.00', 0, 1, 'ايصال تحصيل (( قبض من عميل ))', 127, '3179640.00', '2025-12-29 23:02:42', 1, 'clientPayedDeptController.php', 8, '', 0),
(60, '3179640.00', '5185.00', 0, 1, 'ايصال تحصيل (( قبض من عميل ))', 128, '3184825.00', '2025-12-29 23:03:15', 1, 'clientPayedDeptController.php', 8, '', 0),
(61, '3184825.00', '40000.00', 0, 1, 'ايصال تحصيل (( قبض من عميل ))', 132, '3224825.00', '2025-12-29 23:07:29', 1, 'clientPayedDeptController.php', 8, '', 0),
(62, '3224825.00', '60000.00', 0, 1, 'ايصال تحصيل (( قبض من عميل ))', 135, '3284825.00', '2025-12-29 23:09:53', 1, 'clientPayedDeptController.php', 8, '', 0),
(63, '3284825.00', '110000.00', 0, 1, 'ايصال تحصيل (( قبض من عميل ))', 136, '3394825.00', '2025-12-29 23:10:31', 1, 'clientPayedDeptController.php', 8, '', 0),
(64, '3394825.00', '130000.00', 0, 1, 'ايصال تحصيل (( قبض من عميل ))', 137, '3524825.00', '2025-12-29 23:11:26', 1, 'clientPayedDeptController.php', 8, '', 0),
(65, '3524825.00', '116000.00', 0, 1, 'ايصال تحصيل (( قبض من عميل ))', 139, '3640825.00', '2025-12-29 23:13:33', 1, 'clientPayedDeptController.php', 8, '', 0),
(66, '3640825.00', '60000.00', 0, 1, 'ايصال تحصيل (( قبض من عميل ))', 140, '3700825.00', '2025-12-29 23:14:00', 1, 'clientPayedDeptController.php', 8, '', 0),
(67, '3700825.00', '16170.00', 0, 1, 'ايصال تحصيل (( قبض من عميل ))', 141, '3716995.00', '2025-12-29 23:14:25', 1, 'clientPayedDeptController.php', 8, '', 0),
(68, '3716995.00', '60000.00', 0, 1, 'اضاÙة Ùاتورة مبيعات', 58, '3776995.00', '2025-12-29 23:21:20', 1, 'sellbillController.php', 9, '', 0),
(69, '3776995.00', '20000.00', 0, 1, 'ايصال تحصيل (( قبض من عميل ))', 145, '3796995.00', '2025-12-29 23:21:49', 1, 'clientPayedDeptController.php', 9, '', 0),
(70, '3796995.00', '45000.00', 0, 1, 'ايصال تحصيل (( قبض من عميل ))', 147, '3841995.00', '2025-12-29 23:23:05', 1, 'clientPayedDeptController.php', 9, '', 0),
(71, '3841995.00', '20000.00', 0, 1, 'ايصال تحصيل (( قبض من عميل ))', 149, '3861995.00', '2025-12-29 23:24:52', 1, 'clientPayedDeptController.php', 9, '', 0),
(72, '3861995.00', '50000.00', 0, 1, 'اضاÙة Ùاتورة مبيعات', 61, '3911995.00', '2025-12-29 23:26:38', 1, 'sellbillController.php', 9, '', 0),
(73, '3911995.00', '17600.00', 0, 1, 'اضاÙة Ùاتورة مبيعات', 62, '3929595.00', '2025-12-29 23:27:45', 1, 'sellbillController.php', 9, '', 0),
(74, '3929595.00', '10000.00', 0, 1, 'ايصال تحصيل (( قبض من عميل ))', 152, '3939595.00', '2025-12-29 23:28:17', 1, 'clientPayedDeptController.php', 9, '', 0),
(75, '3939595.00', '220000.00', 0, 1, 'اضاÙة Ùاتورة مبيعات', 63, '4159595.00', '2025-12-29 23:58:12', 1, 'sellbillController.php', 10, '', 0),
(76, '4159595.00', '11250.00', 0, 1, 'اضاÙة Ùاتورة مبيعات', 65, '4170845.00', '2025-12-30 00:02:00', 1, 'sellbillController.php', 10, '', 0),
(77, '4170845.00', '3900.00', 0, 1, 'اضاÙة Ùاتورة مبيعات', 66, '4174745.00', '2025-12-30 00:02:38', 1, 'sellbillController.php', 10, '', 0),
(78, '4174745.00', '102600.00', 0, 1, 'اضاÙة Ùاتورة مبيعات', 67, '4277345.00', '2025-12-30 00:04:32', 1, 'sellbillController.php', 10, '', 0),
(79, '4277345.00', '50000.00', 0, 1, 'ايصال تحصيل (( قبض من عميل ))', 159, '4327345.00', '2025-12-30 00:05:46', 1, 'clientPayedDeptController.php', 10, '', 0),
(80, '4327345.00', '80000.00', 0, 1, 'ايصال تحصيل (( قبض من عميل ))', 161, '4407345.00', '2025-12-30 00:07:30', 1, 'clientPayedDeptController.php', 10, '', 0),
(81, '4407345.00', '120000.00', 0, 1, 'اضاÙة Ùاتورة مبيعات', 70, '4527345.00', '2025-12-30 00:10:01', 1, 'sellbillController.php', 10, '', 0),
(82, '4527345.00', '72500.00', 0, 1, 'اضاÙة Ùاتورة مبيعات', 72, '4599845.00', '2025-12-30 00:13:00', 1, 'sellbillController.php', 10, '', 0),
(83, '4599845.00', '10000.00', 0, 1, 'اضاÙة Ùاتورة مبيعات', 73, '4609845.00', '2025-12-30 00:14:53', 1, 'sellbillController.php', 11, '', 0),
(84, '4609845.00', '50000.00', 0, 1, 'ايصال تحصيل (( قبض من عميل ))', 168, '4659845.00', '2025-12-30 00:16:41', 1, 'clientPayedDeptController.php', 12, '', 0),
(85, '4659845.00', '30000.00', 0, 1, 'ايصال تحصيل (( قبض من عميل ))', 169, '4689845.00', '2025-12-30 00:17:02', 1, 'clientPayedDeptController.php', 12, '', 0),
(86, '4689845.00', '20000.00', 0, 1, 'اضاÙة Ùاتورة مبيعات', 77, '4709845.00', '2025-12-30 00:24:33', 1, 'sellbillController.php', 13, '', 0),
(87, '4709845.00', '50000.00', 0, 1, 'اضاÙة Ùاتورة مبيعات', 79, '4759845.00', '2025-12-30 00:27:56', 1, 'sellbillController.php', 13, '', 0),
(88, '4759845.00', '70000.00', 0, 1, 'ايصال تحصيل (( قبض من عميل ))', 175, '4829845.00', '2025-12-30 00:28:45', 1, 'clientPayedDeptController.php', 13, '', 0),
(89, '4829845.00', '76000.00', 0, 1, 'ايصال تحصيل (( قبض من عميل ))', 177, '4905845.00', '2025-12-30 00:30:23', 1, 'clientPayedDeptController.php', 13, '', 0),
(90, '4905845.00', '22650.00', 0, 1, 'ايصال تحصيل (( قبض من عميل ))', 178, '4928495.00', '2025-12-30 00:31:11', 1, 'clientPayedDeptController.php', 13, '', 0),
(91, '4928495.00', '7000.00', 0, 1, 'ايصال تحصيل (( قبض من عميل ))', 181, '4935495.00', '2025-12-30 00:54:23', 1, 'clientPayedDeptController.php', 13, '', 0),
(92, '4935495.00', '14700.00', 0, 1, 'اضاÙة Ùاتورة مبيعات (معدله)', 82, '4950195.00', '2025-12-30 00:59:51', 1, 'sellbillController.php', 13, '', 0),
(93, '4950195.00', '7000.00', 1, 1, 'الغاء سداد ديون عميل', 184, '4943195.00', '2025-12-30 01:08:25', 1, 'clientPayedDeptController.php', 13, '', 0),
(94, '4943195.00', '10000.00', 0, 1, 'اضاÙة Ùاتورة مبيعات', 83, '4953195.00', '2025-12-30 01:15:48', 1, 'sellbillController.php', 14, '', 0),
(95, '4953195.00', '15000.00', 0, 1, 'ايصال تحصيل (( قبض من عميل ))', 186, '4968195.00', '2025-12-30 01:16:14', 1, 'clientPayedDeptController.php', 14, '', 0),
(96, '4968195.00', '120000.00', 0, 1, 'اضاÙة Ùاتورة مبيعات', 85, '5088195.00', '2025-12-30 01:30:44', 1, 'sellbillController.php', 15, '', 0),
(97, '5088195.00', '64500.00', 0, 1, 'اضاÙة Ùاتورة مبيعات', 86, '5152695.00', '2025-12-30 01:32:03', 1, 'sellbillController.php', 15, '', 0),
(98, '5152695.00', '80000.00', 0, 1, 'ايصال تحصيل (( قبض من عميل ))', 190, '5232695.00', '2025-12-30 01:32:35', 1, 'clientPayedDeptController.php', 15, '', 0),
(99, '5232695.00', '100000.00', 0, 1, 'ايصال تحصيل (( قبض من عميل ))', 191, '5332695.00', '2025-12-30 01:33:08', 1, 'clientPayedDeptController.php', 15, '', 0),
(100, '5332695.00', '100000.00', 0, 1, 'ايصال تحصيل (( قبض من عميل ))', 192, '5432695.00', '2025-12-30 01:33:40', 1, 'clientPayedDeptController.php', 15, '', 0),
(101, '5432695.00', '70000.00', 0, 1, 'ايصال تحصيل (( قبض من عميل ))', 194, '5502695.00', '2025-12-30 01:35:03', 1, 'clientPayedDeptController.php', 15, '', 0),
(102, '5502695.00', '100000.00', 0, 1, 'ايصال تحصيل (( قبض من عميل ))', 195, '5602695.00', '2025-12-30 01:35:22', 1, 'clientPayedDeptController.php', 15, '', 0),
(103, '5602695.00', '88000.00', 0, 1, 'ايصال تحصيل (( قبض من عميل ))', 198, '5690695.00', '2025-12-30 01:39:39', 1, 'clientPayedDeptController.php', 15, '', 0),
(104, '5690695.00', '100000.00', 0, 1, 'ايصال تحصيل (( قبض من عميل ))', 200, '5790695.00', '2025-12-30 01:41:40', 1, 'clientPayedDeptController.php', 15, '', 0),
(105, '5790695.00', '100000.00', 0, 1, 'ايصال تحصيل (( قبض من عميل ))', 201, '5890695.00', '2025-12-30 01:42:04', 1, 'clientPayedDeptController.php', 15, '', 0),
(106, '5890695.00', '100000.00', 0, 1, 'ايصال تحصيل (( قبض من عميل ))', 204, '5990695.00', '2025-12-30 01:44:47', 1, 'clientPayedDeptController.php', 15, '', 0),
(107, '5990695.00', '45000.00', 0, 1, 'ايصال تحصيل (( قبض من عميل ))', 205, '6035695.00', '2025-12-30 01:45:09', 1, 'clientPayedDeptController.php', 15, '', 0),
(108, '6035695.00', '19300.00', 0, 1, 'ايصال تحصيل (( قبض من عميل ))', 206, '6054995.00', '2025-12-30 01:46:04', 1, 'clientPayedDeptController.php', 15, '', 0),
(109, '6054995.00', '10000.00', 0, 1, 'ايصال تحصيل (( قبض من عميل ))', 209, '6064995.00', '2025-12-30 01:50:04', 1, 'clientPayedDeptController.php', 17, '', 0),
(110, '6064995.00', '40000.00', 0, 1, 'اضاÙة Ùاتورة مبيعات', 97, '6104995.00', '2025-12-30 01:55:42', 1, 'sellbillController.php', 16, '', 0),
(111, '6104995.00', '30000.00', 0, 1, 'اضاÙة Ùاتورة مبيعات', 98, '6134995.00', '2025-12-30 01:56:54', 1, 'sellbillController.php', 16, '', 0),
(112, '6134995.00', '50000.00', 0, 1, 'اضاÙة Ùاتورة مبيعات', 99, '6184995.00', '2025-12-30 01:59:39', 1, 'sellbillController.php', 16, '', 0),
(113, '6184995.00', '28000.00', 0, 1, 'ايصال تحصيل (( قبض من عميل ))', 215, '6212995.00', '2025-12-30 02:00:08', 1, 'clientPayedDeptController.php', 16, '', 0),
(114, '6212995.00', '15150.00', 0, 1, 'ايصال تحصيل (( قبض من عميل ))', 216, '6228145.00', '2025-12-30 02:00:36', 1, 'clientPayedDeptController.php', 16, '', 0),
(115, '6228145.00', '15000.00', 0, 1, 'ايصال تحصيل (( قبض من عميل ))', 217, '6243145.00', '2025-12-30 02:01:21', 1, 'clientPayedDeptController.php', 16, '', 0),
(116, '6243145.00', '9900.00', 0, 1, 'اضاÙة Ùاتورة مبيعات', 100, '6253045.00', '2025-12-30 02:03:02', 1, 'sellbillController.php', 18, '', 0),
(117, '6253045.00', '120500.00', 0, 1, 'ايصال تحصيل (( قبض من عميل ))', 220, '6373545.00', '2025-12-30 02:05:57', 1, 'clientPayedDeptController.php', 18, '', 0),
(118, '6373545.00', '10200.00', 0, 1, 'اضاÙة Ùاتورة مبيعات', 102, '6383745.00', '2025-12-30 02:07:04', 1, 'sellbillController.php', 18, '', 0),
(119, '6383745.00', '211600.00', 0, 1, 'اضاÙة Ùاتورة مبيعات', 103, '6595345.00', '2025-12-30 02:09:44', 1, 'sellbillController.php', 18, '', 0),
(120, '6595345.00', '113000.00', 0, 1, 'اضاÙة Ùاتورة مبيعات', 104, '6708345.00', '2025-12-30 02:10:48', 1, 'sellbillController.php', 18, '', 0),
(121, '6708345.00', '154450.00', 0, 1, 'اضاÙة Ùاتورة مبيعات', 105, '6862795.00', '2025-12-30 02:13:19', 1, 'sellbillController.php', 18, '', 0),
(122, '6862795.00', '88400.00', 0, 1, 'اضاÙة Ùاتورة مبيعات', 106, '6951195.00', '2025-12-30 02:15:13', 1, 'sellbillController.php', 18, '', 0),
(123, '6951195.00', '83600.00', 0, 1, 'اضاÙة Ùاتورة مبيعات', 107, '7034795.00', '2025-12-30 02:17:24', 1, 'sellbillController.php', 18, '', 0),
(124, '7034795.00', '91400.00', 0, 1, 'اضاÙة Ùاتورة مبيعات', 108, '7126195.00', '2025-12-30 02:18:51', 1, 'sellbillController.php', 18, '', 0),
(125, '7126195.00', '11000.00', 0, 1, 'اضاÙة Ùاتورة مبيعات', 109, '7137195.00', '2025-12-30 02:19:59', 1, 'sellbillController.php', 18, '', 0),
(126, '7137195.00', '4400.00', 0, 1, 'اضاÙة Ùاتورة مبيعات', 110, '7141595.00', '2025-12-30 02:20:37', 1, 'sellbillController.php', 18, '', 0),
(127, '7141595.00', '234600.00', 0, 1, 'اضاÙة Ùاتورة مبيعات', 111, '7376195.00', '2025-12-30 02:23:00', 1, 'sellbillController.php', 26, '', 0),
(128, '7376195.00', '3900.00', 0, 1, 'اضاÙة Ùاتورة مبيعات', 112, '7380095.00', '2025-12-30 02:24:09', 1, 'sellbillController.php', 22, '', 0),
(129, '7380095.00', '64000.00', 0, 1, 'اضاÙة Ùاتورة مبيعات', 113, '7444095.00', '2025-12-30 02:27:07', 1, 'sellbillController.php', 22, '', 0),
(130, '7444095.00', '60000.00', 0, 1, 'ايصال تحصيل (( قبض من عميل ))', 236, '7504095.00', '2025-12-30 02:30:08', 1, 'clientPayedDeptController.php', 20, '', 0),
(131, '7504095.00', '60000.00', 0, 1, 'اضاÙة Ùاتورة مبيعات (معدله)', 115, '7564095.00', '2025-12-30 02:33:16', 1, 'sellbillController.php', 20, '', 0),
(132, '7564095.00', '60000.00', 1, 1, 'الغاء سداد ديون عميل', 239, '7504095.00', '2025-12-30 02:34:59', 1, 'clientPayedDeptController.php', 20, '', 0),
(133, '7504095.00', '179500.00', 0, 1, 'ايصال تحصيل (( قبض من عميل ))', 241, '7683595.00', '2025-12-30 02:36:15', 1, 'clientPayedDeptController.php', 20, '', 0),
(134, '7683595.00', '20400.00', 0, 1, 'ايصال تحصيل (( قبض من عميل ))', 244, '7703995.00', '2025-12-30 15:16:41', 1, 'clientPayedDeptController.php', 25, '', 0),
(135, '7703995.00', '20000.00', 0, 1, 'ايصال تحصيل (( قبض من عميل ))', 245, '7723995.00', '2025-12-30 15:17:00', 1, 'clientPayedDeptController.php', 25, '', 0),
(136, '7723995.00', '26900.00', 0, 1, 'ايصال تحصيل (( قبض من عميل ))', 248, '7750895.00', '2025-12-30 15:19:37', 1, 'clientPayedDeptController.php', 25, '', 0),
(137, '7750895.00', '200000.00', 0, 1, 'اضاÙة Ùاتورة مبيعات', 121, '7950895.00', '2025-12-30 15:22:58', 1, 'sellbillController.php', 24, '', 0),
(138, '7950895.00', '131000.00', 0, 1, 'ايصال تحصيل (( قبض من عميل ))', 251, '8081895.00', '2025-12-30 15:25:06', 1, 'clientPayedDeptController.php', 24, '', 0),
(139, '8081895.00', '299250.00', 0, 1, 'ايصال تحصيل (( قبض من عميل ))', 253, '8381145.00', '2025-12-30 15:28:26', 1, 'clientPayedDeptController.php', 24, '', 0),
(140, '8381145.00', '345000.00', 0, 1, 'اضاÙة Ùاتورة مبيعات', 125, '8726145.00', '2025-12-30 15:30:38', 1, 'sellbillController.php', 24, '', 0),
(141, '8726145.00', '37000.00', 0, 1, 'ايصال تحصيل (( قبض من عميل ))', 257, '8763145.00', '2025-12-30 15:31:54', 1, 'clientPayedDeptController.php', 24, '', 0),
(142, '8763145.00', '5900.00', 0, 1, 'اضاÙة Ùاتورة مبيعات', 128, '8769045.00', '2025-12-30 15:33:52', 1, 'sellbillController.php', 23, '', 0),
(143, '8769045.00', '5900.00', 0, 1, 'اضاÙة Ùاتورة مبيعات', 129, '8774945.00', '2025-12-30 15:34:27', 1, 'sellbillController.php', 23, '', 0),
(144, '8774945.00', '76000.00', 0, 1, 'اضاÙة Ùاتورة مبيعات', 130, '8850945.00', '2025-12-30 15:36:14', 1, 'sellbillController.php', 23, '', 0),
(145, '8850945.00', '13000.00', 0, 1, 'اضاÙة Ùاتورة مبيعات', 131, '8863945.00', '2025-12-30 15:36:57', 1, 'sellbillController.php', 23, '', 0),
(146, '8863945.00', '10200.00', 0, 1, 'اضاÙة Ùاتورة مبيعات', 132, '8874145.00', '2025-12-30 15:38:06', 1, 'sellbillController.php', 23, '', 0),
(147, '8874145.00', '23200.00', 0, 1, 'اضاÙة Ùاتورة مبيعات', 133, '8897345.00', '2025-12-30 15:39:16', 1, 'sellbillController.php', 23, '', 0),
(148, '8897345.00', '13000.00', 0, 1, 'اضاÙة Ùاتورة مبيعات', 134, '8910345.00', '2025-12-30 15:41:26', 1, 'sellbillController.php', 21, '', 0),
(149, '8910345.00', '8400.00', 0, 1, 'ايصال تحصيل (( قبض من عميل ))', 266, '8918745.00', '2025-12-30 15:41:52', 1, 'clientPayedDeptController.php', 21, '', 0),
(150, '8918745.00', '19700.00', 0, 1, 'ايصال تحصيل (( قبض من عميل ))', 267, '8938445.00', '2025-12-30 15:42:18', 1, 'clientPayedDeptController.php', 21, '', 0),
(151, '8938445.00', '28000.00', 0, 1, 'ايصال تحصيل (( قبض من عميل ))', 270, '8966445.00', '2025-12-30 15:45:01', 1, 'clientPayedDeptController.php', 21, '', 0),
(152, '8966445.00', '10100.00', 0, 1, 'اضاÙة Ùاتورة مبيعات', 137, '8976545.00', '2025-12-30 15:46:03', 1, 'sellbillController.php', 21, '', 0),
(153, '8976545.00', '1000.00', 0, 1, 'اضاÙة Ùاتورة مبيعات', 138, '8977545.00', '2025-12-30 15:46:42', 1, 'sellbillController.php', 21, '', 0),
(154, '8977545.00', '100000.00', 0, 1, 'اضاÙة Ùاتورة مبيعات', 139, '9077545.00', '2025-12-30 15:53:39', 1, 'sellbillController.php', 19, '', 0),
(155, '9077545.00', '50000.00', 0, 1, 'ايصال تحصيل (( قبض من عميل ))', 274, '9127545.00', '2025-12-30 15:54:03', 1, 'clientPayedDeptController.php', 19, '', 0),
(156, '9127545.00', '80000.00', 0, 1, 'ايصال تحصيل (( قبض من عميل ))', 279, '9207545.00', '2025-12-30 15:57:29', 1, 'clientPayedDeptController.php', 19, '', 0),
(157, '9207545.00', '100000.00', 0, 1, 'ايصال تحصيل (( قبض من عميل ))', 282, '9307545.00', '2025-12-30 16:01:05', 1, 'clientPayedDeptController.php', 19, '', 0),
(158, '9307545.00', '55500.00', 0, 1, 'ايصال تحصيل (( قبض من عميل ))', 284, '9363045.00', '2025-12-30 16:03:14', 1, 'clientPayedDeptController.php', 19, '', 0),
(159, '9363045.00', '2850.00', 0, 1, 'اضاÙة Ùاتورة مبيعات', 145, '9365895.00', '2025-12-30 17:47:43', 1, 'sellbillController.php', 1, '', 0),
(160, '9365895.00', '51000.00', 0, 1, 'اضاÙة Ùاتورة مبيعات', 146, '9416895.00', '2025-12-30 17:48:47', 1, 'sellbillController.php', 28, '', 0),
(161, '9416895.00', '10600.00', 0, 1, 'اضاÙة Ùاتورة مبيعات', 147, '9427495.00', '2025-12-30 17:49:42', 1, 'sellbillController.php', 28, '', 0),
(162, '9427495.00', '10400.00', 0, 1, 'اضاÙة Ùاتورة مبيعات', 148, '9437895.00', '2025-12-30 17:50:42', 1, 'sellbillController.php', 32, '', 0),
(163, '9437895.00', '5200.00', 0, 1, 'اضاÙة Ùاتورة مبيعات', 149, '9443095.00', '2025-12-30 17:51:18', 1, 'sellbillController.php', 32, '', 0),
(164, '9443095.00', '20000.00', 0, 1, 'اضاÙة Ùاتورة مبيعات', 150, '9463095.00', '2025-12-30 17:52:08', 1, 'sellbillController.php', 32, '', 0),
(165, '9463095.00', '30000.00', 0, 1, 'اضاÙة Ùاتورة مبيعات', 151, '9493095.00', '2025-12-30 17:53:06', 1, 'sellbillController.php', 31, '', 0),
(166, '9493095.00', '24500.00', 0, 1, 'اضاÙة Ùاتورة مبيعات', 152, '9517595.00', '2025-12-30 17:54:24', 1, 'sellbillController.php', 31, '', 0),
(167, '9517595.00', '6000.00', 0, 1, 'اضاÙة Ùاتورة مبيعات', 153, '9523595.00', '2025-12-30 17:54:58', 1, 'sellbillController.php', 31, '', 0),
(168, '9523595.00', '2700.00', 0, 1, 'اضاÙة Ùاتورة مبيعات', 154, '9526295.00', '2025-12-30 17:56:29', 1, 'sellbillController.php', 30, '', 0),
(169, '9526295.00', '22700.00', 0, 1, 'اضاÙة Ùاتورة مبيعات', 155, '9548995.00', '2025-12-30 17:57:33', 1, 'sellbillController.php', 30, '', 0),
(170, '9548995.00', '17200.00', 0, 1, 'اضاÙة Ùاتورة مبيعات', 156, '9566195.00', '2025-12-30 17:59:16', 1, 'sellbillController.php', 30, '', 0),
(171, '9566195.00', '6750.00', 0, 1, 'اضاÙة Ùاتورة مبيعات', 158, '9572945.00', '2025-12-30 18:00:58', 1, 'sellbillController.php', 30, '', 0),
(172, '9572945.00', '55500.00', 0, 1, 'ايصال تحصيل (( قبض من عميل ))', 299, '9628445.00', '2025-12-30 18:01:25', 1, 'clientPayedDeptController.php', 30, '', 0),
(173, '9628445.00', '4850.00', 0, 1, 'اضاÙة Ùاتورة مبيعات', 159, '9633295.00', '2025-12-30 18:02:53', 1, 'sellbillController.php', 1, '', 0),
(174, '9633295.00', '1750.00', 0, 1, 'اضاÙة Ùاتورة مبيعات', 160, '9635045.00', '2025-12-30 18:03:37', 1, 'sellbillController.php', 1, '', 0),
(175, '9635045.00', '4400.00', 0, 1, 'اضاÙة Ùاتورة مبيعات', 161, '9639445.00', '2025-12-30 18:04:22', 1, 'sellbillController.php', 1, '', 0),
(176, '9639445.00', '8600.00', 0, 1, 'اضاÙة Ùاتورة مبيعات', 162, '9648045.00', '2025-12-30 18:05:08', 1, 'sellbillController.php', 1, '', 0),
(177, '9648045.00', '10500.00', 0, 1, 'اضاÙة Ùاتورة مبيعات', 163, '9658545.00', '2025-12-30 18:05:49', 1, 'sellbillController.php', 1, '', 0),
(178, '9658545.00', '1700.00', 0, 1, 'اضاÙة Ùاتورة مبيعات', 164, '9660245.00', '2025-12-30 18:06:33', 1, 'sellbillController.php', 1, '', 0),
(179, '9660245.00', '6800.00', 0, 1, 'اضاÙة Ùاتورة مبيعات', 165, '9667045.00', '2025-12-30 18:07:24', 1, 'sellbillController.php', 1, '', 0),
(180, '9667045.00', '21300.00', 0, 1, 'ايصال تحصيل (( قبض من عميل ))', 309, '9688345.00', '2025-12-30 18:09:46', 1, 'clientPayedDeptController.php', 29, '', 0),
(181, '9688345.00', '8100.00', 0, 1, 'اضاÙة Ùاتورة مبيعات', 168, '9696445.00', '2025-12-30 18:10:22', 1, 'sellbillController.php', 29, '', 0),
(182, '9696445.00', '1300.00', 0, 1, 'اضاÙة Ùاتورة مبيعات', 169, '9697745.00', '2025-12-30 18:11:03', 1, 'sellbillController.php', 31, '', 0),
(183, '9697745.00', '17500.00', 0, 1, 'اضاÙة Ùاتورة مبيعات', 170, '9715245.00', '2025-12-30 18:12:59', 1, 'sellbillController.php', 29, '', 0),
(184, '9715245.00', '25800.00', 0, 1, 'اضاÙة Ùاتورة مبيعات', 171, '9741045.00', '2025-12-30 18:14:17', 1, 'sellbillController.php', 27, '', 0),
(185, '9741045.00', '12000.00', 0, 1, 'اضاÙة Ùاتورة مبيعات', 172, '9753045.00', '2025-12-30 18:15:24', 1, 'sellbillController.php', 27, '', 0),
(186, '9753045.00', '75500.00', 0, 1, 'اضاÙة Ùاتورة مبيعات', 173, '9828545.00', '2025-12-30 18:17:08', 1, 'sellbillController.php', 27, '', 0),
(187, '9828545.00', '9050.00', 0, 1, 'اضاÙة Ùاتورة مبيعات', 174, '9837595.00', '2025-12-30 18:18:27', 1, 'sellbillController.php', 27, '', 0),
(188, '9837595.00', '30900.00', 0, 1, 'اضاÙة Ùاتورة مبيعات', 175, '9868495.00', '2025-12-30 18:20:14', 1, 'sellbillController.php', 27, '', 0),
(189, '9868495.00', '44800.00', 0, 1, 'اضاÙة Ùاتورة مبيعات', 176, '9913295.00', '2025-12-30 19:48:47', 1, 'sellbillController.php', 1, '', 0),
(190, '9913295.00', '44800.00', 1, 1, 'تعديل Ùاتورة مبيعات', 176, '9868495.00', '2025-12-30 19:52:06', 1, 'sellbillController.php', 1, '', 0),
(191, '9868495.00', '0.00', 0, 1, 'اضاÙة شريك', 1, '9868495.00', '2025-12-30 19:58:15', 1, 'partnerController.php', 0, '', 0),
(192, '9868495.00', '0.00', 0, 1, 'اضاÙة شريك', 2, '9868495.00', '2025-12-30 19:58:33', 1, 'partnerController.php', 0, '', 0),
(193, '9868495.00', '0.00', 0, 1, 'اضاÙة شريك', 3, '9868495.00', '2025-12-30 19:58:56', 1, 'partnerController.php', 0, '', 0),
(194, '9868495.00', '280000.00', 1, 1, 'اضاÙة مسحوبات شركاء', 4, '9588495.00', '2025-12-30 20:00:47', 1, 'partnerwithdrawalController.php', 0, '', 0),
(195, '9588495.00', '30000.00', 1, 1, 'اضاÙة مسحوبات شركاء', 5, '9558495.00', '2025-12-30 20:10:36', 1, 'partnerwithdrawalController.php', 0, '', 0),
(196, '9558495.00', '3000.00', 1, 1, 'إضاÙة مصروÙ', 2, '9555495.00', '2025-12-30 20:11:43', 1, 'expensesController.php', 0, '', 0),
(197, '9555495.00', '7860.00', 1, 1, 'إضاÙة مصروÙ', 1, '9547635.00', '2025-12-30 20:13:04', 1, 'expensesController.php', 0, '', 0),
(198, '9547635.00', '10000.00', 1, 1, 'إضاÙة مصروÙ', 3, '9537635.00', '2025-12-30 20:13:52', 1, 'expensesController.php', 0, '', 0),
(199, '9537635.00', '440000.00', 1, 1, 'اضاÙة مسحوبات شركاء', 6, '9097635.00', '2025-12-30 20:16:14', 1, 'partnerwithdrawalController.php', 0, '', 0),
(200, '9097635.00', '6800.00', 1, 1, 'إضاÙة مصروÙ', 4, '9090835.00', '2025-12-30 20:20:16', 1, 'expensesController.php', 0, '', 0),
(201, '9090835.00', '1890.00', 1, 1, 'إضاÙة مصروÙ', 5, '9088945.00', '2025-12-30 20:20:55', 1, 'expensesController.php', 0, '', 0),
(202, '9088945.00', '5600.00', 1, 1, 'إضاÙة مصروÙ', 6, '9083345.00', '2025-12-30 20:21:26', 1, 'expensesController.php', 0, '', 0),
(203, '9083345.00', '10000.00', 1, 1, 'إضاÙة مصروÙ', 7, '9073345.00', '2025-12-30 20:21:56', 1, 'expensesController.php', 0, '', 0),
(204, '9073345.00', '1900.00', 1, 1, 'إضاÙة مصروÙ', 8, '9071445.00', '2025-12-30 20:22:36', 1, 'expensesController.php', 0, '', 0),
(205, '9071445.00', '2500.00', 1, 1, 'إضاÙة مصروÙ', 9, '9068945.00', '2025-12-30 20:23:46', 1, 'expensesController.php', 0, '', 0),
(206, '9068945.00', '1450.00', 1, 1, 'إضاÙة مصروÙ', 10, '9067495.00', '2025-12-30 20:24:18', 1, 'expensesController.php', 0, '', 0),
(207, '9067495.00', '560000.00', 1, 1, 'اضاÙة مسحوبات شركاء', 7, '8507495.00', '2025-12-30 20:25:05', 1, 'partnerwithdrawalController.php', 0, '', 0),
(208, '8507495.00', '2500.00', 1, 1, 'إضاÙة مصروÙ', 11, '8504995.00', '2025-12-30 20:25:35', 1, 'expensesController.php', 0, '', 0),
(209, '8504995.00', '24700.00', 1, 1, 'إضاÙة مصروÙ', 12, '8480295.00', '2025-12-30 20:26:25', 1, 'expensesController.php', 0, '', 0),
(210, '8480295.00', '400.00', 1, 1, 'إضاÙة مصروÙ', 13, '8479895.00', '2025-12-30 20:26:50', 1, 'expensesController.php', 0, '', 0),
(211, '8479895.00', '7500.00', 1, 1, 'إضاÙة مصروÙ', 14, '8472395.00', '2025-12-30 20:27:19', 1, 'expensesController.php', 0, '', 0),
(212, '8472395.00', '12300.00', 1, 1, 'إضاÙة مصروÙ', 15, '8460095.00', '2025-12-30 20:27:55', 1, 'expensesController.php', 0, '', 0),
(213, '8460095.00', '6900.00', 1, 1, 'إضاÙة مصروÙ', 16, '8453195.00', '2025-12-30 20:28:25', 1, 'expensesController.php', 0, '', 0),
(214, '8453195.00', '4290.00', 1, 1, 'إضاÙة مصروÙ', 17, '8448905.00', '2025-12-30 20:29:15', 1, 'expensesController.php', 0, '', 0),
(215, '8448905.00', '1300.00', 1, 1, 'إضاÙة مصروÙ', 18, '8447605.00', '2025-12-30 20:29:45', 1, 'expensesController.php', 0, '', 0),
(216, '8447605.00', '2500.00', 1, 1, 'إضاÙة مصروÙ', 19, '8445105.00', '2025-12-30 20:30:10', 1, 'expensesController.php', 0, '', 0),
(217, '8445105.00', '500000.00', 1, 1, 'اضاÙة مسحوبات شركاء', 8, '7945105.00', '2025-12-30 20:30:37', 1, 'partnerwithdrawalController.php', 0, '', 0),
(218, '7945105.00', '7500.00', 1, 1, 'إضاÙة مصروÙ', 20, '7937605.00', '2025-12-30 20:31:20', 1, 'expensesController.php', 0, '', 0),
(219, '7937605.00', '1500.00', 1, 1, 'إضاÙة مصروÙ', 21, '7936105.00', '2025-12-30 20:31:43', 1, 'expensesController.php', 0, '', 0),
(220, '7936105.00', '15000.00', 1, 1, 'إضاÙة مصروÙ', 22, '7921105.00', '2025-12-30 20:32:07', 1, 'expensesController.php', 0, '', 0),
(221, '7921105.00', '3000.00', 1, 1, 'إضاÙة مصروÙ', 23, '7918105.00', '2025-12-30 20:33:08', 1, 'expensesController.php', 0, '', 0),
(222, '7918105.00', '8820.00', 1, 1, 'إضاÙة مصروÙ', 24, '7909285.00', '2025-12-30 20:34:51', 1, 'expensesController.php', 0, '', 0),
(223, '7909285.00', '1665.00', 1, 1, 'إضاÙة مصروÙ', 25, '7907620.00', '2025-12-30 23:06:24', 1, 'expensesController.php', 0, '', 0),
(224, '7907620.00', '20000.00', 1, 1, 'اضاÙة مسحوبات شركاء', 9, '7887620.00', '2025-12-30 23:07:13', 1, 'partnerwithdrawalController.php', 0, '', 0),
(225, '7887620.00', '65690.00', 1, 1, 'اضاÙة مسحوبات شركاء', 10, '7821930.00', '2025-12-30 23:08:10', 1, 'partnerwithdrawalController.php', 0, '', 0),
(226, '7821930.00', '5200.00', 1, 1, 'إضاÙة مصروÙ', 26, '7816730.00', '2025-12-30 23:08:59', 1, 'expensesController.php', 0, '', 0),
(227, '7816730.00', '8980.00', 1, 1, 'إضاÙة مصروÙ', 27, '7807750.00', '2025-12-30 23:09:49', 1, 'expensesController.php', 0, '', 0),
(228, '7807750.00', '1305.00', 1, 1, 'إضاÙة مصروÙ', 28, '7806445.00', '2025-12-30 23:11:24', 1, 'expensesController.php', 0, '', 0),
(229, '7806445.00', '40265.00', 1, 1, 'إضاÙة مصروÙ', 29, '7766180.00', '2025-12-30 23:23:37', 1, 'expensesController.php', 0, '', 0),
(230, '7766180.00', '20710.00', 1, 1, 'إضاÙة مصروÙ', 30, '7745470.00', '2025-12-30 23:26:51', 1, 'expensesController.php', 0, '', 0),
(231, '7745470.00', '102000.00', 1, 1, 'إضاÙة مصروÙ', 31, '7643470.00', '2025-12-30 23:28:59', 1, 'expensesController.php', 0, '', 0),
(232, '7643470.00', '330000.00', 1, 1, 'اضاÙة مسحوبات شركاء', 11, '7313470.00', '2025-12-30 23:29:59', 1, 'partnerwithdrawalController.php', 0, '', 0),
(233, '7313470.00', '25000.00', 0, 1, 'اضاÙة ايداع شركاء', 12, '7338470.00', '2025-12-30 23:32:00', 1, 'partnerwithdrawalController.php', 0, '', 0),
(234, '7338470.00', '2550.00', 1, 1, 'إضاÙة مصروÙ', 32, '7335920.00', '2025-12-30 23:32:34', 1, 'expensesController.php', 0, '', 0),
(235, '7335920.00', '21600.00', 1, 1, 'إضاÙة مصروÙ', 33, '7314320.00', '2025-12-30 23:34:30', 1, 'expensesController.php', 0, '', 0),
(236, '7314320.00', '68000.00', 1, 1, 'إضاÙة مصروÙ', 34, '7246320.00', '2025-12-30 23:35:30', 1, 'expensesController.php', 0, '', 0),
(237, '7246320.00', '4140.00', 1, 1, 'إضاÙة مصروÙ', 35, '7242180.00', '2025-12-30 23:36:08', 1, 'expensesController.php', 0, '', 0),
(238, '7242180.00', '8970.00', 1, 1, 'إضاÙة مصروÙ', 36, '7233210.00', '2025-12-30 23:36:48', 1, 'expensesController.php', 0, '', 0),
(239, '7233210.00', '3525.00', 1, 1, 'إضاÙة مصروÙ', 37, '7229685.00', '2025-12-30 23:38:28', 1, 'expensesController.php', 0, '', 0),
(240, '7229685.00', '400.00', 1, 1, 'إضاÙة مصروÙ', 38, '7229285.00', '2025-12-30 23:39:15', 1, 'expensesController.php', 0, '', 0),
(241, '7229285.00', '94390.00', 1, 1, 'إضاÙة مصروÙ', 39, '7134895.00', '2025-12-30 23:47:52', 1, 'expensesController.php', 0, '', 0),
(242, '7134895.00', '5100.00', 1, 1, 'إضاÙة مصروÙ', 40, '7129795.00', '2025-12-30 23:48:44', 1, 'expensesController.php', 0, '', 0),
(243, '7129795.00', '425.00', 1, 1, 'إضاÙة مصروÙ', 41, '7129370.00', '2025-12-30 23:49:44', 1, 'expensesController.php', 0, '', 0),
(244, '7129370.00', '105000.00', 1, 1, 'إضاÙة مصروÙ', 42, '7024370.00', '2025-12-30 23:50:09', 1, 'expensesController.php', 0, '', 0),
(245, '7024370.00', '54210.00', 1, 1, 'إضاÙة مصروÙ', 43, '6970160.00', '2025-12-30 23:50:56', 1, 'expensesController.php', 0, '', 0),
(246, '6970160.00', '7700.00', 1, 1, 'إضاÙة مصروÙ', 44, '6962460.00', '2025-12-30 23:51:36', 1, 'expensesController.php', 0, '', 0),
(247, '6962460.00', '7000.00', 1, 1, 'إضاÙة مصروÙ', 45, '6955460.00', '2025-12-30 23:51:53', 1, 'expensesController.php', 0, '', 0),
(248, '6955460.00', '232900.00', 1, 1, 'إضاÙة مصروÙ', 46, '6722560.00', '2025-12-30 23:53:10', 1, 'expensesController.php', 0, '', 0),
(249, '6722560.00', '625.00', 1, 1, 'إضاÙة مصروÙ', 47, '6721935.00', '2025-12-30 23:53:38', 1, 'expensesController.php', 0, '', 0),
(250, '6721935.00', '2500.00', 1, 1, 'إضاÙة مصروÙ', 48, '6719435.00', '2025-12-30 23:54:16', 1, 'expensesController.php', 0, '', 0),
(251, '6719435.00', '2020.00', 1, 1, 'إضاÙة مصروÙ', 49, '6717415.00', '2025-12-30 23:54:38', 1, 'expensesController.php', 0, '', 0);
INSERT INTO `savedaily` (`savedailyid`, `savedailysavebefore`, `savedailychangeamount`, `savedailychangetype`, `saveid`, `processname`, `savedailymodelid`, `savedailysaveafter`, `savedailydate`, `userid`, `tablename`, `clientid`, `note`, `clientdebtchangeidfk`) VALUES
(252, '6717415.00', '65520.00', 1, 1, 'إضاÙة مصروÙ', 50, '6651895.00', '2025-12-30 23:55:11', 1, 'expensesController.php', 0, '', 0),
(253, '6651895.00', '4520.00', 1, 1, 'إضاÙة مصروÙ', 51, '6647375.00', '2025-12-30 23:56:18', 1, 'expensesController.php', 0, '', 0),
(254, '6647375.00', '2400.00', 1, 1, 'إضاÙة مصروÙ', 52, '6644975.00', '2025-12-30 23:56:53', 1, 'expensesController.php', 0, '', 0),
(255, '6644975.00', '200.00', 1, 1, 'إضاÙة مصروÙ', 53, '6644775.00', '2025-12-30 23:57:16', 1, 'expensesController.php', 0, '', 0),
(256, '6644775.00', '875.00', 1, 1, 'إضاÙة مصروÙ', 54, '6643900.00', '2025-12-30 23:57:39', 1, 'expensesController.php', 0, '', 0),
(257, '6643900.00', '3150.00', 1, 1, 'إضاÙة مصروÙ', 55, '6640750.00', '2025-12-30 23:58:38', 1, 'expensesController.php', 0, '', 0),
(258, '6640750.00', '15000.00', 1, 1, 'إضاÙة مصروÙ', 56, '6625750.00', '2025-12-30 23:59:06', 1, 'expensesController.php', 0, '', 0),
(259, '6625750.00', '18000.00', 1, 1, 'إضاÙة مصروÙ', 57, '6607750.00', '2025-12-31 00:00:15', 1, 'expensesController.php', 0, '', 0),
(260, '6607750.00', '7000.00', 1, 1, 'إضاÙة مصروÙ', 58, '6600750.00', '2025-12-31 00:35:42', 1, 'expensesController.php', 0, '', 0),
(261, '6600750.00', '500000.00', 0, 1, 'اضاÙة ايداع شركاء', 13, '7100750.00', '2025-12-31 00:37:27', 1, 'partnerwithdrawalController.php', 0, '', 0),
(262, '7100750.00', '144690.00', 1, 1, 'إضاÙة مصروÙ', 59, '6956060.00', '2025-12-31 00:38:06', 1, 'expensesController.php', 0, '', 0),
(263, '6956060.00', '2370.00', 1, 1, 'إضاÙة مصروÙ', 60, '6953690.00', '2025-12-31 00:38:27', 1, 'expensesController.php', 0, '', 0),
(264, '6953690.00', '2000.00', 1, 1, 'إضاÙة مصروÙ', 61, '6951690.00', '2025-12-31 00:39:00', 1, 'expensesController.php', 0, '', 0),
(265, '6951690.00', '20000.00', 1, 1, 'إضاÙة مصروÙ', 62, '6931690.00', '2025-12-31 00:40:01', 1, 'expensesController.php', 0, '', 0),
(266, '6931690.00', '900.00', 1, 1, 'إضاÙة مصروÙ', 63, '6930790.00', '2025-12-31 00:40:45', 1, 'expensesController.php', 0, '', 0),
(267, '6930790.00', '2200.00', 1, 1, 'إضاÙة مصروÙ', 64, '6928590.00', '2025-12-31 00:41:20', 1, 'expensesController.php', 0, '', 0),
(268, '6928590.00', '20000.00', 1, 1, 'إضاÙة مصروÙ', 65, '6908590.00', '2025-12-31 00:41:38', 1, 'expensesController.php', 0, '', 0),
(269, '6908590.00', '780570.00', 0, 1, 'اضاÙة ايداع شركاء', 14, '7689160.00', '2025-12-31 00:43:27', 1, 'partnerwithdrawalController.php', 0, '', 0),
(270, '7689160.00', '1320.00', 1, 1, 'إضاÙة مصروÙ', 67, '7687840.00', '2025-12-31 00:44:26', 1, 'expensesController.php', 0, '', 0),
(271, '7687840.00', '2650.00', 1, 1, 'إضاÙة مصروÙ', 68, '7685190.00', '2025-12-31 00:45:02', 1, 'expensesController.php', 0, '', 0),
(272, '7685190.00', '20000.00', 1, 1, 'إضاÙة مصروÙ', 69, '7665190.00', '2025-12-31 00:45:43', 1, 'expensesController.php', 0, '', 0),
(273, '7665190.00', '2500.00', 1, 1, 'إضاÙة مصروÙ', 70, '7662690.00', '2025-12-31 00:46:06', 1, 'expensesController.php', 0, '', 0),
(274, '7662690.00', '171700.00', 1, 1, 'اضاÙة مسحوبات شركاء', 15, '7490990.00', '2025-12-31 00:47:10', 1, 'partnerwithdrawalController.php', 0, '', 0),
(275, '7490990.00', '1075.00', 1, 1, 'إضاÙة مصروÙ', 71, '7489915.00', '2025-12-31 00:47:36', 1, 'expensesController.php', 0, '', 0),
(276, '7489915.00', '5100.00', 1, 1, 'إضاÙة مصروÙ', 72, '7484815.00', '2025-12-31 00:48:09', 1, 'expensesController.php', 0, '', 0),
(277, '7484815.00', '6200.00', 1, 1, 'إضاÙة مصروÙ', 73, '7478615.00', '2025-12-31 00:49:02', 1, 'expensesController.php', 0, '', 0),
(278, '7478615.00', '100000.00', 1, 1, 'إضاÙة مصروÙ', 74, '7378615.00', '2025-12-31 00:49:27', 1, 'expensesController.php', 0, '', 0),
(279, '7378615.00', '10245.00', 1, 1, 'إضاÙة مصروÙ', 75, '7368370.00', '2025-12-31 00:50:01', 1, 'expensesController.php', 0, '', 0),
(280, '7368370.00', '19650.00', 1, 1, 'إضاÙة مصروÙ', 76, '7348720.00', '2025-12-31 00:50:47', 1, 'expensesController.php', 0, '', 0),
(281, '7348720.00', '2770.00', 1, 1, 'إضاÙة مصروÙ', 77, '7345950.00', '2025-12-31 00:51:55', 1, 'expensesController.php', 0, '', 0),
(282, '7345950.00', '1300.00', 1, 1, 'إضاÙة مصروÙ', 78, '7344650.00', '2025-12-31 00:52:14', 1, 'expensesController.php', 0, '', 0),
(283, '7344650.00', '2500.00', 1, 1, 'إضاÙة مصروÙ', 79, '7342150.00', '2025-12-31 00:54:56', 1, 'expensesController.php', 0, '', 0),
(284, '7342150.00', '14015.00', 1, 1, 'إضاÙة مصروÙ', 80, '7328135.00', '2025-12-31 00:55:40', 1, 'expensesController.php', 0, '', 0),
(285, '7328135.00', '240.00', 1, 1, 'إضاÙة مصروÙ', 81, '7327895.00', '2025-12-31 00:56:25', 1, 'expensesController.php', 0, '', 0),
(286, '7327895.00', '134500.00', 1, 1, 'إضاÙة مصروÙ', 82, '7193395.00', '2025-12-31 00:57:34', 1, 'expensesController.php', 0, '', 0),
(287, '7193395.00', '1370.00', 1, 1, 'إضاÙة مصروÙ', 83, '7192025.00', '2025-12-31 00:57:54', 1, 'expensesController.php', 0, '', 0),
(288, '7192025.00', '90000.00', 1, 1, 'إضاÙة مصروÙ', 84, '7102025.00', '2025-12-31 00:59:28', 1, 'expensesController.php', 0, '', 0),
(289, '7102025.00', '8000.00', 1, 1, 'إضاÙة مصروÙ', 85, '7094025.00', '2025-12-31 01:01:57', 1, 'expensesController.php', 0, '', 0),
(290, '7094025.00', '7500.00', 0, 1, 'حذÙ مصروÙ', 14, '7101525.00', '2025-12-31 01:02:29', 1, 'expensesController.php', 0, '', 0),
(291, '7101525.00', '15000.00', 1, 1, 'إضاÙة مصروÙ', 86, '7086525.00', '2025-12-31 01:05:49', 1, 'expensesController.php', 0, '', 0),
(292, '7086525.00', '15000.00', 0, 1, 'حذÙ مصروÙ', 56, '7101525.00', '2025-12-31 01:06:29', 1, 'expensesController.php', 0, '', 0),
(293, '7101525.00', '7500.00', 1, 1, 'إضاÙة مصروÙ', 87, '7094025.00', '2025-12-31 01:06:48', 1, 'expensesController.php', 0, '', 0),
(294, '7094025.00', '30000.00', 1, 1, 'إضاÙة مصروÙ', 88, '7064025.00', '2025-12-31 01:07:27', 1, 'expensesController.php', 0, '', 0),
(295, '7064025.00', '4250.00', 1, 1, 'إضاÙة مصروÙ', 89, '7059775.00', '2025-12-31 01:08:31', 1, 'expensesController.php', 0, '', 0),
(296, '7059775.00', '3915.00', 1, 1, 'إضاÙة مصروÙ', 90, '7055860.00', '2025-12-31 01:09:05', 1, 'expensesController.php', 0, '', 0),
(297, '7055860.00', '1400.00', 1, 1, 'إضاÙة مصروÙ', 91, '7054460.00', '2025-12-31 01:09:35', 1, 'expensesController.php', 0, '', 0),
(298, '7054460.00', '3895.00', 1, 1, 'إضاÙة مصروÙ', 92, '7050565.00', '2025-12-31 01:09:58', 1, 'expensesController.php', 0, '', 0),
(299, '7050565.00', '3000.00', 1, 1, 'إضاÙة مصروÙ', 93, '7047565.00', '2025-12-31 01:10:52', 1, 'expensesController.php', 0, '', 0),
(300, '7047565.00', '5100.00', 1, 1, 'إضاÙة مصروÙ', 94, '7042465.00', '2025-12-31 01:11:18', 1, 'expensesController.php', 0, '', 0),
(301, '7042465.00', '330000.00', 1, 1, 'اضاÙة مسحوبات شركاء', 18, '6712465.00', '2025-12-31 01:11:58', 1, 'partnerwithdrawalController.php', 0, '', 0),
(302, '6712465.00', '20000.00', 1, 1, 'إضاÙة مصروÙ', 95, '6692465.00', '2025-12-31 01:12:47', 1, 'expensesController.php', 0, '', 0),
(303, '6692465.00', '1500.00', 1, 1, 'إضاÙة مصروÙ', 96, '6690965.00', '2025-12-31 01:16:46', 1, 'expensesController.php', 0, '', 0),
(304, '6690965.00', '2500.00', 1, 1, 'إضاÙة مصروÙ', 97, '6688465.00', '2025-12-31 01:17:14', 1, 'expensesController.php', 0, '', 0),
(305, '6688465.00', '13200.00', 1, 1, 'إضاÙة مصروÙ', 98, '6675265.00', '2025-12-31 01:18:06', 1, 'expensesController.php', 0, '', 0),
(306, '6675265.00', '9750.00', 1, 1, 'إضاÙة مصروÙ', 99, '6665515.00', '2025-12-31 01:18:52', 1, 'expensesController.php', 0, '', 0),
(307, '6665515.00', '550.00', 1, 1, 'إضاÙة مصروÙ', 100, '6664965.00', '2025-12-31 01:19:17', 1, 'expensesController.php', 0, '', 0),
(308, '6664965.00', '80000.00', 1, 1, 'اضاÙة مسحوبات شركاء', 19, '6584965.00', '2025-12-31 01:19:39', 1, 'partnerwithdrawalController.php', 0, '', 0),
(309, '6584965.00', '3000.00', 1, 1, 'إضاÙة مصروÙ', 101, '6581965.00', '2025-12-31 01:21:13', 1, 'expensesController.php', 0, '', 0),
(310, '6581965.00', '500000.00', 1, 1, 'اضاÙة مسحوبات شركاء', 20, '6081965.00', '2025-12-31 01:21:43', 1, 'partnerwithdrawalController.php', 0, '', 0),
(311, '6081965.00', '2050.00', 1, 1, 'إضاÙة مصروÙ', 102, '6079915.00', '2025-12-31 01:22:45', 1, 'expensesController.php', 0, '', 0),
(312, '6079915.00', '4000.00', 1, 1, 'إضاÙة مصروÙ', 103, '6075915.00', '2025-12-31 01:23:08', 1, 'expensesController.php', 0, '', 0),
(313, '6075915.00', '300.00', 1, 1, 'إضاÙة مصروÙ', 104, '6075615.00', '2025-12-31 01:23:33', 1, 'expensesController.php', 0, '', 0),
(314, '6075615.00', '630.00', 1, 1, 'إضاÙة مصروÙ', 105, '6074985.00', '2025-12-31 21:20:06', 1, 'expensesController.php', 0, '', 0),
(315, '6074985.00', '40000.00', 1, 1, 'إضاÙة مصروÙ', 106, '6034985.00', '2025-12-31 21:20:39', 1, 'expensesController.php', 0, '', 0),
(316, '6034985.00', '2500.00', 1, 1, 'إضاÙة مصروÙ', 107, '6032485.00', '2025-12-31 21:21:12', 1, 'expensesController.php', 0, '', 0),
(317, '6032485.00', '9800.00', 1, 1, 'إضاÙة مصروÙ', 108, '6022685.00', '2025-12-31 21:22:22', 1, 'expensesController.php', 0, '', 0),
(318, '6022685.00', '5700.00', 1, 1, 'إضاÙة مصروÙ', 109, '6016985.00', '2025-12-31 21:23:09', 1, 'expensesController.php', 0, '', 0),
(319, '6016985.00', '6860.00', 1, 1, 'إضاÙة مصروÙ', 110, '6010125.00', '2025-12-31 21:23:42', 1, 'expensesController.php', 0, '', 0),
(320, '6010125.00', '6000.00', 1, 1, 'إضاÙة مصروÙ', 111, '6004125.00', '2025-12-31 21:24:04', 1, 'expensesController.php', 0, '', 0),
(321, '6004125.00', '2000.00', 1, 1, 'إضاÙة مصروÙ', 112, '6002125.00', '2025-12-31 21:25:01', 1, 'expensesController.php', 0, '', 0),
(322, '6002125.00', '8150.00', 1, 1, 'إضاÙة مصروÙ', 113, '5993975.00', '2025-12-31 21:25:38', 1, 'expensesController.php', 0, '', 0),
(323, '5993975.00', '17100.00', 1, 1, 'إضاÙة مصروÙ', 114, '5976875.00', '2025-12-31 21:26:32', 1, 'expensesController.php', 0, '', 0),
(324, '5976875.00', '40230.00', 1, 1, 'إضاÙة مصروÙ', 115, '5936645.00', '2025-12-31 21:28:05', 1, 'expensesController.php', 0, '', 0),
(325, '5936645.00', '5080.00', 1, 1, 'إضاÙة مصروÙ', 116, '5931565.00', '2025-12-31 21:28:45', 1, 'expensesController.php', 0, '', 0),
(326, '5931565.00', '1600.00', 1, 1, 'إضاÙة مصروÙ', 117, '5929965.00', '2025-12-31 21:29:24', 1, 'expensesController.php', 0, '', 0),
(327, '5929965.00', '170.00', 1, 1, 'إضاÙة مصروÙ', 118, '5929795.00', '2025-12-31 21:29:59', 1, 'expensesController.php', 0, '', 0),
(328, '5929795.00', '4000.00', 1, 1, 'إضاÙة مصروÙ', 119, '5925795.00', '2025-12-31 21:30:36', 1, 'expensesController.php', 0, '', 0),
(329, '5925795.00', '5600.00', 1, 1, 'إضاÙة مصروÙ', 120, '5920195.00', '2025-12-31 21:31:00', 1, 'expensesController.php', 0, '', 0),
(330, '5920195.00', '70020.00', 1, 1, 'إضاÙة مصروÙ', 121, '5850175.00', '2025-12-31 21:31:51', 1, 'expensesController.php', 0, '', 0),
(331, '5850175.00', '680.00', 1, 1, 'إضاÙة مصروÙ', 122, '5849495.00', '2025-12-31 21:32:33', 1, 'expensesController.php', 0, '', 0),
(332, '5849495.00', '300.00', 1, 1, 'إضاÙة مصروÙ', 123, '5849195.00', '2025-12-31 21:32:59', 1, 'expensesController.php', 0, '', 0),
(333, '5849195.00', '4320.00', 1, 1, 'إضاÙة مصروÙ', 124, '5844875.00', '2025-12-31 21:34:25', 1, 'expensesController.php', 0, '', 0),
(334, '5844875.00', '5000.00', 1, 1, 'إضاÙة مصروÙ', 125, '5839875.00', '2025-12-31 21:34:48', 1, 'expensesController.php', 0, '', 0),
(335, '5839875.00', '14300.00', 1, 1, 'إضاÙة مصروÙ', 126, '5825575.00', '2025-12-31 21:35:22', 1, 'expensesController.php', 0, '', 0),
(336, '5825575.00', '10000.00', 1, 1, 'إضاÙة مصروÙ', 127, '5815575.00', '2025-12-31 21:36:20', 1, 'expensesController.php', 0, '', 0),
(337, '5815575.00', '1800.00', 1, 1, 'إضاÙة مصروÙ', 128, '5813775.00', '2025-12-31 21:36:48', 1, 'expensesController.php', 0, '', 0),
(338, '5813775.00', '20865.00', 1, 1, 'إضاÙة مصروÙ', 129, '5792910.00', '2025-12-31 21:37:40', 1, 'expensesController.php', 0, '', 0),
(339, '5792910.00', '353500.00', 1, 1, 'اضاÙة مسحوبات شركاء', 22, '5439410.00', '2025-12-31 21:38:18', 1, 'partnerwithdrawalController.php', 0, '', 0),
(340, '5439410.00', '2500.00', 1, 1, 'إضاÙة مصروÙ', 130, '5436910.00', '2025-12-31 21:38:42', 1, 'expensesController.php', 0, '', 0),
(341, '5436910.00', '885.00', 1, 1, 'إضاÙة مصروÙ', 131, '5436025.00', '2025-12-31 21:39:31', 1, 'expensesController.php', 0, '', 0),
(342, '5436025.00', '9500.00', 1, 1, 'إضاÙة مصروÙ', 132, '5426525.00', '2025-12-31 21:40:24', 1, 'expensesController.php', 0, '', 0),
(343, '5426525.00', '50000.00', 1, 1, 'إضاÙة مصروÙ', 133, '5376525.00', '2025-12-31 21:41:06', 1, 'expensesController.php', 0, '', 0),
(344, '5376525.00', '5500.00', 1, 1, 'إضاÙة مصروÙ', 134, '5371025.00', '2025-12-31 21:41:27', 1, 'expensesController.php', 0, '', 0),
(345, '5371025.00', '16600.00', 1, 1, 'إضاÙة مصروÙ', 135, '5354425.00', '2025-12-31 21:41:56', 1, 'expensesController.php', 0, '', 0),
(346, '5354425.00', '1050.00', 1, 1, 'إضاÙة مصروÙ', 136, '5353375.00', '2025-12-31 21:42:52', 1, 'expensesController.php', 0, '', 0),
(347, '5353375.00', '50000.00', 1, 1, 'إضاÙة مصروÙ', 137, '5303375.00', '2025-12-31 21:43:25', 1, 'expensesController.php', 0, '', 0),
(348, '5303375.00', '114000.00', 1, 1, 'إضاÙة مصروÙ', 138, '5189375.00', '2025-12-31 21:44:14', 1, 'expensesController.php', 0, '', 0),
(349, '5189375.00', '11400.00', 1, 1, 'إضاÙة مصروÙ', 139, '5177975.00', '2025-12-31 21:44:46', 1, 'expensesController.php', 0, '', 0),
(350, '5177975.00', '3000.00', 1, 1, 'إضاÙة مصروÙ', 140, '5174975.00', '2025-12-31 21:45:05', 1, 'expensesController.php', 0, '', 0),
(351, '5174975.00', '20000.00', 1, 1, 'إضاÙة مصروÙ', 141, '5154975.00', '2025-12-31 21:45:26', 1, 'expensesController.php', 0, '', 0),
(352, '5154975.00', '75000.00', 1, 1, 'إضاÙة مصروÙ', 142, '5079975.00', '2025-12-31 21:46:14', 1, 'expensesController.php', 0, '', 0),
(353, '5079975.00', '1375.00', 1, 1, 'إضاÙة مصروÙ', 143, '5078600.00', '2025-12-31 21:46:51', 1, 'expensesController.php', 0, '', 0),
(354, '5078600.00', '135000.00', 1, 1, 'إضاÙة مصروÙ', 144, '4943600.00', '2025-12-31 21:47:18', 1, 'expensesController.php', 0, '', 0),
(355, '4943600.00', '915.00', 1, 1, 'إضاÙة مصروÙ', 145, '4942685.00', '2025-12-31 21:47:58', 1, 'expensesController.php', 0, '', 0),
(356, '4942685.00', '7500.00', 1, 1, 'إضاÙة مصروÙ', 146, '4935185.00', '2025-12-31 21:48:37', 1, 'expensesController.php', 0, '', 0),
(357, '4935185.00', '37400.00', 1, 1, 'إضاÙة مصروÙ', 147, '4897785.00', '2025-12-31 21:49:21', 1, 'expensesController.php', 0, '', 0),
(358, '4897785.00', '8900.00', 1, 1, 'إضاÙة مصروÙ', 148, '4888885.00', '2025-12-31 21:49:46', 1, 'expensesController.php', 0, '', 0),
(359, '4888885.00', '2500.00', 1, 1, 'إضاÙة مصروÙ', 149, '4886385.00', '2025-12-31 21:50:17', 1, 'expensesController.php', 0, '', 0),
(360, '4886385.00', '1800.00', 1, 1, 'إضاÙة مصروÙ', 150, '4884585.00', '2025-12-31 21:50:50', 1, 'expensesController.php', 0, '', 0),
(361, '4884585.00', '14200.00', 1, 1, 'إضاÙة مصروÙ', 151, '4870385.00', '2025-12-31 21:51:20', 1, 'expensesController.php', 0, '', 0),
(362, '4870385.00', '7000.00', 1, 1, 'إضاÙة مصروÙ', 152, '4863385.00', '2025-12-31 21:52:19', 1, 'expensesController.php', 0, '', 0),
(363, '4863385.00', '35000.00', 1, 1, 'إضاÙة مصروÙ', 153, '4828385.00', '2025-12-31 21:52:54', 1, 'expensesController.php', 0, '', 0),
(364, '4828385.00', '1500.00', 1, 1, 'إضاÙة مصروÙ', 155, '4826885.00', '2025-12-31 21:54:05', 1, 'expensesController.php', 0, '', 0),
(365, '4826885.00', '1150.00', 1, 1, 'إضاÙة مصروÙ', 156, '4825735.00', '2025-12-31 21:54:30', 1, 'expensesController.php', 0, '', 0),
(366, '4825735.00', '300.00', 1, 1, 'إضاÙة مصروÙ', 157, '4825435.00', '2025-12-31 21:55:14', 1, 'expensesController.php', 0, '', 0),
(367, '4825435.00', '1400.00', 1, 1, 'إضاÙة مصروÙ', 158, '4824035.00', '2025-12-31 21:55:48', 1, 'expensesController.php', 0, '', 0),
(368, '4824035.00', '900.00', 1, 1, 'إضاÙة مصروÙ', 159, '4823135.00', '2025-12-31 21:56:24', 1, 'expensesController.php', 0, '', 0),
(369, '4823135.00', '19480.00', 1, 1, 'إضاÙة مصروÙ', 160, '4803655.00', '2025-12-31 21:57:11', 1, 'expensesController.php', 0, '', 0),
(370, '4803655.00', '60000.00', 1, 1, 'إضاÙة مصروÙ', 161, '4743655.00', '2025-12-31 21:57:45', 1, 'expensesController.php', 0, '', 0),
(371, '4743655.00', '300.00', 1, 1, 'إضاÙة مصروÙ', 162, '4743355.00', '2025-12-31 21:58:10', 1, 'expensesController.php', 0, '', 0),
(372, '4743355.00', '1470.00', 1, 1, 'إضاÙة مصروÙ', 163, '4741885.00', '2025-12-31 21:58:34', 1, 'expensesController.php', 0, '', 0),
(373, '4741885.00', '10000.00', 1, 1, 'إضاÙة مصروÙ', 164, '4731885.00', '2025-12-31 21:59:13', 1, 'expensesController.php', 0, '', 0),
(374, '4731885.00', '10100.00', 1, 1, 'إضاÙة مصروÙ', 165, '4721785.00', '2025-12-31 21:59:32', 1, 'expensesController.php', 0, '', 0),
(375, '4721785.00', '1330.00', 1, 1, 'إضاÙة مصروÙ', 166, '4720455.00', '2025-12-31 22:00:09', 1, 'expensesController.php', 0, '', 0),
(376, '4720455.00', '1700.00', 1, 1, 'إضاÙة مصروÙ', 167, '4718755.00', '2025-12-31 22:00:46', 1, 'expensesController.php', 0, '', 0),
(377, '4718755.00', '250.00', 1, 1, 'إضاÙة مصروÙ', 168, '4718505.00', '2025-12-31 22:01:31', 1, 'expensesController.php', 0, '', 0),
(378, '4718505.00', '2225.00', 1, 1, 'إضاÙة مصروÙ', 169, '4716280.00', '2025-12-31 22:02:04', 1, 'expensesController.php', 0, '', 0),
(379, '4716280.00', '925.00', 1, 1, 'إضاÙة مصروÙ', 170, '4715355.00', '2025-12-31 22:02:54', 1, 'expensesController.php', 0, '', 0),
(380, '4715355.00', '18120.00', 1, 1, 'إضاÙة مصروÙ', 171, '4697235.00', '2025-12-31 22:03:38', 1, 'expensesController.php', 0, '', 0),
(381, '4697235.00', '1000.00', 1, 1, 'إضاÙة مصروÙ', 172, '4696235.00', '2025-12-31 22:04:25', 1, 'expensesController.php', 0, '', 0),
(382, '4696235.00', '8000.00', 1, 1, 'إضاÙة مصروÙ', 173, '4688235.00', '2025-12-31 22:05:51', 1, 'expensesController.php', 0, '', 0),
(383, '4688235.00', '780570.00', 1, 1, 'تعديل شريك', 14, '3907665.00', '2025-12-31 22:11:04', 1, 'partnerwithdrawalController.php', 0, '', 0),
(384, '3907665.00', '500000.00', 1, 1, 'تعديل شريك', 13, '3407665.00', '2025-12-31 22:11:41', 1, 'partnerwithdrawalController.php', 0, '', 0),
(385, '3407665.00', '500000.00', 1, 1, 'اضاÙة مسحوبات شركاء', 24, '2907665.00', '2025-12-31 22:11:41', 1, 'partnerwithdrawalController.php', 0, '', 0),
(386, '2907665.00', '700000.00', 1, 1, 'اضاÙة مسحوبات شركاء', 25, '2207665.00', '2025-12-31 22:16:03', 1, 'partnerwithdrawalController.php', 0, '', 0),
(387, '2207665.00', '20000.00', 1, 1, 'اضاÙة مسحوبات شركاء', 26, '2187665.00', '2025-12-31 22:17:46', 1, 'partnerwithdrawalController.php', 0, '', 0),
(388, '2187665.00', '25000.00', 1, 1, 'اضاÙة مسحوبات شركاء', 27, '2162665.00', '2025-12-31 22:20:01', 1, 'partnerwithdrawalController.php', 0, '', 0),
(389, '2162665.00', '25000.00', 1, 1, 'حذÙ ايداع شركاء', 12, '2137665.00', '2025-12-31 22:20:52', 1, 'partnerwithdrawalController.php', 0, '', 0),
(390, '2137665.00', '90000.00', 0, 1, 'ايصال تحصيل (( قبض من عميل ))', 326, '2227665.00', '2026-01-06 19:24:03', 1, 'clientPayedDeptController.php', 2, '', 0),
(391, '2227665.00', '21000.00', 0, 1, 'ايصال تحصيل (( قبض من عميل ))', 327, '2248665.00', '2026-01-06 19:24:36', 1, 'clientPayedDeptController.php', 14, '', 0),
(392, '2248665.00', '-4515890.00', 1, 1, 'تعديل شريك', 2, '6764555.00', '2026-01-06 19:27:57', 1, 'partnerController.php', 0, '', 0),
(393, '6764555.00', '0.00', 0, 1, 'اضاÙة شريك', 2, '6764555.00', '2026-01-06 19:28:04', 1, 'partnerController.php', 0, '', 0),
(394, '6764555.00', '-310000.00', 1, 1, 'تعديل شريك', 1, '7074555.00', '2026-01-06 19:28:42', 1, 'partnerController.php', 0, '', 0),
(395, '7074555.00', '0.00', 0, 1, 'اضاÙة شريك', 1, '7074555.00', '2026-01-06 19:28:43', 1, 'partnerController.php', 0, '', 0),
(396, '7074555.00', '-80000.00', 1, 1, 'تعديل شريك', 3, '7154555.00', '2026-01-06 19:28:56', 1, 'partnerController.php', 0, '', 0),
(397, '7154555.00', '0.00', 0, 1, 'اضاÙة شريك', 3, '7154555.00', '2026-01-06 19:28:57', 1, 'partnerController.php', 0, '', 0),
(398, '7154555.00', '1700.00', 0, 1, 'حذÙ مصروÙ', 167, '7156255.00', '2026-01-06 19:33:46', 1, 'expensesController.php', 0, '', 0),
(399, '7156255.00', '1330.00', 0, 1, 'حذÙ مصروÙ', 166, '7157585.00', '2026-01-06 19:33:46', 1, 'expensesController.php', 0, '', 0),
(400, '7157585.00', '10000.00', 0, 1, 'حذÙ مصروÙ', 164, '7167585.00', '2026-01-06 19:33:46', 1, 'expensesController.php', 0, '', 0),
(401, '7167585.00', '1470.00', 0, 1, 'حذÙ مصروÙ', 163, '7169055.00', '2026-01-06 19:33:46', 1, 'expensesController.php', 0, '', 0),
(402, '7169055.00', '14200.00', 0, 1, 'حذÙ مصروÙ', 151, '7183255.00', '2026-01-06 19:33:46', 1, 'expensesController.php', 0, '', 0),
(403, '7183255.00', '1375.00', 0, 1, 'حذÙ مصروÙ', 143, '7184630.00', '2026-01-06 19:33:46', 1, 'expensesController.php', 0, '', 0),
(404, '7184630.00', '20000.00', 0, 1, 'حذÙ مصروÙ', 141, '7204630.00', '2026-01-06 19:33:47', 1, 'expensesController.php', 0, '', 0),
(405, '7204630.00', '11400.00', 0, 1, 'حذÙ مصروÙ', 139, '7216030.00', '2026-01-06 19:33:47', 1, 'expensesController.php', 0, '', 0),
(406, '7216030.00', '5500.00', 0, 1, 'حذÙ مصروÙ', 134, '7221530.00', '2026-01-06 19:33:47', 1, 'expensesController.php', 0, '', 0),
(407, '7221530.00', '10000.00', 0, 1, 'حذÙ مصروÙ', 127, '7231530.00', '2026-01-06 19:33:47', 1, 'expensesController.php', 0, '', 0),
(408, '7231530.00', '1600.00', 0, 1, 'حذÙ مصروÙ', 117, '7233130.00', '2026-01-06 19:33:47', 1, 'expensesController.php', 0, '', 0),
(409, '7233130.00', '8150.00', 0, 1, 'حذÙ مصروÙ', 113, '7241280.00', '2026-01-06 19:33:47', 1, 'expensesController.php', 0, '', 0),
(410, '7241280.00', '6000.00', 0, 1, 'حذÙ مصروÙ', 111, '7247280.00', '2026-01-06 19:33:47', 1, 'expensesController.php', 0, '', 0),
(411, '7247280.00', '630.00', 0, 1, 'حذÙ مصروÙ', 105, '7247910.00', '2026-01-06 19:33:48', 1, 'expensesController.php', 0, '', 0),
(412, '7247910.00', '300.00', 0, 1, 'حذÙ مصروÙ', 104, '7248210.00', '2026-01-06 19:33:48', 1, 'expensesController.php', 0, '', 0),
(413, '7248210.00', '3895.00', 0, 1, 'حذÙ مصروÙ', 92, '7252105.00', '2026-01-06 19:33:48', 1, 'expensesController.php', 0, '', 0),
(414, '7252105.00', '7500.00', 0, 1, 'حذÙ مصروÙ', 87, '7259605.00', '2026-01-06 19:33:48', 1, 'expensesController.php', 0, '', 0),
(415, '7259605.00', '8000.00', 0, 1, 'حذÙ مصروÙ', 85, '7267605.00', '2026-01-06 19:33:48', 1, 'expensesController.php', 0, '', 0),
(416, '7267605.00', '14015.00', 0, 1, 'حذÙ مصروÙ', 80, '7281620.00', '2026-01-06 19:33:48', 1, 'expensesController.php', 0, '', 0),
(417, '7281620.00', '2770.00', 0, 1, 'حذÙ مصروÙ', 77, '7284390.00', '2026-01-06 19:33:48', 1, 'expensesController.php', 0, '', 0),
(418, '7284390.00', '10245.00', 0, 1, 'حذÙ مصروÙ', 75, '7294635.00', '2026-01-06 19:33:49', 1, 'expensesController.php', 0, '', 0),
(419, '7294635.00', '6200.00', 0, 1, 'حذÙ مصروÙ', 73, '7300835.00', '2026-01-06 19:33:49', 1, 'expensesController.php', 0, '', 0),
(420, '7300835.00', '1075.00', 0, 1, 'حذÙ مصروÙ', 71, '7301910.00', '2026-01-06 19:33:49', 1, 'expensesController.php', 0, '', 0),
(421, '7301910.00', '2650.00', 0, 1, 'حذÙ مصروÙ', 68, '7304560.00', '2026-01-06 19:33:49', 1, 'expensesController.php', 0, '', 0),
(422, '7304560.00', '1320.00', 0, 1, 'حذÙ مصروÙ', 67, '7305880.00', '2026-01-06 19:33:49', 1, 'expensesController.php', 0, '', 0),
(423, '7305880.00', '20000.00', 0, 1, 'حذÙ مصروÙ', 65, '7325880.00', '2026-01-06 19:33:49', 1, 'expensesController.php', 0, '', 0),
(424, '7325880.00', '625.00', 0, 1, 'حذÙ مصروÙ', 47, '7326505.00', '2026-01-06 19:33:50', 1, 'expensesController.php', 0, '', 0),
(425, '7326505.00', '7000.00', 0, 1, 'حذÙ مصروÙ', 45, '7333505.00', '2026-01-06 19:33:50', 1, 'expensesController.php', 0, '', 0),
(426, '7333505.00', '7700.00', 0, 1, 'حذÙ مصروÙ', 44, '7341205.00', '2026-01-06 19:33:50', 1, 'expensesController.php', 0, '', 0),
(427, '7341205.00', '54210.00', 0, 1, 'حذÙ مصروÙ', 43, '7395415.00', '2026-01-06 19:33:50', 1, 'expensesController.php', 0, '', 0),
(428, '7395415.00', '5200.00', 0, 1, 'حذÙ مصروÙ', 26, '7400615.00', '2026-01-06 19:33:50', 1, 'expensesController.php', 0, '', 0),
(429, '7400615.00', '1665.00', 0, 1, 'حذÙ مصروÙ', 25, '7402280.00', '2026-01-06 19:33:50', 1, 'expensesController.php', 0, '', 0),
(430, '7402280.00', '8820.00', 0, 1, 'حذÙ مصروÙ', 24, '7411100.00', '2026-01-06 19:33:50', 1, 'expensesController.php', 0, '', 0),
(431, '7411100.00', '15000.00', 0, 1, 'حذÙ مصروÙ', 22, '7426100.00', '2026-01-06 19:33:50', 1, 'expensesController.php', 0, '', 0),
(432, '7426100.00', '1500.00', 0, 1, 'حذÙ مصروÙ', 21, '7427600.00', '2026-01-06 19:33:51', 1, 'expensesController.php', 0, '', 0),
(433, '7427600.00', '7500.00', 0, 1, 'حذÙ مصروÙ', 20, '7435100.00', '2026-01-06 19:33:51', 1, 'expensesController.php', 0, '', 0),
(434, '7435100.00', '6900.00', 0, 1, 'حذÙ مصروÙ', 16, '7442000.00', '2026-01-06 19:33:51', 1, 'expensesController.php', 0, '', 0),
(435, '7442000.00', '12300.00', 0, 1, 'حذÙ مصروÙ', 15, '7454300.00', '2026-01-06 19:33:51', 1, 'expensesController.php', 0, '', 0),
(436, '7454300.00', '400.00', 0, 1, 'حذÙ مصروÙ', 13, '7454700.00', '2026-01-06 19:33:51', 1, 'expensesController.php', 0, '', 0),
(437, '7454700.00', '24700.00', 0, 1, 'حذÙ مصروÙ', 12, '7479400.00', '2026-01-06 19:33:51', 1, 'expensesController.php', 0, '', 0),
(438, '7479400.00', '10000.00', 0, 1, 'حذÙ مصروÙ', 7, '7489400.00', '2026-01-06 19:33:51', 1, 'expensesController.php', 0, '', 0),
(439, '7489400.00', '10000.00', 0, 1, 'حذÙ مصروÙ', 3, '7499400.00', '2026-01-06 19:33:52', 1, 'expensesController.php', 0, '', 0),
(440, '7499400.00', '3000.00', 0, 1, 'حذÙ مصروÙ', 2, '7502400.00', '2026-01-06 19:33:52', 1, 'expensesController.php', 0, '', 0),
(441, '7502400.00', '7860.00', 0, 1, 'حذÙ مصروÙ', 1, '7510260.00', '2026-01-06 19:33:52', 1, 'expensesController.php', 0, '', 0),
(442, '7510260.00', '10100.00', 0, 1, 'حذÙ مصروÙ', 165, '7520360.00', '2026-01-06 19:34:55', 1, 'expensesController.php', 0, '', 0),
(443, '7520360.00', '300.00', 0, 1, 'حذÙ مصروÙ', 157, '7520660.00', '2026-01-06 19:34:55', 1, 'expensesController.php', 0, '', 0),
(444, '7520660.00', '8900.00', 0, 1, 'حذÙ مصروÙ', 148, '7529560.00', '2026-01-06 19:34:55', 1, 'expensesController.php', 0, '', 0),
(445, '7529560.00', '3000.00', 0, 1, 'حذÙ مصروÙ', 140, '7532560.00', '2026-01-06 19:34:56', 1, 'expensesController.php', 0, '', 0),
(446, '7532560.00', '1050.00', 0, 1, 'حذÙ مصروÙ', 136, '7533610.00', '2026-01-06 19:34:56', 1, 'expensesController.php', 0, '', 0),
(447, '7533610.00', '16600.00', 0, 1, 'حذÙ مصروÙ', 135, '7550210.00', '2026-01-06 19:34:56', 1, 'expensesController.php', 0, '', 0),
(448, '7550210.00', '5000.00', 0, 1, 'حذÙ مصروÙ', 125, '7555210.00', '2026-01-06 19:34:56', 1, 'expensesController.php', 0, '', 0),
(449, '7555210.00', '5600.00', 0, 1, 'حذÙ مصروÙ', 120, '7560810.00', '2026-01-06 19:34:56', 1, 'expensesController.php', 0, '', 0),
(450, '7560810.00', '4000.00', 0, 1, 'حذÙ مصروÙ', 119, '7564810.00', '2026-01-06 19:34:57', 1, 'expensesController.php', 0, '', 0),
(451, '7564810.00', '4000.00', 0, 1, 'حذÙ مصروÙ', 103, '7568810.00', '2026-01-06 19:34:57', 1, 'expensesController.php', 0, '', 0),
(452, '7568810.00', '9750.00', 0, 1, 'حذÙ مصروÙ', 99, '7578560.00', '2026-01-06 19:34:57', 1, 'expensesController.php', 0, '', 0),
(453, '7578560.00', '1370.00', 0, 1, 'حذÙ مصروÙ', 83, '7579930.00', '2026-01-06 19:34:57', 1, 'expensesController.php', 0, '', 0),
(454, '7579930.00', '4520.00', 0, 1, 'حذÙ مصروÙ', 51, '7584450.00', '2026-01-06 19:34:57', 1, 'expensesController.php', 0, '', 0),
(455, '7584450.00', '2020.00', 0, 1, 'حذÙ مصروÙ', 49, '7586470.00', '2026-01-06 19:34:57', 1, 'expensesController.php', 0, '', 0),
(456, '7586470.00', '8980.00', 0, 1, 'حذÙ مصروÙ', 27, '7595450.00', '2026-01-06 19:34:58', 1, 'expensesController.php', 0, '', 0),
(457, '7595450.00', '2500.00', 0, 1, 'حذÙ مصروÙ', 11, '7597950.00', '2026-01-06 19:34:58', 1, 'expensesController.php', 0, '', 0),
(458, '7597950.00', '5600.00', 0, 1, 'حذÙ مصروÙ', 6, '7603550.00', '2026-01-06 19:34:58', 1, 'expensesController.php', 0, '', 0),
(459, '7603550.00', '885.00', 0, 1, 'حذÙ مصروÙ', 131, '7604435.00', '2026-01-06 19:35:29', 1, 'expensesController.php', 0, '', 0),
(460, '7604435.00', '2050.00', 0, 1, 'حذÙ مصروÙ', 102, '7606485.00', '2026-01-06 19:35:29', 1, 'expensesController.php', 0, '', 0),
(461, '7606485.00', '1300.00', 0, 1, 'حذÙ مصروÙ', 78, '7607785.00', '2026-01-06 19:35:29', 1, 'expensesController.php', 0, '', 0),
(462, '7607785.00', '2000.00', 0, 1, 'حذÙ مصروÙ', 61, '7609785.00', '2026-01-06 19:35:29', 1, 'expensesController.php', 0, '', 0),
(463, '7609785.00', '2370.00', 0, 1, 'حذÙ مصروÙ', 60, '7612155.00', '2026-01-06 19:35:29', 1, 'expensesController.php', 0, '', 0),
(464, '7612155.00', '7000.00', 0, 1, 'حذÙ مصروÙ', 58, '7619155.00', '2026-01-06 19:35:29', 1, 'expensesController.php', 0, '', 0),
(465, '7619155.00', '875.00', 0, 1, 'حذÙ مصروÙ', 54, '7620030.00', '2026-01-06 19:35:30', 1, 'expensesController.php', 0, '', 0),
(466, '7620030.00', '2550.00', 0, 1, 'حذÙ مصروÙ', 32, '7622580.00', '2026-01-06 19:35:30', 1, 'expensesController.php', 0, '', 0),
(467, '7622580.00', '1450.00', 0, 1, 'حذÙ مصروÙ', 10, '7624030.00', '2026-01-06 19:35:30', 1, 'expensesController.php', 0, '', 0),
(468, '7624030.00', '925.00', 0, 1, 'حذÙ مصروÙ', 170, '7624955.00', '2026-01-06 19:42:27', 1, 'expensesController.php', 0, '', 0),
(469, '7624955.00', '2225.00', 0, 1, 'حذÙ مصروÙ', 169, '7627180.00', '2026-01-06 19:42:27', 1, 'expensesController.php', 0, '', 0),
(470, '7627180.00', '900.00', 0, 1, 'حذÙ مصروÙ', 159, '7628080.00', '2026-01-06 19:42:27', 1, 'expensesController.php', 0, '', 0),
(471, '7628080.00', '1150.00', 0, 1, 'حذÙ مصروÙ', 156, '7629230.00', '2026-01-06 19:42:27', 1, 'expensesController.php', 0, '', 0),
(472, '7629230.00', '915.00', 0, 1, 'حذÙ مصروÙ', 145, '7630145.00', '2026-01-06 19:42:27', 1, 'expensesController.php', 0, '', 0),
(473, '7630145.00', '3000.00', 0, 1, 'حذÙ مصروÙ', 93, '7633145.00', '2026-01-06 19:42:28', 1, 'expensesController.php', 0, '', 0),
(474, '7633145.00', '3915.00', 0, 1, 'حذÙ مصروÙ', 90, '7637060.00', '2026-01-06 19:42:28', 1, 'expensesController.php', 0, '', 0),
(475, '7637060.00', '4250.00', 0, 1, 'حذÙ مصروÙ', 89, '7641310.00', '2026-01-06 19:42:28', 1, 'expensesController.php', 0, '', 0),
(476, '7641310.00', '300.00', 0, 1, 'حذÙ مصروÙ', 162, '7641610.00', '2026-01-06 19:43:03', 1, 'expensesController.php', 0, '', 0),
(477, '7641610.00', '1500.00', 0, 1, 'حذÙ مصروÙ', 155, '7643110.00', '2026-01-06 19:43:03', 1, 'expensesController.php', 0, '', 0),
(478, '7643110.00', '680.00', 0, 1, 'حذÙ مصروÙ', 122, '7643790.00', '2026-01-06 19:43:03', 1, 'expensesController.php', 0, '', 0),
(479, '7643790.00', '1400.00', 0, 1, 'حذÙ مصروÙ', 91, '7645190.00', '2026-01-06 19:43:03', 1, 'expensesController.php', 0, '', 0),
(480, '7645190.00', '900.00', 0, 1, 'حذÙ مصروÙ', 63, '7646090.00', '2026-01-06 19:43:03', 1, 'expensesController.php', 0, '', 0),
(481, '7646090.00', '200.00', 0, 1, 'حذÙ مصروÙ', 53, '7646290.00', '2026-01-06 19:43:03', 1, 'expensesController.php', 0, '', 0),
(482, '7646290.00', '425.00', 0, 1, 'حذÙ مصروÙ', 41, '7646715.00', '2026-01-06 19:43:04', 1, 'expensesController.php', 0, '', 0),
(483, '7646715.00', '4290.00', 0, 1, 'حذÙ مصروÙ', 17, '7651005.00', '2026-01-06 19:43:04', 1, 'expensesController.php', 0, '', 0),
(484, '7651005.00', '1890.00', 0, 1, 'حذÙ مصروÙ', 5, '7652895.00', '2026-01-06 19:43:04', 1, 'expensesController.php', 0, '', 0),
(485, '7652895.00', '7500.00', 0, 1, 'حذÙ مصروÙ', 146, '7660395.00', '2026-01-06 19:43:52', 1, 'expensesController.php', 0, '', 0),
(486, '7660395.00', '4320.00', 0, 1, 'حذÙ مصروÙ', 124, '7664715.00', '2026-01-06 19:43:52', 1, 'expensesController.php', 0, '', 0),
(487, '7664715.00', '9800.00', 0, 1, 'حذÙ مصروÙ', 108, '7674515.00', '2026-01-06 19:43:52', 1, 'expensesController.php', 0, '', 0),
(488, '7674515.00', '1500.00', 0, 1, 'حذÙ مصروÙ', 96, '7676015.00', '2026-01-06 19:43:52', 1, 'expensesController.php', 0, '', 0),
(489, '7676015.00', '2500.00', 0, 1, 'حذÙ مصروÙ', 79, '7678515.00', '2026-01-06 19:43:52', 1, 'expensesController.php', 0, '', 0),
(490, '7678515.00', '20000.00', 0, 1, 'حذÙ مصروÙ', 69, '7698515.00', '2026-01-06 19:43:53', 1, 'expensesController.php', 0, '', 0),
(491, '7698515.00', '2200.00', 0, 1, 'حذÙ مصروÙ', 64, '7700715.00', '2026-01-06 19:43:53', 1, 'expensesController.php', 0, '', 0),
(492, '7700715.00', '3150.00', 0, 1, 'حذÙ مصروÙ', 55, '7703865.00', '2026-01-06 19:43:53', 1, 'expensesController.php', 0, '', 0),
(493, '7703865.00', '2400.00', 0, 1, 'حذÙ مصروÙ', 52, '7706265.00', '2026-01-06 19:43:53', 1, 'expensesController.php', 0, '', 0),
(494, '7706265.00', '400.00', 0, 1, 'حذÙ مصروÙ', 38, '7706665.00', '2026-01-06 19:43:53', 1, 'expensesController.php', 0, '', 0),
(495, '7706665.00', '3525.00', 0, 1, 'حذÙ مصروÙ', 37, '7710190.00', '2026-01-06 19:43:53', 1, 'expensesController.php', 0, '', 0),
(496, '7710190.00', '8970.00', 0, 1, 'حذÙ مصروÙ', 36, '7719160.00', '2026-01-06 19:43:53', 1, 'expensesController.php', 0, '', 0),
(497, '7719160.00', '1305.00', 0, 1, 'حذÙ مصروÙ', 28, '7720465.00', '2026-01-06 19:43:54', 1, 'expensesController.php', 0, '', 0),
(498, '7720465.00', '1900.00', 0, 1, 'حذÙ مصروÙ', 8, '7722365.00', '2026-01-06 19:43:54', 1, 'expensesController.php', 0, '', 0),
(499, '7722365.00', '250.00', 0, 1, 'حذÙ مصروÙ', 168, '7722615.00', '2026-01-06 19:44:23', 1, 'expensesController.php', 0, '', 0),
(500, '7722615.00', '1800.00', 0, 1, 'حذÙ مصروÙ', 150, '7724415.00', '2026-01-06 19:44:23', 1, 'expensesController.php', 0, '', 0),
(501, '7724415.00', '1800.00', 0, 1, 'حذÙ مصروÙ', 128, '7726215.00', '2026-01-06 19:44:23', 1, 'expensesController.php', 0, '', 0),
(502, '7726215.00', '5700.00', 0, 1, 'حذÙ مصروÙ', 109, '7731915.00', '2026-01-06 19:44:23', 1, 'expensesController.php', 0, '', 0),
(503, '7731915.00', '5100.00', 0, 1, 'حذÙ مصروÙ', 94, '7737015.00', '2026-01-06 19:44:23', 1, 'expensesController.php', 0, '', 0),
(504, '7737015.00', '5100.00', 0, 1, 'حذÙ مصروÙ', 72, '7742115.00', '2026-01-06 19:44:23', 1, 'expensesController.php', 0, '', 0),
(505, '7742115.00', '5100.00', 0, 1, 'حذÙ مصروÙ', 40, '7747215.00', '2026-01-06 19:44:23', 1, 'expensesController.php', 0, '', 0),
(506, '7747215.00', '1300.00', 0, 1, 'حذÙ مصروÙ', 18, '7748515.00', '2026-01-06 19:44:24', 1, 'expensesController.php', 0, '', 0),
(507, '7748515.00', '2500.00', 0, 1, 'حذÙ مصروÙ', 149, '7751015.00', '2026-01-06 19:45:11', 1, 'expensesController.php', 0, '', 0),
(508, '7751015.00', '2500.00', 0, 1, 'حذÙ مصروÙ', 130, '7753515.00', '2026-01-06 19:45:11', 1, 'expensesController.php', 0, '', 0),
(509, '7753515.00', '2500.00', 0, 1, 'حذÙ مصروÙ', 107, '7756015.00', '2026-01-06 19:45:11', 1, 'expensesController.php', 0, '', 0),
(510, '7756015.00', '2500.00', 0, 1, 'حذÙ مصروÙ', 97, '7758515.00', '2026-01-06 19:45:11', 1, 'expensesController.php', 0, '', 0),
(511, '7758515.00', '2500.00', 0, 1, 'حذÙ مصروÙ', 70, '7761015.00', '2026-01-06 19:45:12', 1, 'expensesController.php', 0, '', 0),
(512, '7761015.00', '2500.00', 0, 1, 'حذÙ مصروÙ', 48, '7763515.00', '2026-01-06 19:45:12', 1, 'expensesController.php', 0, '', 0),
(513, '7763515.00', '2500.00', 0, 1, 'حذÙ مصروÙ', 19, '7766015.00', '2026-01-06 19:45:12', 1, 'expensesController.php', 0, '', 0),
(514, '7766015.00', '2500.00', 0, 1, 'حذÙ مصروÙ', 9, '7768515.00', '2026-01-06 19:45:12', 1, 'expensesController.php', 0, '', 0),
(515, '7768515.00', '4140.00', 0, 1, 'حذÙ مصروÙ', 35, '7772655.00', '2026-01-06 19:45:33', 1, 'expensesController.php', 0, '', 0),
(516, '7772655.00', '3000.00', 0, 1, 'حذÙ مصروÙ', 23, '7775655.00', '2026-01-06 19:45:33', 1, 'expensesController.php', 0, '', 0),
(517, '7775655.00', '6800.00', 0, 1, 'حذÙ مصروÙ', 4, '7782455.00', '2026-01-06 19:46:19', 1, 'expensesController.php', 0, '', 0),
(518, '7782455.00', '1400.00', 0, 1, 'حذÙ مصروÙ', 158, '7783855.00', '2026-01-06 19:46:39', 1, 'expensesController.php', 0, '', 0),
(519, '7783855.00', '37400.00', 0, 1, 'حذÙ مصروÙ', 147, '7821255.00', '2026-01-06 19:46:39', 1, 'expensesController.php', 0, '', 0),
(520, '7821255.00', '114000.00', 0, 1, 'حذÙ مصروÙ', 138, '7935255.00', '2026-01-06 19:46:39', 1, 'expensesController.php', 0, '', 0),
(521, '7935255.00', '70020.00', 0, 1, 'حذÙ مصروÙ', 121, '8005275.00', '2026-01-06 19:46:39', 1, 'expensesController.php', 0, '', 0),
(522, '8005275.00', '170.00', 0, 1, 'حذÙ مصروÙ', 118, '8005445.00', '2026-01-06 19:46:39', 1, 'expensesController.php', 0, '', 0),
(523, '8005445.00', '40230.00', 0, 1, 'حذÙ مصروÙ', 115, '8045675.00', '2026-01-06 19:46:39', 1, 'expensesController.php', 0, '', 0),
(524, '8045675.00', '17100.00', 0, 1, 'حذÙ مصروÙ', 114, '8062775.00', '2026-01-06 19:46:39', 1, 'expensesController.php', 0, '', 0),
(525, '8062775.00', '65520.00', 0, 1, 'حذÙ مصروÙ', 50, '8128295.00', '2026-01-06 19:46:40', 1, 'expensesController.php', 0, '', 0),
(526, '8128295.00', '68000.00', 0, 1, 'حذÙ مصروÙ', 34, '8196295.00', '2026-01-06 19:46:40', 1, 'expensesController.php', 0, '', 0),
(527, '8196295.00', '40265.00', 0, 1, 'حذÙ مصروÙ', 29, '8236560.00', '2026-01-06 19:46:40', 1, 'expensesController.php', 0, '', 0),
(528, '8236560.00', '18120.00', 0, 1, 'حذÙ مصروÙ', 171, '8254680.00', '2026-01-06 19:47:00', 1, 'expensesController.php', 0, '', 0),
(529, '8254680.00', '19480.00', 0, 1, 'حذÙ مصروÙ', 160, '8274160.00', '2026-01-06 19:47:00', 1, 'expensesController.php', 0, '', 0),
(530, '8274160.00', '75000.00', 0, 1, 'حذÙ مصروÙ', 142, '8349160.00', '2026-01-06 19:47:01', 1, 'expensesController.php', 0, '', 0),
(531, '8349160.00', '9500.00', 0, 1, 'حذÙ مصروÙ', 132, '8358660.00', '2026-01-06 19:47:01', 1, 'expensesController.php', 0, '', 0),
(532, '8358660.00', '20865.00', 0, 1, 'حذÙ مصروÙ', 129, '8379525.00', '2026-01-06 19:47:01', 1, 'expensesController.php', 0, '', 0),
(533, '8379525.00', '5080.00', 0, 1, 'حذÙ مصروÙ', 116, '8384605.00', '2026-01-06 19:47:01', 1, 'expensesController.php', 0, '', 0),
(534, '8384605.00', '6860.00', 0, 1, 'حذÙ مصروÙ', 110, '8391465.00', '2026-01-06 19:47:01', 1, 'expensesController.php', 0, '', 0),
(535, '8391465.00', '13200.00', 0, 1, 'حذÙ مصروÙ', 98, '8404665.00', '2026-01-06 19:47:01', 1, 'expensesController.php', 0, '', 0),
(536, '8404665.00', '134500.00', 0, 1, 'حذÙ مصروÙ', 82, '8539165.00', '2026-01-06 19:47:01', 1, 'expensesController.php', 0, '', 0),
(537, '8539165.00', '19650.00', 0, 1, 'حذÙ مصروÙ', 76, '8558815.00', '2026-01-06 19:47:02', 1, 'expensesController.php', 0, '', 0),
(538, '8558815.00', '144690.00', 0, 1, 'حذÙ مصروÙ', 59, '8703505.00', '2026-01-06 19:47:02', 1, 'expensesController.php', 0, '', 0),
(539, '8703505.00', '232900.00', 0, 1, 'حذÙ مصروÙ', 46, '8936405.00', '2026-01-06 19:47:02', 1, 'expensesController.php', 0, '', 0),
(540, '8936405.00', '105000.00', 0, 1, 'حذÙ مصروÙ', 42, '9041405.00', '2026-01-06 19:47:02', 1, 'expensesController.php', 0, '', 0),
(541, '9041405.00', '94390.00', 0, 1, 'حذÙ مصروÙ', 39, '9135795.00', '2026-01-06 19:47:02', 1, 'expensesController.php', 0, '', 0),
(542, '9135795.00', '21600.00', 0, 1, 'حذÙ مصروÙ', 33, '9157395.00', '2026-01-06 19:47:02', 1, 'expensesController.php', 0, '', 0),
(543, '9157395.00', '20710.00', 0, 1, 'حذÙ مصروÙ', 30, '9178105.00', '2026-01-06 19:47:02', 1, 'expensesController.php', 0, '', 0),
(544, '9178105.00', '60000.00', 0, 1, 'حذÙ مصروÙ', 161, '9238105.00', '2026-01-06 19:47:25', 1, 'expensesController.php', 0, '', 0),
(545, '9238105.00', '35000.00', 0, 1, 'حذÙ مصروÙ', 153, '9273105.00', '2026-01-06 19:47:25', 1, 'expensesController.php', 0, '', 0),
(546, '9273105.00', '135000.00', 0, 1, 'حذÙ مصروÙ', 144, '9408105.00', '2026-01-06 19:47:25', 1, 'expensesController.php', 0, '', 0),
(547, '9408105.00', '50000.00', 0, 1, 'حذÙ مصروÙ', 137, '9458105.00', '2026-01-06 19:47:25', 1, 'expensesController.php', 0, '', 0),
(548, '9458105.00', '50000.00', 0, 1, 'حذÙ مصروÙ', 133, '9508105.00', '2026-01-06 19:47:25', 1, 'expensesController.php', 0, '', 0),
(549, '9508105.00', '14300.00', 0, 1, 'حذÙ مصروÙ', 126, '9522405.00', '2026-01-06 19:47:25', 1, 'expensesController.php', 0, '', 0),
(550, '9522405.00', '2000.00', 0, 1, 'حذÙ مصروÙ', 112, '9524405.00', '2026-01-06 19:47:25', 1, 'expensesController.php', 0, '', 0),
(551, '9524405.00', '40000.00', 0, 1, 'حذÙ مصروÙ', 106, '9564405.00', '2026-01-06 19:47:26', 1, 'expensesController.php', 0, '', 0),
(552, '9564405.00', '20000.00', 0, 1, 'حذÙ مصروÙ', 95, '9584405.00', '2026-01-06 19:47:26', 1, 'expensesController.php', 0, '', 0),
(553, '9584405.00', '30000.00', 0, 1, 'حذÙ مصروÙ', 88, '9614405.00', '2026-01-06 19:47:26', 1, 'expensesController.php', 0, '', 0),
(554, '9614405.00', '100000.00', 0, 1, 'حذÙ مصروÙ', 74, '9714405.00', '2026-01-06 19:47:26', 1, 'expensesController.php', 0, '', 0),
(555, '9714405.00', '102000.00', 0, 1, 'حذÙ مصروÙ', 31, '9816405.00', '2026-01-06 19:47:26', 1, 'expensesController.php', 0, '', 0),
(556, '9816405.00', '8000.00', 0, 1, 'حذÙ مصروÙ', 173, '9824405.00', '2026-01-06 19:48:28', 1, 'expensesController.php', 0, '', 0),
(557, '9824405.00', '1000.00', 0, 1, 'حذÙ مصروÙ', 172, '9825405.00', '2026-01-06 19:48:28', 1, 'expensesController.php', 0, '', 0),
(558, '9825405.00', '7000.00', 0, 1, 'حذÙ مصروÙ', 152, '9832405.00', '2026-01-06 19:48:28', 1, 'expensesController.php', 0, '', 0),
(559, '9832405.00', '300.00', 0, 1, 'حذÙ مصروÙ', 123, '9832705.00', '2026-01-06 19:48:28', 1, 'expensesController.php', 0, '', 0),
(560, '9832705.00', '3000.00', 0, 1, 'حذÙ مصروÙ', 101, '9835705.00', '2026-01-06 19:48:28', 1, 'expensesController.php', 0, '', 0),
(561, '9835705.00', '550.00', 0, 1, 'حذÙ مصروÙ', 100, '9836255.00', '2026-01-06 19:48:28', 1, 'expensesController.php', 0, '', 0);
INSERT INTO `savedaily` (`savedailyid`, `savedailysavebefore`, `savedailychangeamount`, `savedailychangetype`, `saveid`, `processname`, `savedailymodelid`, `savedailysaveafter`, `savedailydate`, `userid`, `tablename`, `clientid`, `note`, `clientdebtchangeidfk`) VALUES
(562, '9836255.00', '15000.00', 0, 1, 'حذÙ مصروÙ', 86, '9851255.00', '2026-01-06 19:48:29', 1, 'expensesController.php', 0, '', 0),
(563, '9851255.00', '90000.00', 0, 1, 'حذÙ مصروÙ', 84, '9941255.00', '2026-01-06 19:48:29', 1, 'expensesController.php', 0, '', 0),
(564, '9941255.00', '240.00', 0, 1, 'حذÙ مصروÙ', 81, '9941495.00', '2026-01-06 19:48:29', 1, 'expensesController.php', 0, '', 0),
(565, '9941495.00', '20000.00', 0, 1, 'حذÙ مصروÙ', 62, '9961495.00', '2026-01-06 19:48:29', 1, 'expensesController.php', 0, '', 0),
(566, '9961495.00', '18000.00', 0, 1, 'حذÙ مصروÙ', 57, '9979495.00', '2026-01-06 19:48:29', 1, 'expensesController.php', 0, '', 0),
(567, '9979495.00', '280000.00', 1, 1, 'اضاÙة مسحوبات شركاء', 31, '9699495.00', '2026-01-06 20:02:18', 1, 'partnerwithdrawalController.php', 0, '', 0),
(568, '9699495.00', '7860.00', 1, 1, 'اضاÙة مسحوبات شركاء', 32, '9691635.00', '2026-01-06 20:02:57', 1, 'partnerwithdrawalController.php', 0, '', 0),
(569, '9691635.00', '48000.00', 1, 1, 'اضاÙة مسحوبات شركاء', 33, '9643635.00', '2026-01-06 20:05:24', 1, 'partnerwithdrawalController.php', 0, '', 0),
(570, '9643635.00', '1890.00', 1, 1, 'إضاÙة مصروÙ', 174, '9641745.00', '2026-01-06 20:09:09', 1, 'expensesController.php', 0, '', 0),
(571, '9641745.00', '10000.00', 1, 1, 'اضاÙة مسحوبات شركاء', 35, '9631745.00', '2026-01-06 20:10:11', 1, 'partnerwithdrawalController.php', 0, '', 0),
(572, '9631745.00', '2700.00', 1, 1, 'إضاÙة مصروÙ', 175, '9629045.00', '2026-01-06 20:11:03', 1, 'expensesController.php', 0, '', 0),
(573, '9629045.00', '2500.00', 1, 1, 'اضاÙة مسحوبات شركاء', 36, '9626545.00', '2026-01-06 20:11:41', 1, 'partnerwithdrawalController.php', 0, '', 0),
(574, '9626545.00', '1450.00', 1, 1, 'إضاÙة مصروÙ', 176, '9625095.00', '2026-01-06 20:12:57', 1, 'expensesController.php', 0, '', 0),
(575, '9625095.00', '2500.00', 1, 1, 'اضاÙة مسحوبات شركاء', 37, '9622595.00', '2026-01-06 20:14:05', 1, 'partnerwithdrawalController.php', 0, '', 0),
(576, '9622595.00', '24700.00', 1, 1, 'اضاÙة مسحوبات شركاء', 38, '9597895.00', '2026-01-06 20:15:10', 1, 'partnerwithdrawalController.php', 0, '', 0),
(577, '9597895.00', '400.00', 1, 1, 'اضاÙة مسحوبات شركاء', 39, '9597495.00', '2026-01-06 20:15:39', 1, 'partnerwithdrawalController.php', 0, '', 0),
(578, '9597495.00', '7500.00', 1, 1, 'اضاÙة مسحوبات شركاء', 40, '9589995.00', '2026-01-06 20:16:10', 1, 'partnerwithdrawalController.php', 0, '', 0),
(579, '9589995.00', '19200.00', 1, 1, 'اضاÙة مسحوبات شركاء', 41, '9570795.00', '2026-01-06 20:17:19', 1, 'partnerwithdrawalController.php', 0, '', 0),
(580, '9570795.00', '4290.00', 1, 1, 'إضاÙة مصروÙ', 177, '9566505.00', '2026-01-06 20:19:09', 1, 'expensesController.php', 0, '', 0),
(581, '9566505.00', '1300.00', 1, 1, 'إضاÙة مصروÙ', 178, '9565205.00', '2026-01-06 20:19:36', 1, 'expensesController.php', 0, '', 0),
(582, '9565205.00', '2500.00', 1, 1, 'اضاÙة مسحوبات شركاء', 42, '9562705.00', '2026-01-06 20:20:18', 1, 'partnerwithdrawalController.php', 0, '', 0),
(583, '9562705.00', '3000.00', 1, 1, 'إضاÙة مصروÙ', 179, '9559705.00', '2026-01-06 20:21:22', 1, 'expensesController.php', 0, '', 0),
(584, '9559705.00', '24000.00', 1, 1, 'اضاÙة مسحوبات شركاء', 43, '9535705.00', '2026-01-06 20:22:04', 1, 'partnerwithdrawalController.php', 0, '', 0),
(585, '9535705.00', '9485.00', 1, 1, 'اضاÙة مسحوبات شركاء', 44, '9526220.00', '2026-01-06 20:29:35', 1, 'partnerwithdrawalController.php', 0, '', 0),
(586, '9526220.00', '14180.00', 1, 1, 'اضاÙة مسحوبات شركاء', 45, '9512040.00', '2026-01-06 20:41:11', 1, 'partnerwithdrawalController.php', 0, '', 0),
(587, '9512040.00', '1305.00', 1, 1, 'إضاÙة مصروÙ', 180, '9510735.00', '2026-01-06 20:42:50', 1, 'expensesController.php', 0, '', 0),
(588, '9510735.00', '40265.00', 1, 1, 'إضاÙة مصروÙ', 181, '9470470.00', '2026-01-06 20:44:14', 1, 'expensesController.php', 0, '', 0),
(589, '9470470.00', '20710.00', 1, 1, 'اضاÙة مسحوبات شركاء', 46, '9449760.00', '2026-01-06 20:45:40', 1, 'partnerwithdrawalController.php', 0, '', 0),
(590, '9449760.00', '102000.00', 1, 1, 'اضاÙة مسحوبات شركاء', 47, '9347760.00', '2026-01-06 20:46:53', 1, 'partnerwithdrawalController.php', 0, '', 0),
(591, '9347760.00', '2550.00', 1, 1, 'إضاÙة مصروÙ', 182, '9345210.00', '2026-01-06 20:49:09', 1, 'expensesController.php', 0, '', 0),
(592, '9345210.00', '1930.00', 1, 1, 'إضاÙة مصروÙ', 183, '9343280.00', '2026-01-06 20:50:10', 1, 'expensesController.php', 0, '', 0),
(593, '9343280.00', '21600.00', 1, 1, 'اضاÙة مسحوبات شركاء', 48, '9321680.00', '2026-01-06 20:51:25', 1, 'partnerwithdrawalController.php', 0, '', 0),
(594, '9321680.00', '68000.00', 1, 1, 'إضاÙة مصروÙ', 184, '9253680.00', '2026-01-06 20:52:24', 1, 'expensesController.php', 0, '', 0),
(595, '9253680.00', '4140.00', 1, 1, 'إضاÙة مصروÙ', 185, '9249540.00', '2026-01-06 20:52:56', 1, 'expensesController.php', 0, '', 0),
(596, '9249540.00', '12495.00', 1, 1, 'إضاÙة مصروÙ', 186, '9237045.00', '2026-01-06 20:54:08', 1, 'expensesController.php', 0, '', 0),
(597, '9237045.00', '400.00', 1, 1, 'إضاÙة مصروÙ', 187, '9236645.00', '2026-01-06 20:58:19', 1, 'expensesController.php', 0, '', 0),
(598, '9236645.00', '94390.00', 1, 1, 'اضاÙة مسحوبات شركاء', 49, '9142255.00', '2026-01-06 20:59:49', 1, 'partnerwithdrawalController.php', 0, '', 0),
(599, '9142255.00', '5100.00', 1, 1, 'إضاÙة مصروÙ', 188, '9137155.00', '2026-01-06 21:00:38', 1, 'expensesController.php', 0, '', 0),
(600, '9137155.00', '105000.00', 1, 1, 'اضاÙة مسحوبات شركاء', 50, '9032155.00', '2026-01-06 21:02:00', 1, 'partnerwithdrawalController.php', 0, '', 0),
(601, '9032155.00', '425.00', 1, 1, 'إضاÙة مصروÙ', 189, '9031730.00', '2026-01-06 21:03:56', 1, 'expensesController.php', 0, '', 0),
(602, '9031730.00', '54210.00', 1, 1, 'اضاÙة مسحوبات شركاء', 51, '8977520.00', '2026-01-06 21:04:47', 1, 'partnerwithdrawalController.php', 0, '', 0),
(603, '8977520.00', '14700.00', 1, 1, 'اضاÙة مسحوبات شركاء', 52, '8962820.00', '2026-01-06 21:05:33', 1, 'partnerwithdrawalController.php', 0, '', 0),
(604, '8962820.00', '625.00', 1, 1, 'اضاÙة مسحوبات شركاء', 53, '8962195.00', '2026-01-06 21:06:47', 1, 'partnerwithdrawalController.php', 0, '', 0),
(605, '8962195.00', '4520.00', 1, 1, 'اضاÙة مسحوبات شركاء', 54, '8957675.00', '2026-01-06 21:07:29', 1, 'partnerwithdrawalController.php', 0, '', 0),
(606, '8957675.00', '232900.00', 1, 1, 'اضاÙة مسحوبات شركاء', 55, '8724775.00', '2026-01-06 21:09:04', 1, 'partnerwithdrawalController.php', 0, '', 0),
(607, '8724775.00', '65520.00', 1, 1, 'إضاÙة مصروÙ', 190, '8659255.00', '2026-01-06 21:10:19', 1, 'expensesController.php', 0, '', 0),
(608, '8659255.00', '4520.00', 1, 1, 'اضاÙة مسحوبات شركاء', 56, '8654735.00', '2026-01-06 21:12:04', 1, 'partnerwithdrawalController.php', 0, '', 0),
(609, '8654735.00', '2400.00', 1, 1, 'إضاÙة مصروÙ', 191, '8652335.00', '2026-01-06 21:13:06', 1, 'expensesController.php', 0, '', 0),
(610, '8652335.00', '200.00', 1, 1, 'إضاÙة مصروÙ', 192, '8652135.00', '2026-01-06 21:13:28', 1, 'expensesController.php', 0, '', 0),
(611, '8652135.00', '875.00', 1, 1, 'إضاÙة مصروÙ', 193, '8651260.00', '2026-01-06 21:13:51', 1, 'expensesController.php', 0, '', 0),
(612, '8651260.00', '15000.00', 1, 1, 'إضاÙة مصروÙ', 194, '8636260.00', '2026-01-06 21:15:17', 1, 'expensesController.php', 0, '', 0),
(613, '8636260.00', '2200.00', 1, 1, 'إضاÙة مصروÙ', 195, '8634060.00', '2026-01-06 21:15:46', 1, 'expensesController.php', 0, '', 0),
(614, '8634060.00', '950.00', 1, 1, 'إضاÙة مصروÙ', 196, '8633110.00', '2026-01-06 21:16:17', 1, 'expensesController.php', 0, '', 0),
(615, '8633110.00', '10000.00', 1, 1, 'إضاÙة مصروÙ', 197, '8623110.00', '2026-01-06 21:16:51', 1, 'expensesController.php', 0, '', 0),
(616, '8623110.00', '8000.00', 1, 1, 'اضاÙة مسحوبات شركاء', 57, '8615110.00', '2026-01-06 21:17:18', 1, 'partnerwithdrawalController.php', 0, '', 0),
(617, '8615110.00', '7000.00', 1, 1, 'إضاÙة مصروÙ', 198, '8608110.00', '2026-01-06 21:17:59', 1, 'expensesController.php', 0, '', 0),
(618, '8608110.00', '144690.00', 1, 1, 'اضاÙة مسحوبات شركاء', 58, '8463420.00', '2026-01-06 21:19:21', 1, 'partnerwithdrawalController.php', 0, '', 0),
(619, '8463420.00', '370.00', 1, 1, 'اضاÙة مسحوبات شركاء', 59, '8463050.00', '2026-01-06 21:20:33', 1, 'partnerwithdrawalController.php', 0, '', 0),
(620, '8463050.00', '2000.00', 1, 1, 'إضاÙة مصروÙ', 199, '8461050.00', '2026-01-06 21:21:00', 1, 'expensesController.php', 0, '', 0),
(621, '8461050.00', '2000.00', 1, 1, 'إضاÙة مصروÙ', 200, '8459050.00', '2026-01-06 21:21:27', 1, 'expensesController.php', 0, '', 0),
(622, '8459050.00', '20000.00', 1, 1, 'اضاÙة مسحوبات شركاء', 60, '8439050.00', '2026-01-06 21:23:40', 1, 'partnerwithdrawalController.php', 0, '', 0),
(623, '8439050.00', '2600.00', 1, 1, 'إضاÙة مصروÙ', 201, '8436450.00', '2026-01-06 21:25:14', 1, 'expensesController.php', 0, '', 0),
(624, '8436450.00', '20000.00', 1, 1, 'اضاÙة مسحوبات شركاء', 61, '8416450.00', '2026-01-06 21:25:47', 1, 'partnerwithdrawalController.php', 0, '', 0),
(625, '8416450.00', '500.00', 1, 1, 'إضاÙة مصروÙ', 202, '8415950.00', '2026-01-06 21:26:18', 1, 'expensesController.php', 0, '', 0),
(626, '8415950.00', '2220.00', 1, 1, 'إضاÙة مصروÙ', 203, '8413730.00', '2026-01-06 21:28:32', 1, 'expensesController.php', 0, '', 0),
(627, '8413730.00', '2650.00', 1, 1, 'اضاÙة مسحوبات شركاء', 62, '8411080.00', '2026-01-06 21:29:16', 1, 'partnerwithdrawalController.php', 0, '', 0),
(628, '8411080.00', '2500.00', 1, 1, 'اضاÙة مسحوبات شركاء', 63, '8408580.00', '2026-01-06 21:29:49', 1, 'partnerwithdrawalController.php', 0, '', 0),
(629, '8408580.00', '2000.00', 1, 1, 'إضاÙة مصروÙ', 204, '8406580.00', '2026-01-06 21:30:17', 1, 'expensesController.php', 0, '', 0),
(630, '8406580.00', '1075.00', 1, 1, 'اضاÙة مسحوبات شركاء', 64, '8405505.00', '2026-01-06 21:31:08', 1, 'partnerwithdrawalController.php', 0, '', 0),
(631, '8405505.00', '5100.00', 1, 1, 'إضاÙة مصروÙ', 205, '8400405.00', '2026-01-06 21:31:46', 1, 'expensesController.php', 0, '', 0),
(632, '8400405.00', '106200.00', 1, 1, 'اضاÙة مسحوبات شركاء', 65, '8294205.00', '2026-01-06 21:32:40', 1, 'partnerwithdrawalController.php', 0, '', 0),
(633, '8294205.00', '29895.00', 1, 1, 'اضاÙة مسحوبات شركاء', 66, '8264310.00', '2026-01-06 21:34:54', 1, 'partnerwithdrawalController.php', 0, '', 0),
(634, '8264310.00', '1300.00', 1, 1, 'إضاÙة مصروÙ', 206, '8263010.00', '2026-01-06 21:35:58', 1, 'expensesController.php', 0, '', 0),
(635, '8263010.00', '2770.00', 1, 1, 'اضاÙة مسحوبات شركاء', 67, '8260240.00', '2026-01-06 21:36:45', 1, 'partnerwithdrawalController.php', 0, '', 0),
(636, '8260240.00', '2500.00', 1, 1, 'إضاÙة مصروÙ', 207, '8257740.00', '2026-01-06 21:37:48', 1, 'expensesController.php', 0, '', 0),
(637, '8257740.00', '14015.00', 1, 1, 'اضاÙة مسحوبات شركاء', 68, '8243725.00', '2026-01-06 21:39:06', 1, 'partnerwithdrawalController.php', 0, '', 0),
(638, '8243725.00', '134500.00', 1, 1, 'اضاÙة مسحوبات شركاء', 69, '8109225.00', '2026-01-06 21:40:37', 1, 'partnerwithdrawalController.php', 0, '', 0),
(639, '8109225.00', '85000.00', 1, 1, 'إضاÙة مصروÙ', 208, '8024225.00', '2026-01-06 21:41:29', 1, 'expensesController.php', 0, '', 0),
(640, '8024225.00', '1370.00', 1, 1, 'اضاÙة مسحوبات شركاء', 70, '8022855.00', '2026-01-06 21:42:04', 1, 'partnerwithdrawalController.php', 0, '', 0),
(641, '8022855.00', '5000.00', 1, 1, 'إضاÙة مصروÙ', 209, '8017855.00', '2026-01-06 21:42:27', 1, 'expensesController.php', 0, '', 0),
(642, '8017855.00', '8000.00', 1, 1, 'اضاÙة مسحوبات شركاء', 71, '8009855.00', '2026-01-06 21:49:30', 1, 'partnerwithdrawalController.php', 0, '', 0),
(643, '8009855.00', '30000.00', 1, 1, 'اضاÙة مسحوبات شركاء', 72, '7979855.00', '2026-01-06 21:51:00', 1, 'partnerwithdrawalController.php', 0, '', 0),
(644, '7979855.00', '4250.00', 1, 1, 'إضاÙة مصروÙ', 210, '7975605.00', '2026-01-06 22:00:17', 1, 'expensesController.php', 0, '', 0),
(645, '7975605.00', '1400.00', 1, 1, 'إضاÙة مصروÙ', 211, '7974205.00', '2026-01-06 22:00:50', 1, 'expensesController.php', 0, '', 0),
(646, '7974205.00', '3915.00', 1, 1, 'إضاÙة مصروÙ', 212, '7970290.00', '2026-01-06 22:01:14', 1, 'expensesController.php', 0, '', 0),
(647, '7970290.00', '3895.00', 1, 1, 'اضاÙة مسحوبات شركاء', 73, '7966395.00', '2026-01-06 22:01:44', 1, 'partnerwithdrawalController.php', 0, '', 0),
(648, '7966395.00', '3000.00', 1, 1, 'إضاÙة مصروÙ', 213, '7963395.00', '2026-01-06 22:02:20', 1, 'expensesController.php', 0, '', 0),
(649, '7963395.00', '5100.00', 1, 1, 'إضاÙة مصروÙ', 214, '7958295.00', '2026-01-06 22:03:01', 1, 'expensesController.php', 0, '', 0),
(650, '7958295.00', '20000.00', 1, 1, 'اضاÙة مسحوبات شركاء', 74, '7938295.00', '2026-01-06 22:08:02', 1, 'partnerwithdrawalController.php', 0, '', 0),
(651, '7938295.00', '1500.00', 1, 1, 'إضاÙة مصروÙ', 215, '7936795.00', '2026-01-06 22:08:40', 1, 'expensesController.php', 0, '', 0),
(652, '7936795.00', '2500.00', 1, 1, 'اضاÙة مسحوبات شركاء', 75, '7934295.00', '2026-01-06 22:09:19', 1, 'partnerwithdrawalController.php', 0, '', 0),
(653, '7934295.00', '13200.00', 1, 1, 'اضاÙة مسحوبات شركاء', 76, '7921095.00', '2026-01-06 22:09:59', 1, 'partnerwithdrawalController.php', 0, '', 0),
(654, '7921095.00', '80000.00', 1, 1, 'إضاÙة مصروÙ', 216, '7841095.00', '2026-01-06 22:10:49', 1, 'expensesController.php', 0, '', 0),
(655, '7841095.00', '790.00', 1, 1, 'إضاÙة مصروÙ', 217, '7840305.00', '2026-01-06 22:12:04', 1, 'expensesController.php', 0, '', 0),
(656, '7840305.00', '9750.00', 1, 1, 'اضاÙة مسحوبات شركاء', 77, '7830555.00', '2026-01-06 22:12:42', 1, 'partnerwithdrawalController.php', 0, '', 0),
(657, '7830555.00', '3000.00', 1, 1, 'إضاÙة مصروÙ', 218, '7827555.00', '2026-01-06 22:14:45', 1, 'expensesController.php', 0, '', 0),
(658, '7827555.00', '2050.00', 1, 1, 'إضاÙة مصروÙ', 219, '7825505.00', '2026-01-06 22:17:28', 1, 'expensesController.php', 0, '', 0),
(659, '7825505.00', '4000.00', 1, 1, 'اضاÙة مسحوبات شركاء', 78, '7821505.00', '2026-01-06 22:17:53', 1, 'partnerwithdrawalController.php', 0, '', 0),
(660, '7821505.00', '300.00', 1, 1, 'اضاÙة مسحوبات شركاء', 79, '7821205.00', '2026-01-06 22:18:28', 1, 'partnerwithdrawalController.php', 0, '', 0),
(661, '7821205.00', '40000.00', 1, 1, 'اضاÙة مسحوبات شركاء', 80, '7781205.00', '2026-01-06 22:19:26', 1, 'partnerwithdrawalController.php', 0, '', 0),
(662, '7781205.00', '630.00', 1, 1, 'اضاÙة مسحوبات شركاء', 81, '7780575.00', '2026-01-06 22:19:58', 1, 'partnerwithdrawalController.php', 0, '', 0),
(663, '7780575.00', '2500.00', 1, 1, 'اضاÙة مسحوبات شركاء', 82, '7778075.00', '2026-01-06 22:20:41', 1, 'partnerwithdrawalController.php', 0, '', 0),
(664, '7778075.00', '9800.00', 1, 1, 'إضاÙة مصروÙ', 220, '7768275.00', '2026-01-06 22:21:26', 1, 'expensesController.php', 0, '', 0),
(665, '7768275.00', '5700.00', 1, 1, 'إضاÙة مصروÙ', 221, '7762575.00', '2026-01-06 22:22:10', 1, 'expensesController.php', 0, '', 0),
(666, '7762575.00', '6860.00', 1, 1, 'اضاÙة مسحوبات شركاء', 83, '7755715.00', '2026-01-06 22:23:00', 1, 'partnerwithdrawalController.php', 0, '', 0),
(667, '7755715.00', '8000.00', 1, 1, 'اضاÙة مسحوبات شركاء', 84, '7747715.00', '2026-01-06 22:23:36', 1, 'partnerwithdrawalController.php', 0, '', 0),
(668, '7747715.00', '300.00', 0, 1, 'تعديل شريك', 79, '7748015.00', '2026-01-06 23:07:05', 1, 'partnerwithdrawalController.php', 0, '', 0),
(669, '7748015.00', '300.00', 1, 1, 'اضاÙة مسحوبات شركاء', 85, '7747715.00', '2026-01-06 23:07:06', 1, 'partnerwithdrawalController.php', 0, '', 0),
(670, '7747715.00', '8150.00', 1, 1, 'اضاÙة مسحوبات شركاء', 86, '7739565.00', '2026-01-06 23:07:39', 1, 'partnerwithdrawalController.php', 0, '', 0),
(671, '7739565.00', '17100.00', 1, 1, 'إضاÙة مصروÙ', 222, '7722465.00', '2026-01-06 23:08:14', 1, 'expensesController.php', 0, '', 0),
(672, '7722465.00', '40230.00', 1, 1, 'إضاÙة مصروÙ', 223, '7682235.00', '2026-01-06 23:09:05', 1, 'expensesController.php', 0, '', 0),
(673, '7682235.00', '5080.00', 1, 1, 'اضاÙة مسحوبات شركاء', 87, '7677155.00', '2026-01-06 23:09:38', 1, 'partnerwithdrawalController.php', 0, '', 0),
(674, '7677155.00', '600.00', 1, 1, 'اضاÙة مسحوبات شركاء', 88, '7676555.00', '2026-01-06 23:10:35', 1, 'partnerwithdrawalController.php', 0, '', 0),
(675, '7676555.00', '1170.00', 1, 1, 'إضاÙة مصروÙ', 224, '7675385.00', '2026-01-06 23:11:05', 1, 'expensesController.php', 0, '', 0),
(676, '7675385.00', '9600.00', 1, 1, 'اضاÙة مسحوبات شركاء', 89, '7665785.00', '2026-01-06 23:11:53', 1, 'partnerwithdrawalController.php', 0, '', 0),
(677, '7665785.00', '70020.00', 1, 1, 'إضاÙة مصروÙ', 225, '7595765.00', '2026-01-06 23:13:21', 1, 'expensesController.php', 0, '', 0),
(678, '7595765.00', '980.00', 1, 1, 'إضاÙة مصروÙ', 226, '7594785.00', '2026-01-07 00:16:25', 1, 'expensesController.php', 0, '', 0),
(679, '7594785.00', '4320.00', 1, 1, 'إضاÙة مصروÙ', 227, '7590465.00', '2026-01-07 00:17:23', 1, 'expensesController.php', 0, '', 0),
(680, '7590465.00', '5000.00', 1, 1, 'اضاÙة مسحوبات شركاء', 90, '7585465.00', '2026-01-07 00:17:56', 1, 'partnerwithdrawalController.php', 0, '', 0),
(681, '7585465.00', '14300.00', 1, 1, 'اضاÙة مسحوبات شركاء', 91, '7571165.00', '2026-01-07 00:19:03', 1, 'partnerwithdrawalController.php', 0, '', 0),
(682, '7571165.00', '1800.00', 1, 1, 'إضاÙة مصروÙ', 228, '7569365.00', '2026-01-07 00:19:50', 1, 'expensesController.php', 0, '', 0),
(683, '7569365.00', '10000.00', 1, 1, 'اضاÙة مسحوبات شركاء', 92, '7559365.00', '2026-01-07 00:20:19', 1, 'partnerwithdrawalController.php', 0, '', 0),
(684, '7559365.00', '20865.00', 1, 1, 'اضاÙة مسحوبات شركاء', 93, '7538500.00', '2026-01-07 00:21:12', 1, 'partnerwithdrawalController.php', 0, '', 0),
(685, '7538500.00', '2500.00', 1, 1, 'اضاÙة مسحوبات شركاء', 94, '7536000.00', '2026-01-07 00:22:06', 1, 'partnerwithdrawalController.php', 0, '', 0),
(686, '7536000.00', '885.00', 1, 1, 'إضاÙة مصروÙ', 229, '7535115.00', '2026-01-07 00:22:46', 1, 'expensesController.php', 0, '', 0),
(687, '7535115.00', '9450.00', 1, 1, 'اضاÙة مسحوبات شركاء', 95, '7525665.00', '2026-01-07 00:23:19', 1, 'partnerwithdrawalController.php', 0, '', 0),
(688, '7525665.00', '50.00', 1, 1, 'إضاÙة مصروÙ', 230, '7525615.00', '2026-01-07 00:23:43', 1, 'expensesController.php', 0, '', 0),
(689, '7525615.00', '50000.00', 1, 1, 'اضاÙة مسحوبات شركاء', 96, '7475615.00', '2026-01-07 00:24:15', 1, 'partnerwithdrawalController.php', 0, '', 0),
(690, '7475615.00', '16600.00', 1, 1, 'اضاÙة مسحوبات شركاء', 97, '7459015.00', '2026-01-07 00:24:43', 1, 'partnerwithdrawalController.php', 0, '', 0),
(691, '7459015.00', '5500.00', 1, 1, 'اضاÙة مسحوبات شركاء', 98, '7453515.00', '2026-01-07 00:25:16', 1, 'partnerwithdrawalController.php', 0, '', 0),
(692, '7453515.00', '1050.00', 1, 1, 'اضاÙة مسحوبات شركاء', 99, '7452465.00', '2026-01-07 00:26:02', 1, 'partnerwithdrawalController.php', 0, '', 0),
(693, '7452465.00', '10425.00', 1, 1, 'اضاÙة مسحوبات شركاء', 100, '7442040.00', '2026-01-07 00:26:36', 1, 'partnerwithdrawalController.php', 0, '', 0),
(694, '7442040.00', '50000.00', 1, 1, 'اضاÙة مسحوبات شركاء', 101, '7392040.00', '2026-01-07 00:27:11', 1, 'partnerwithdrawalController.php', 0, '', 0),
(695, '7392040.00', '11400.00', 1, 1, 'اضاÙة مسحوبات شركاء', 102, '7380640.00', '2026-01-07 00:28:00', 1, 'partnerwithdrawalController.php', 0, '', 0),
(696, '7380640.00', '20000.00', 1, 1, 'اضاÙة مسحوبات شركاء', 103, '7360640.00', '2026-01-07 00:28:27', 1, 'partnerwithdrawalController.php', 0, '', 0),
(697, '7360640.00', '3000.00', 1, 1, 'اضاÙة مسحوبات شركاء', 104, '7357640.00', '2026-01-07 00:28:54', 1, 'partnerwithdrawalController.php', 0, '', 0),
(698, '7357640.00', '75000.00', 1, 1, 'اضاÙة مسحوبات شركاء', 105, '7282640.00', '2026-01-07 00:29:56', 1, 'partnerwithdrawalController.php', 0, '', 0),
(699, '7282640.00', '1375.00', 1, 1, 'اضاÙة مسحوبات شركاء', 106, '7281265.00', '2026-01-07 00:30:24', 1, 'partnerwithdrawalController.php', 0, '', 0),
(700, '7281265.00', '135000.00', 1, 1, 'اضاÙة مسحوبات شركاء', 107, '7146265.00', '2026-01-07 00:30:52', 1, 'partnerwithdrawalController.php', 0, '', 0),
(701, '7146265.00', '915.00', 1, 1, 'إضاÙة مصروÙ', 231, '7145350.00', '2026-01-07 00:31:13', 1, 'expensesController.php', 0, '', 0),
(702, '7145350.00', '7500.00', 1, 1, 'إضاÙة مصروÙ', 232, '7137850.00', '2026-01-07 00:31:43', 1, 'expensesController.php', 0, '', 0),
(703, '7137850.00', '37400.00', 1, 1, 'إضاÙة مصروÙ', 233, '7100450.00', '2026-01-07 00:32:13', 1, 'expensesController.php', 0, '', 0),
(704, '7100450.00', '8900.00', 1, 1, 'اضاÙة مسحوبات شركاء', 108, '7091550.00', '2026-01-07 00:32:41', 1, 'partnerwithdrawalController.php', 0, '', 0),
(705, '7091550.00', '1800.00', 1, 1, 'إضاÙة مصروÙ', 234, '7089750.00', '2026-01-07 00:33:16', 1, 'expensesController.php', 0, '', 0),
(706, '7089750.00', '2500.00', 1, 1, 'اضاÙة مسحوبات شركاء', 109, '7087250.00', '2026-01-07 00:33:52', 1, 'partnerwithdrawalController.php', 0, '', 0),
(707, '7087250.00', '7000.00', 1, 1, 'إضاÙة مصروÙ', 235, '7080250.00', '2026-01-07 00:34:21', 1, 'expensesController.php', 0, '', 0),
(708, '7080250.00', '14200.00', 1, 1, 'اضاÙة مسحوبات شركاء', 110, '7066050.00', '2026-01-07 00:35:00', 1, 'partnerwithdrawalController.php', 0, '', 0),
(709, '7066050.00', '35000.00', 1, 1, 'اضاÙة مسحوبات شركاء', 111, '7031050.00', '2026-01-07 00:35:36', 1, 'partnerwithdrawalController.php', 0, '', 0),
(710, '7031050.00', '1150.00', 1, 1, 'إضاÙة مصروÙ', 236, '7029900.00', '2026-01-07 00:36:33', 1, 'expensesController.php', 0, '', 0),
(711, '7029900.00', '1500.00', 1, 1, 'إضاÙة مصروÙ', 237, '7028400.00', '2026-01-07 00:37:01', 1, 'expensesController.php', 0, '', 0),
(712, '7028400.00', '1400.00', 1, 1, 'إضاÙة مصروÙ', 238, '7027000.00', '2026-01-07 00:37:38', 1, 'expensesController.php', 0, '', 0),
(713, '7027000.00', '3535.00', 1, 1, 'اضاÙة مسحوبات شركاء', 112, '7023465.00', '2026-01-07 00:38:10', 1, 'partnerwithdrawalController.php', 0, '', 0),
(714, '7023465.00', '300.00', 1, 1, 'اضاÙة مسحوبات شركاء', 113, '7023165.00', '2026-01-07 00:38:56', 1, 'partnerwithdrawalController.php', 0, '', 0),
(715, '7023165.00', '900.00', 1, 1, 'إضاÙة مصروÙ', 239, '7022265.00', '2026-01-07 00:39:34', 1, 'expensesController.php', 0, '', 0),
(716, '7022265.00', '19480.00', 1, 1, 'اضاÙة مسحوبات شركاء', 114, '7002785.00', '2026-01-07 00:40:21', 1, 'partnerwithdrawalController.php', 0, '', 0),
(717, '7002785.00', '60000.00', 1, 1, 'اضاÙة مسحوبات شركاء', 115, '6942785.00', '2026-01-07 00:41:47', 1, 'partnerwithdrawalController.php', 0, '', 0),
(718, '6942785.00', '300.00', 1, 1, 'إضاÙة مصروÙ', 240, '6942485.00', '2026-01-07 00:42:16', 1, 'expensesController.php', 0, '', 0),
(719, '6942485.00', '1470.00', 1, 1, 'اضاÙة مسحوبات شركاء', 116, '6941015.00', '2026-01-07 00:42:40', 1, 'partnerwithdrawalController.php', 0, '', 0),
(720, '6941015.00', '1845.00', 1, 1, 'إضاÙة مصروÙ', 241, '6939170.00', '2026-01-07 00:43:31', 1, 'expensesController.php', 0, '', 0),
(721, '6939170.00', '1300.00', 1, 1, 'إضاÙة مصروÙ', 242, '6937870.00', '2026-01-07 00:44:32', 1, 'expensesController.php', 0, '', 0),
(722, '6937870.00', '250.00', 1, 1, 'إضاÙة مصروÙ', 243, '6937620.00', '2026-01-07 00:44:56', 1, 'expensesController.php', 0, '', 0),
(723, '6937620.00', '1000.00', 1, 1, 'إضاÙة مصروÙ', 244, '6936620.00', '2026-01-07 00:45:25', 1, 'expensesController.php', 0, '', 0),
(724, '6936620.00', '8000.00', 1, 1, 'إضاÙة مصروÙ', 245, '6928620.00', '2026-01-07 00:45:58', 1, 'expensesController.php', 0, '', 0),
(725, '6928620.00', '10100.00', 1, 1, 'اضاÙة مسحوبات شركاء', 117, '6918520.00', '2026-01-07 00:46:23', 1, 'partnerwithdrawalController.php', 0, '', 0),
(726, '6918520.00', '10000.00', 1, 1, 'اضاÙة مسحوبات شركاء', 118, '6908520.00', '2026-01-07 00:46:50', 1, 'partnerwithdrawalController.php', 0, '', 0),
(727, '6908520.00', '3030.00', 1, 1, 'اضاÙة مسحوبات شركاء', 119, '6905490.00', '2026-01-07 00:48:01', 1, 'partnerwithdrawalController.php', 0, '', 0),
(728, '6905490.00', '18120.00', 1, 1, 'اضاÙة مسحوبات شركاء', 120, '6887370.00', '2026-01-07 00:48:39', 1, 'partnerwithdrawalController.php', 0, '', 0),
(729, '6887370.00', '12850.00', 1, 1, 'اضاÙة مسحوبات شركاء', 121, '6874520.00', '2026-01-07 00:49:15', 1, 'partnerwithdrawalController.php', 0, '', 0),
(730, '6874520.00', '2000.00', 1, 1, 'اضاÙة مسحوبات شركاء', 122, '6872520.00', '2026-01-07 00:50:19', 1, 'partnerwithdrawalController.php', 0, '', 0),
(731, '6872520.00', '2500.00', 1, 1, 'اضاÙة مسحوبات شركاء', 123, '6870020.00', '2026-01-07 00:52:51', 1, 'partnerwithdrawalController.php', 0, '', 0),
(732, '6870020.00', '345.00', 1, 1, 'اضاÙة مسحوبات شركاء', 124, '6869675.00', '2026-01-07 01:13:31', 1, 'partnerwithdrawalController.php', 0, '', 0),
(733, '6869675.00', '6800.00', 1, 1, 'إضاÙة مصروÙ', 246, '6862875.00', '2026-01-07 01:21:48', 1, 'expensesController.php', 0, '', 0),
(734, '6862875.00', '6000.00', 0, 1, 'ايصال تحصيل (( قبض من عميل ))', 331, '6868875.00', '2026-01-14 14:56:22', 1, 'clientPayedDeptController.php', 6, '', 0),
(735, '6868875.00', '100000.00', 0, 1, 'ايصال تحصيل (( قبض من عميل ))', 332, '6968875.00', '2026-01-14 14:58:23', 1, 'clientPayedDeptController.php', 2, '', 0),
(736, '6968875.00', '9225.00', 1, 1, 'اضاÙة مسحوبات شركاء', 125, '6959650.00', '2026-01-14 15:00:24', 1, 'partnerwithdrawalController.php', 0, '', 0),
(737, '6959650.00', '3000.00', 1, 1, 'إضاÙة مصروÙ', 247, '6956650.00', '2026-01-14 15:03:29', 1, 'expensesController.php', 0, '', 0),
(738, '6956650.00', '34130.00', 1, 1, 'اضاÙة مسحوبات شركاء', 126, '6922520.00', '2026-01-14 15:04:03', 1, 'partnerwithdrawalController.php', 0, '', 0),
(739, '6922520.00', '66000.00', 1, 1, 'اضاÙة مسحوبات شركاء', 127, '6856520.00', '2026-01-14 15:05:23', 1, 'partnerwithdrawalController.php', 0, '', 0),
(740, '6856520.00', '5345460.00', 1, 1, 'ايصال دÙع لمورد', 2, '1511060.00', '2026-01-14 15:24:18', 1, 'supplierPayedDeptController.php', 0, '', 0),
(741, '1511060.00', '330000.00', 1, 1, 'ايصال دÙع لمورد', 4, '1181060.00', '2026-01-14 15:25:29', 1, 'supplierPayedDeptController.php', 0, '', 0),
(742, '1181060.00', '719250.00', 1, 1, 'ايصال دÙع لمورد', 6, '461810.00', '2026-01-14 15:51:14', 1, 'supplierPayedDeptController.php', 0, '', 0),
(743, '461810.00', '5000.00', 1, 1, 'اضاÙة مسحوبات شركاء', 128, '456810.00', '2026-01-15 02:50:45', 1, 'partnerwithdrawalController.php', 0, '', 0),
(744, '456810.00', '460000.00', 0, 1, 'اضاÙة شريك', 4, '916810.00', '2026-01-15 02:57:20', 1, 'partnerController.php', 0, '', 0),
(745, '916810.00', '460000.00', 1, 1, 'تعديل شريك', 4, '456810.00', '2026-01-15 02:57:50', 1, 'partnerController.php', 0, '', 0),
(746, '456810.00', '460000.00', 0, 1, 'اضاÙة شريك', 4, '916810.00', '2026-01-15 02:57:51', 1, 'partnerController.php', 0, '', 0),
(747, '916810.00', '2125000.00', 0, 1, 'اضاÙة ايداع شركاء', 131, '3041810.00', '2026-01-15 02:59:17', 1, 'partnerwithdrawalController.php', 0, '', 0),
(748, '3041810.00', '2585000.00', 1, 1, 'تعديل شريك', 4, '456810.00', '2026-01-15 03:04:57', 1, 'partnerController.php', 0, '', 0),
(749, '456810.00', '460000.00', 0, 1, 'اضاÙة شريك', 4, '916810.00', '2026-01-15 03:04:58', 1, 'partnerController.php', 0, '', 0),
(750, '916810.00', '48500.00', 0, 1, 'ايصال تحصيل (( قبض من عميل ))', 333, '965310.00', '2026-01-16 19:29:16', 1, 'clientPayedDeptController.php', 2, '', 0),
(751, '965310.00', '800000.00', 0, 1, 'اضاÙة ايداع شركاء', 133, '1765310.00', '2026-01-16 19:30:07', 1, 'partnerwithdrawalController.php', 0, '', 0),
(752, '1765310.00', '13310.00', 0, 1, 'ايصال تحصيل (( قبض من عميل ))', 334, '1778620.00', '2026-01-17 00:10:51', 1, 'clientPayedDeptController.php', 3, '', 0),
(753, '1778620.00', '49000.00', 0, 1, 'ايصال تحصيل (( قبض من عميل ))', 335, '1827620.00', '2026-01-17 22:23:33', 1, 'clientPayedDeptController.php', 12, '', 0),
(754, '1827620.00', '2000.00', 0, 1, 'اضاÙة Ùاتورة مبيعات', 181, '1829620.00', '2026-01-17 22:24:41', 1, 'sellbillController.php', 20, '', 0),
(755, '1829620.00', '60000.00', 0, 1, 'ايصال تحصيل (( قبض من عميل ))', 339, '1889620.00', '2026-01-18 21:55:58', 1, 'clientPayedDeptController.php', 8, '', 0),
(756, '1889620.00', '9050.00', 1, 1, 'تعديل Ùاتورة مبيعات', 174, '1880570.00', '2026-01-18 22:31:43', 1, 'sellbillController.php', 27, '', 0),
(757, '1880570.00', '9050.00', 0, 1, 'اضاÙة Ùاتورة مبيعات (معدله)', 184, '1889620.00', '2026-01-18 22:31:44', 1, 'sellbillController.php', 27, '', 0),
(758, '1889620.00', '5650.00', 1, 1, 'اضاÙة مسحوبات شركاء', 134, '1883970.00', '2026-01-18 23:06:50', 1, 'partnerwithdrawalController.php', 0, '', 0),
(759, '1883970.00', '12000.00', 1, 1, 'اضاÙة مسحوبات شركاء', 135, '1871970.00', '2026-01-19 21:14:04', 1, 'partnerwithdrawalController.php', 0, '', 0),
(760, '1871970.00', '20000.00', 0, 1, 'ايصال تحصيل (( قبض من عميل ))', 345, '1891970.00', '2026-01-21 01:59:59', 1, 'clientPayedDeptController.php', 21, '', 0),
(761, '1891970.00', '150000.00', 0, 1, 'اضاÙة ايداع شركاء', 136, '2041970.00', '2026-01-21 02:00:37', 1, 'partnerwithdrawalController.php', 0, '', 0),
(762, '2041970.00', '12900.00', 1, 1, 'اضاÙة مسحوبات شركاء', 137, '2029070.00', '2026-01-21 02:01:10', 1, 'partnerwithdrawalController.php', 0, '', 0),
(763, '2029070.00', '50000.00', 0, 1, 'ايصال تحصيل (( قبض من عميل ))', 346, '2079070.00', '2026-01-23 02:30:58', 1, 'clientPayedDeptController.php', 8, '', 0),
(764, '2079070.00', '105000.00', 0, 1, 'ايصال تحصيل (( قبض من عميل ))', 347, '2184070.00', '2026-01-23 02:31:40', 1, 'clientPayedDeptController.php', 2, '', 0),
(765, '2184070.00', '3330.00', 1, 1, 'اضاÙة مسحوبات شركاء', 138, '2180740.00', '2026-01-23 02:36:30', 1, 'partnerwithdrawalController.php', 0, '', 0),
(766, '2180740.00', '6800.00', 0, 1, 'اضاÙة Ùاتورة مبيعات', 186, '2187540.00', '2026-01-23 02:44:56', 1, 'sellbillController.php', 1, '', 0),
(767, '2187540.00', '3900.00', 1, 1, 'اضاÙة مسحوبات شركاء', 139, '2183640.00', '2026-01-23 02:45:33', 1, 'partnerwithdrawalController.php', 0, '', 0),
(768, '2183640.00', '860.00', 1, 1, 'إضاÙة مصروÙ', 248, '2182780.00', '2026-01-23 03:05:31', 1, 'expensesController.php', 0, '', 0),
(769, '2182780.00', '120000.00', 1, 1, 'إضاÙة مصروÙ', 249, '2062780.00', '2026-01-23 03:06:09', 1, 'expensesController.php', 0, '', 0),
(770, '2062780.00', '45000.00', 0, 1, 'ايصال تحصيل (( قبض من عميل ))', 352, '2107780.00', '2026-01-24 19:31:25', 1, 'clientPayedDeptController.php', 9, '', 0),
(771, '2107780.00', '20000.00', 0, 1, 'ايصال تحصيل (( قبض من عميل ))', 354, '2127780.00', '2026-01-26 16:54:10', 1, 'clientPayedDeptController.php', 13, '', 0),
(772, '2127780.00', '200000.00', 0, 1, 'ايصال تحصيل (( قبض من عميل ))', 355, '2327780.00', '2026-01-26 16:54:40', 1, 'clientPayedDeptController.php', 2, '', 0),
(773, '2327780.00', '20600.00', 0, 1, 'ايصال تحصيل (( قبض من عميل ))', 356, '2348380.00', '2026-01-26 16:55:07', 1, 'clientPayedDeptController.php', 7, '', 0),
(774, '2348380.00', '10000.00', 0, 1, 'ايصال تحصيل (( قبض من عميل ))', 357, '2358380.00', '2026-01-26 16:55:30', 1, 'clientPayedDeptController.php', 4, '', 0),
(775, '2358380.00', '19200.00', 0, 1, 'ايصال تحصيل (( قبض من عميل ))', 358, '2377580.00', '2026-01-26 16:56:04', 1, 'clientPayedDeptController.php', 21, '', 0),
(776, '2377580.00', '11500.00', 0, 1, 'ايصال تحصيل (( قبض من عميل ))', 359, '2389080.00', '2026-01-26 16:56:49', 1, 'clientPayedDeptController.php', 16, '', 0),
(777, '2389080.00', '38650.00', 0, 1, 'ايصال تحصيل (( قبض من عميل ))', 360, '2427730.00', '2026-01-26 16:57:17', 1, 'clientPayedDeptController.php', 14, '', 0),
(778, '2427730.00', '30000.00', 0, 1, 'ايصال تحصيل (( قبض من عميل ))', 361, '2457730.00', '2026-01-26 16:58:29', 1, 'clientPayedDeptController.php', 5, '', 0),
(779, '2457730.00', '100000.00', 0, 1, 'ايصال تحصيل (( قبض من عميل ))', 363, '2557730.00', '2026-01-27 19:24:18', 1, 'clientPayedDeptController.php', 15, '', 0),
(780, '2557730.00', '200000.00', 0, 1, 'اضاÙة ايداع شركاء', 140, '2757730.00', '2026-01-27 19:36:43', 1, 'partnerwithdrawalController.php', 0, '', 0),
(781, '2757730.00', '0.00', 0, 1, 'اضاÙة شريك', 5, '2757730.00', '2026-01-27 19:37:13', 1, 'partnerController.php', 0, '', 0),
(782, '2757730.00', '0.00', 1, 1, 'تعديل شريك', 5, '2757730.00', '2026-01-27 19:37:47', 1, 'partnerController.php', 0, '', 0),
(783, '2757730.00', '200000.00', 0, 1, 'اضاÙة شريك', 5, '2957730.00', '2026-01-27 19:37:47', 1, 'partnerController.php', 0, '', 0),
(784, '2957730.00', '15000.00', 0, 1, 'ايصال تحصيل (( قبض من عميل ))', 366, '2972730.00', '2026-01-29 00:45:47', 1, 'clientPayedDeptController.php', 16, '', 0),
(785, '2972730.00', '15000.00', 0, 1, 'اضاÙة Ùاتورة مبيعات', 193, '2987730.00', '2026-01-29 01:16:08', 1, 'sellbillController.php', 1, '', 0),
(786, '2987730.00', '3020.00', 1, 1, 'اضاÙة مسحوبات شركاء', 143, '2984710.00', '2026-01-31 00:20:23', 1, 'partnerwithdrawalController.php', 0, '', 0),
(787, '2984710.00', '4000.00', 1, 1, 'اضاÙة مسحوبات شركاء', 144, '2980710.00', '2026-01-31 00:21:47', 1, 'partnerwithdrawalController.php', 0, '', 0),
(788, '2980710.00', '4470.00', 1, 1, 'اضاÙة مسحوبات شركاء', 145, '2976240.00', '2026-01-31 00:22:52', 1, 'partnerwithdrawalController.php', 0, '', 0),
(789, '2976240.00', '900.00', 1, 1, 'إضاÙة مصروÙ', 250, '2975340.00', '2026-01-31 00:23:20', 1, 'expensesController.php', 0, '', 0),
(790, '2975340.00', '10000.00', 0, 1, 'ايصال تحصيل (( قبض من عميل ))', 374, '2985340.00', '2026-02-03 01:32:31', 1, 'clientPayedDeptController.php', 16, '', 0),
(791, '2985340.00', '3500.00', 1, 1, 'اضاÙة مسحوبات شركاء', 146, '2981840.00', '2026-02-05 01:16:13', 1, 'partnerwithdrawalController.php', 0, '', 0),
(792, '2981840.00', '4500.00', 1, 1, 'اضاÙة مسحوبات شركاء', 147, '2977340.00', '2026-02-05 01:17:11', 1, 'partnerwithdrawalController.php', 0, '', 0),
(793, '2977340.00', '25500.00', 1, 1, 'اضاÙة مسحوبات شركاء', 148, '2951840.00', '2026-02-05 01:17:49', 1, 'partnerwithdrawalController.php', 0, '', 0),
(794, '2951840.00', '400.00', 1, 1, 'اضاÙة مسحوبات شركاء', 149, '2951440.00', '2026-02-05 01:18:23', 1, 'partnerwithdrawalController.php', 0, '', 0),
(795, '2951440.00', '3900.00', 0, 1, 'تعديل شريك', 139, '2955340.00', '2026-02-05 01:20:44', 1, 'partnerwithdrawalController.php', 0, '', 0),
(796, '2955340.00', '3900.00', 1, 1, 'اضاÙة مسحوبات شركاء', 150, '2951440.00', '2026-02-05 01:20:44', 1, 'partnerwithdrawalController.php', 0, '', 0),
(797, '2951440.00', '300000.00', 0, 1, 'اضاÙة شريك', 6, '3251440.00', '2026-02-05 01:22:48', 1, 'partnerController.php', 0, '', 0),
(798, '3251440.00', '90000.00', 0, 1, 'ايصال تحصيل (( قبض من عميل ))', 379, '3341440.00', '2026-02-06 21:59:34', 1, 'clientPayedDeptController.php', 2, '', 0),
(799, '3341440.00', '40000.00', 0, 1, 'ايصال تحصيل (( قبض من عميل ))', 380, '3381440.00', '2026-02-06 22:00:01', 1, 'clientPayedDeptController.php', 7, '', 0),
(800, '3381440.00', '92000.00', 1, 1, 'اضاÙة مسحوبات شركاء', 152, '3289440.00', '2026-02-06 22:00:59', 1, 'partnerwithdrawalController.php', 0, '', 0),
(801, '3289440.00', '10000.00', 0, 1, 'ايصال تحصيل (( قبض من عميل ))', 381, '3299440.00', '2026-02-06 22:10:53', 1, 'clientPayedDeptController.php', 17, '', 0),
(802, '3299440.00', '340.00', 1, 1, 'اضاÙة مسحوبات شركاء', 153, '3299100.00', '2026-02-06 22:13:50', 1, 'partnerwithdrawalController.php', 0, '', 0),
(803, '3299100.00', '840.00', 1, 1, 'إضاÙة مصروÙ', 251, '3298260.00', '2026-02-06 22:20:28', 1, 'expensesController.php', 0, '', 0),
(804, '3298260.00', '200.00', 1, 1, 'إضاÙة مصروÙ', 252, '3298060.00', '2026-02-06 22:21:09', 1, 'expensesController.php', 0, '', 0),
(805, '3298060.00', '10000.00', 0, 1, 'ايصال تحصيل (( قبض من عميل ))', 384, '3308060.00', '2026-02-08 00:58:35', 1, 'clientPayedDeptController.php', 33, '', 0),
(806, '3308060.00', '35000.00', 0, 1, 'ايصال تحصيل (( قبض من عميل ))', 390, '3343060.00', '2026-02-10 03:44:26', 1, 'clientPayedDeptController.php', 12, '', 0),
(807, '3343060.00', '16600.00', 0, 1, 'اضاÙة Ùاتورة مبيعات', 204, '3359660.00', '2026-02-11 03:25:57', 1, 'sellbillController.php', 21, '', 0),
(808, '3359660.00', '65000.00', 0, 1, 'اضاÙة ايداع شركاء', 154, '3424660.00', '2026-02-11 03:26:41', 1, 'partnerwithdrawalController.php', 0, '', 0),
(809, '3424660.00', '28200.00', 0, 1, 'اضاÙة Ùاتورة مبيعات', 205, '3452860.00', '2026-02-12 01:35:33', 1, 'sellbillController.php', 1, '', 0),
(810, '3452860.00', '16600.00', 1, 1, 'تعديل Ùاتورة مبيعات', 204, '3436260.00', '2026-02-12 01:37:00', 1, 'sellbillController.php', 21, '', 0),
(811, '3436260.00', '16350.00', 0, 1, 'اضاÙة Ùاتورة مبيعات (معدله)', 206, '3452610.00', '2026-02-12 01:37:01', 1, 'sellbillController.php', 21, '', 0),
(812, '3452610.00', '100000.00', 0, 1, 'ايصال تحصيل (( قبض من عميل ))', 396, '3552610.00', '2026-02-14 02:17:02', 1, 'clientPayedDeptController.php', 2, '', 0),
(813, '3552610.00', '10000.00', 0, 1, 'ايصال تحصيل (( قبض من عميل ))', 397, '3562610.00', '2026-02-14 02:18:05', 1, 'clientPayedDeptController.php', 34, '', 0),
(814, '3562610.00', '28650.00', 0, 1, 'ايصال تحصيل (( قبض من عميل ))', 398, '3591260.00', '2026-02-14 02:19:12', 1, 'clientPayedDeptController.php', 5, '', 0),
(815, '3591260.00', '3990.00', 1, 1, 'اضاÙة مسحوبات شركاء', 155, '3587270.00', '2026-02-14 02:30:37', 1, 'partnerwithdrawalController.php', 0, '', 0),
(816, '3587270.00', '20320.00', 1, 1, 'اضاÙة مسحوبات شركاء', 156, '3566950.00', '2026-02-14 02:32:05', 1, 'partnerwithdrawalController.php', 0, '', 0),
(817, '3566950.00', '5500.00', 1, 1, 'اضاÙة مسحوبات شركاء', 157, '3561450.00', '2026-02-14 02:33:17', 1, 'partnerwithdrawalController.php', 0, '', 0),
(818, '3561450.00', '700.00', 1, 1, 'اضاÙة مسحوبات شركاء', 158, '3560750.00', '2026-02-14 03:12:37', 1, 'partnerwithdrawalController.php', 0, '', 0),
(819, '3560750.00', '6870.00', 1, 1, 'اضاÙة مسحوبات شركاء', 159, '3553880.00', '2026-02-14 03:13:55', 1, 'partnerwithdrawalController.php', 0, '', 0),
(820, '3553880.00', '5000.00', 0, 1, 'ايصال تحصيل (( قبض من عميل ))', 401, '3558880.00', '2026-02-18 17:27:17', 1, 'clientPayedDeptController.php', 33, '', 0),
(821, '3558880.00', '10000.00', 1, 1, 'اضاÙة مسحوبات شركاء', 160, '3548880.00', '2026-02-22 05:11:54', 1, 'partnerwithdrawalController.php', 0, '', 0),
(822, '3548880.00', '15480.00', 1, 1, 'اضاÙة مسحوبات شركاء', 161, '3533400.00', '2026-02-22 05:12:44', 1, 'partnerwithdrawalController.php', 0, '', 0),
(823, '3533400.00', '1000.00', 1, 1, 'اضاÙة مسحوبات شركاء', 162, '3532400.00', '2026-02-22 05:13:11', 1, 'partnerwithdrawalController.php', 0, '', 0),
(824, '3532400.00', '1750.00', 1, 1, 'إضاÙة مصروÙ', 253, '3530650.00', '2026-02-22 05:13:54', 1, 'expensesController.php', 0, '', 0);
INSERT INTO `savedaily` (`savedailyid`, `savedailysavebefore`, `savedailychangeamount`, `savedailychangetype`, `saveid`, `processname`, `savedailymodelid`, `savedailysaveafter`, `savedailydate`, `userid`, `tablename`, `clientid`, `note`, `clientdebtchangeidfk`) VALUES
(825, '3530650.00', '1200.00', 1, 1, 'إضاÙة مصروÙ', 254, '3529450.00', '2026-02-22 05:14:31', 1, 'expensesController.php', 0, '', 0),
(826, '3529450.00', '27400.00', 0, 1, 'ايصال تحصيل (( قبض من عميل ))', 409, '3556850.00', '2026-02-23 17:36:19', 1, 'clientPayedDeptController.php', 15, '', 0),
(827, '3556850.00', '14800.00', 1, 1, 'اضاÙة مسحوبات شركاء', 163, '3542050.00', '2026-02-23 17:41:16', 1, 'partnerwithdrawalController.php', 0, '', 0),
(828, '3542050.00', '250.00', 1, 1, 'إضاÙة مصروÙ', 255, '3541800.00', '2026-02-23 17:42:43', 1, 'expensesController.php', 0, '', 0),
(829, '3541800.00', '6300.00', 0, 1, 'اضاÙة Ùاتورة مبيعات', 216, '3548100.00', '2026-02-26 02:50:59', 1, 'sellbillController.php', 7, '', 0),
(830, '3548100.00', '3900.00', 0, 1, 'اضاÙة Ùاتورة مبيعات', 217, '3552000.00', '2026-02-26 02:51:34', 1, 'sellbillController.php', 1, '', 0),
(831, '3552000.00', '7650.00', 1, 1, 'اضاÙة مسحوبات شركاء', 164, '3544350.00', '2026-02-26 02:54:27', 1, 'partnerwithdrawalController.php', 0, '', 0),
(832, '3544350.00', '6200.00', 0, 1, 'ايصال تحصيل (( قبض من عميل ))', 415, '3550550.00', '2026-02-26 02:57:07', 1, 'clientPayedDeptController.php', 21, '', 0),
(833, '3550550.00', '93000.00', 0, 1, 'ايصال تحصيل (( قبض من عميل ))', 418, '3643550.00', '2026-02-27 06:53:27', 1, 'clientPayedDeptController.php', 2, '', 0),
(834, '3643550.00', '9400.00', 0, 1, 'ايصال تحصيل (( قبض من عميل ))', 419, '3652950.00', '2026-03-01 17:02:03', 1, 'clientPayedDeptController.php', 21, '', 0),
(835, '3652950.00', '12500.00', 0, 1, 'ايصال تحصيل (( قبض من عميل ))', 427, '3665450.00', '2026-03-03 20:06:40', 1, 'clientPayedDeptController.php', 4, '', 0),
(836, '3665450.00', '2500.00', 1, 1, 'إضاÙة مصروÙ', 256, '3662950.00', '2026-03-03 20:07:34', 1, 'expensesController.php', 0, '', 0),
(837, '3662950.00', '6400.00', 1, 1, 'إضاÙة مصروÙ', 257, '3656550.00', '2026-03-03 20:08:19', 1, 'expensesController.php', 0, '', 0),
(838, '3656550.00', '87000.00', 0, 1, 'ايصال تحصيل (( قبض من عميل ))', 429, '3743550.00', '2026-03-04 04:49:42', 1, 'clientPayedDeptController.php', 13, '', 0),
(839, '3743550.00', '55000.00', 0, 1, 'ايصال تحصيل (( قبض من عميل ))', 430, '3798550.00', '2026-03-04 04:50:08', 1, 'clientPayedDeptController.php', 7, '', 0),
(840, '3798550.00', '700.00', 0, 1, 'اضاÙة Ùاتورة مبيعات', 228, '3799250.00', '2026-03-04 04:52:06', 1, 'sellbillController.php', 21, '', 0),
(841, '3799250.00', '1900.00', 0, 1, 'اضاÙة Ùاتورة مبيعات', 229, '3801150.00', '2026-03-04 04:56:12', 1, 'sellbillController.php', 1, '', 0),
(842, '3801150.00', '100000.00', 0, 1, 'ايصال تحصيل (( قبض من عميل ))', 435, '3901150.00', '2026-03-05 15:07:41', 1, 'clientPayedDeptController.php', 35, '', 0),
(843, '3901150.00', '100000.00', 1, 1, 'اضاÙة مسحوبات شركاء', 165, '3801150.00', '2026-03-05 15:08:08', 1, 'partnerwithdrawalController.php', 0, '', 0),
(844, '3801150.00', '100000.00', 0, 1, 'ايصال تحصيل (( قبض من عميل ))', 436, '3901150.00', '2026-03-07 00:25:35', 1, 'clientPayedDeptController.php', 2, '', 0),
(845, '3901150.00', '8000.00', 0, 1, 'ايصال تحصيل (( قبض من عميل ))', 437, '3909150.00', '2026-03-07 00:26:09', 1, 'clientPayedDeptController.php', 5, '', 0),
(846, '3909150.00', '10000.00', 0, 1, 'ايصال تحصيل (( قبض من عميل ))', 438, '3919150.00', '2026-03-07 00:28:08', 1, 'clientPayedDeptController.php', 16, '', 0),
(847, '3919150.00', '3295.00', 1, 1, 'اضاÙة مسحوبات شركاء', 166, '3915855.00', '2026-03-07 01:19:43', 1, 'partnerwithdrawalController.php', 0, '', 0),
(848, '3915855.00', '936.00', 1, 1, 'اضاÙة مسحوبات شركاء', 167, '3914919.00', '2026-03-07 01:20:34', 1, 'partnerwithdrawalController.php', 0, '', 0),
(849, '3914919.00', '940.00', 1, 1, 'إضاÙة مصروÙ', 258, '3913979.00', '2026-03-07 01:21:07', 1, 'expensesController.php', 0, '', 0),
(850, '3913979.00', '880.00', 1, 1, 'إضاÙة مصروÙ', 259, '3913099.00', '2026-03-07 01:23:23', 1, 'expensesController.php', 0, '', 0),
(851, '3913099.00', '10000.00', 0, 1, 'ايصال تحصيل (( قبض من عميل ))', 440, '3923099.00', '2026-03-09 13:01:52', 1, 'clientPayedDeptController.php', 34, '', 0),
(852, '3923099.00', '27000.00', 0, 1, 'اضاÙة Ùاتورة مبيعات', 232, '3950099.00', '2026-03-10 03:14:44', 1, 'sellbillController.php', 30, '', 0),
(853, '3950099.00', '13000.00', 0, 1, 'ايصال تحصيل (( قبض من عميل ))', 444, '3963099.00', '2026-03-12 04:59:03', 1, 'clientPayedDeptController.php', 4, '', 0),
(854, '3963099.00', '10000.00', 0, 1, 'ايصال تحصيل (( قبض من عميل ))', 445, '3973099.00', '2026-03-12 05:00:03', 1, 'clientPayedDeptController.php', 34, '', 0),
(855, '3973099.00', '31350.00', 0, 1, 'ايصال تحصيل (( قبض من عميل ))', 446, '4004449.00', '2026-03-12 05:00:27', 1, 'clientPayedDeptController.php', 17, '', 0),
(856, '4004449.00', '68175.00', 0, 1, 'ايصال تحصيل (( قبض من عميل ))', 447, '4072624.00', '2026-03-12 05:05:16', 1, 'clientPayedDeptController.php', 13, '', 0),
(857, '4072624.00', '20300.00', 0, 1, 'ايصال تحصيل (( قبض من عميل ))', 450, '4092924.00', '2026-03-12 05:07:35', 1, 'clientPayedDeptController.php', 10, '', 0),
(858, '4092924.00', '5000.00', 0, 1, 'ايصال تحصيل (( قبض من عميل ))', 451, '4097924.00', '2026-03-12 05:08:32', 1, 'clientPayedDeptController.php', 11, '', 0),
(859, '4097924.00', '2500.00', 1, 1, 'اضاÙة مسحوبات شركاء', 168, '4095424.00', '2026-03-12 05:10:02', 1, 'partnerwithdrawalController.php', 0, '', 0),
(860, '4095424.00', '600.00', 1, 1, 'إضاÙة مصروÙ', 260, '4094824.00', '2026-03-12 05:11:01', 1, 'expensesController.php', 0, '', 0),
(861, '4094824.00', '200000.00', 1, 1, 'اضاÙة مسحوبات شركاء', 169, '3894824.00', '2026-03-12 05:12:38', 1, 'partnerwithdrawalController.php', 0, '', 0),
(862, '3894824.00', '300000.00', 1, 1, 'اضاÙة مسحوبات شركاء', 170, '3594824.00', '2026-03-12 05:13:11', 1, 'partnerwithdrawalController.php', 0, '', 0),
(863, '3594824.00', '155000.00', 0, 1, 'ايصال تحصيل (( قبض من عميل ))', 452, '3749824.00', '2026-03-12 23:55:17', 1, 'clientPayedDeptController.php', 2, '', 0),
(864, '3749824.00', '3200.00', 0, 1, 'اضاÙة Ùاتورة مبيعات', 235, '3753024.00', '2026-03-12 23:56:04', 1, 'sellbillController.php', 1, '', 0),
(865, '3753024.00', '10000.00', 0, 1, 'ايصال تحصيل (( قبض من عميل ))', 455, '3763024.00', '2026-03-15 06:48:38', 1, 'clientPayedDeptController.php', 4, '', 0),
(866, '3763024.00', '5800.00', 0, 1, 'ايصال تحصيل (( قبض من عميل ))', 456, '3768824.00', '2026-03-15 06:49:17', 1, 'clientPayedDeptController.php', 34, '', 0),
(867, '3768824.00', '4500.00', 0, 1, 'ايصال تحصيل (( قبض من عميل ))', 457, '3773324.00', '2026-03-15 06:49:54', 1, 'clientPayedDeptController.php', 21, '', 0),
(868, '3773324.00', '50000.00', 0, 1, 'ايصال تحصيل (( قبض من عميل ))', 459, '3823324.00', '2026-03-17 02:44:37', 1, 'clientPayedDeptController.php', 35, '', 0),
(869, '3823324.00', '25600.00', 0, 1, 'اضاÙة Ùاتورة مبيعات', 236, '3848924.00', '2026-03-17 03:03:54', 1, 'sellbillController.php', 21, '', 0),
(870, '3848924.00', '100000.00', 0, 1, 'ايصال تحصيل (( قبض من عميل ))', 461, '3948924.00', '2026-03-21 11:10:40', 1, 'clientPayedDeptController.php', 2, '', 0),
(871, '3948924.00', '52500.00', 0, 1, 'ايصال تحصيل (( قبض من عميل ))', 462, '4001424.00', '2026-03-21 11:11:12', 1, 'clientPayedDeptController.php', 10, '', 0),
(872, '4001424.00', '150000.00', 1, 1, 'اضاÙة مسحوبات شركاء', 171, '3851424.00', '2026-03-21 11:11:52', 1, 'partnerwithdrawalController.php', 0, '', 0),
(873, '3851424.00', '10700.00', 1, 1, 'اضاÙة مسحوبات شركاء', 172, '3840724.00', '2026-03-21 11:14:54', 1, 'partnerwithdrawalController.php', 0, '', 0),
(874, '3840724.00', '25000.00', 1, 1, 'اضاÙة مسحوبات شركاء', 173, '3815724.00', '2026-03-21 11:15:22', 1, 'partnerwithdrawalController.php', 0, '', 0),
(875, '3815724.00', '2000.00', 1, 1, 'اضاÙة مسحوبات شركاء', 174, '3813724.00', '2026-03-21 11:16:07', 1, 'partnerwithdrawalController.php', 0, '', 0),
(876, '3813724.00', '6000.00', 1, 1, 'اضاÙة مسحوبات شركاء', 175, '3807724.00', '2026-03-21 11:16:43', 1, 'partnerwithdrawalController.php', 0, '', 0),
(877, '3807724.00', '1715.00', 1, 1, 'اضاÙة مسحوبات شركاء', 176, '3806009.00', '2026-03-21 11:18:34', 1, 'partnerwithdrawalController.php', 0, '', 0),
(878, '3806009.00', '2931870.00', 1, 1, 'ايصال دÙع لمورد', 8, '874139.00', '2026-03-21 11:22:08', 1, 'supplierPayedDeptController.php', 0, '', 0),
(879, '874139.00', '6000.00', 0, 1, 'ايصال تحصيل (( قبض من عميل ))', 463, '880139.00', '2026-03-21 11:23:41', 1, 'clientPayedDeptController.php', 16, '', 0),
(880, '880139.00', '500.00', 1, 1, 'اضاÙة مسحوبات شركاء', 177, '879639.00', '2026-03-21 11:27:42', 1, 'partnerwithdrawalController.php', 0, '', 0),
(881, '879639.00', '1000.00', 1, 1, 'اضاÙة مسحوبات شركاء', 178, '878639.00', '2026-03-21 11:29:09', 1, 'partnerwithdrawalController.php', 0, '', 0),
(882, '878639.00', '2000.00', 1, 1, 'إضاÙة مصروÙ', 261, '876639.00', '2026-03-21 11:32:50', 1, 'expensesController.php', 0, '', 0),
(883, '876639.00', '60000.00', 1, 1, 'إضاÙة مصروÙ', 262, '816639.00', '2026-03-21 11:33:31', 1, 'expensesController.php', 0, '', 0),
(884, '816639.00', '15480.00', 0, 1, 'تعديل شريك', 161, '832119.00', '2026-03-21 17:40:46', 1, 'partnerwithdrawalController.php', 0, '', 0),
(885, '832119.00', '15000.00', 1, 1, 'اضاÙة مسحوبات شركاء', 179, '817119.00', '2026-03-21 17:40:47', 1, 'partnerwithdrawalController.php', 0, '', 0),
(886, '817119.00', '150000.00', 0, 1, 'حذÙ مسحوبات شركاء', 171, '967119.00', '2026-03-21 17:43:35', 1, 'partnerwithdrawalController.php', 0, '', 0),
(887, '967119.00', '150000.00', 1, 1, 'اضاÙة مسحوبات شركاء', 180, '817119.00', '2026-03-21 17:46:59', 1, 'partnerwithdrawalController.php', 0, '', 0),
(888, '817119.00', '8900.00', 1, 1, 'اضاÙة مسحوبات شركاء', 181, '808219.00', '2026-03-21 18:04:32', 1, 'partnerwithdrawalController.php', 0, '', 0),
(889, '808219.00', '1100.00', 1, 1, 'اضاÙة مسحوبات شركاء', 182, '807119.00', '2026-03-22 02:44:08', 1, 'partnerwithdrawalController.php', 0, '', 0),
(890, '807119.00', '2500.00', 1, 1, 'اضاÙة مسحوبات شركاء', 183, '804619.00', '2026-03-24 03:24:37', 1, 'partnerwithdrawalController.php', 0, '', 0),
(891, '804619.00', '8150.00', 1, 1, 'اضاÙة مسحوبات شركاء', 184, '796469.00', '2026-03-24 03:25:21', 1, 'partnerwithdrawalController.php', 0, '', 0),
(892, '796469.00', '40000.00', 1, 1, 'إضاÙة مصروÙ', 263, '756469.00', '2026-03-24 03:25:59', 1, 'expensesController.php', 0, '', 0),
(893, '756469.00', '12600.00', 1, 1, 'اضاÙة مسحوبات شركاء', 185, '743869.00', '2026-03-24 03:27:32', 1, 'partnerwithdrawalController.php', 0, '', 0),
(894, '743869.00', '4000.00', 1, 1, 'اضاÙة مسحوبات شركاء', 186, '739869.00', '2026-03-24 04:31:26', 1, 'partnerwithdrawalController.php', 0, '', 0),
(895, '739869.00', '12600.00', 0, 1, 'تعديل شريك', 185, '752469.00', '2026-03-26 16:27:37', 1, 'partnerwithdrawalController.php', 0, '', 0),
(896, '752469.00', '11900.00', 1, 1, 'اضاÙة مسحوبات شركاء', 187, '740569.00', '2026-03-26 16:27:38', 1, 'partnerwithdrawalController.php', 0, '', 0),
(897, '740569.00', '50000.00', 0, 1, 'ايصال تحصيل (( قبض من عميل ))', 467, '790569.00', '2026-03-26 16:28:20', 1, 'clientPayedDeptController.php', 12, '', 0),
(898, '790569.00', '790.00', 1, 1, 'اضاÙة مسحوبات شركاء', 188, '789779.00', '2026-03-26 16:28:47', 1, 'partnerwithdrawalController.php', 0, '', 0),
(899, '789779.00', '10000.00', 0, 1, 'ايصال تحصيل (( قبض من عميل ))', 470, '799779.00', '2026-03-30 02:35:11', 1, 'clientPayedDeptController.php', 8, '', 0),
(900, '799779.00', '10000.00', 0, 1, 'ايصال تحصيل (( قبض من عميل ))', 471, '809779.00', '2026-03-30 02:35:53', 1, 'clientPayedDeptController.php', 13, '', 0),
(901, '809779.00', '2000.00', 1, 1, 'اضاÙة مسحوبات شركاء', 189, '807779.00', '2026-03-30 02:41:52', 1, 'partnerwithdrawalController.php', 0, '', 0),
(902, '807779.00', '56000.00', 1, 1, 'اضاÙة مسحوبات شركاء', 190, '751779.00', '2026-03-30 02:42:40', 1, 'partnerwithdrawalController.php', 0, '', 0),
(903, '751779.00', '24000.00', 0, 1, 'اضاÙة Ùاتورة مبيعات', 243, '775779.00', '2026-04-01 20:58:52', 1, 'sellbillController.php', 37, '', 0),
(904, '775779.00', '3000.00', 1, 1, 'اضاÙة مسحوبات شركاء', 191, '772779.00', '2026-04-01 21:45:51', 1, 'partnerwithdrawalController.php', 0, '', 0),
(905, '772779.00', '10000.00', 1, 1, 'اضاÙة مسحوبات شركاء', 192, '762779.00', '2026-04-01 21:46:26', 1, 'partnerwithdrawalController.php', 0, '', 0),
(906, '762779.00', '4550.00', 1, 1, 'اضاÙة مسحوبات شركاء', 193, '758229.00', '2026-04-02 00:37:04', 1, 'partnerwithdrawalController.php', 0, '', 0),
(907, '758229.00', '16140.00', 1, 1, 'اضاÙة مسحوبات شركاء', 194, '742089.00', '2026-04-02 00:41:06', 1, 'partnerwithdrawalController.php', 0, '', 0),
(908, '742089.00', '52500.00', 1, 1, 'اضاÙة مسحوبات شركاء', 195, '689589.00', '2026-04-02 00:42:12', 1, 'partnerwithdrawalController.php', 0, '', 0),
(909, '689589.00', '3000.00', 1, 1, 'إضاÙة مصروÙ', 264, '686589.00', '2026-04-02 00:56:06', 1, 'expensesController.php', 0, '', 0),
(910, '686589.00', '2500.00', 1, 1, 'اضاÙة مسحوبات شركاء', 196, '684089.00', '2026-04-02 01:00:22', 1, 'partnerwithdrawalController.php', 0, '', 0),
(911, '684089.00', '90000.00', 0, 1, 'ايصال تحصيل (( قبض من عميل ))', 476, '774089.00', '2026-04-02 05:14:29', 1, 'clientPayedDeptController.php', 35, '', 0),
(912, '774089.00', '100000.00', 0, 1, 'ايصال تحصيل (( قبض من عميل ))', 477, '874089.00', '2026-04-02 17:38:13', 1, 'clientPayedDeptController.php', 13, '', 0),
(913, '874089.00', '15000.00', 0, 1, 'ايصال تحصيل (( قبض من عميل ))', 478, '889089.00', '2026-04-02 17:39:15', 1, 'clientPayedDeptController.php', 16, '', 0),
(914, '889089.00', '30000.00', 0, 1, 'ايصال تحصيل (( قبض من عميل ))', 479, '919089.00', '2026-04-02 19:10:47', 1, 'clientPayedDeptController.php', 10, '', 0),
(915, '919089.00', '200000.00', 0, 1, 'ايصال تحصيل (( قبض من عميل ))', 480, '1119089.00', '2026-04-03 03:04:03', 1, 'clientPayedDeptController.php', 2, '', 0),
(916, '1119089.00', '2000.00', 1, 1, 'اضاÙة مسحوبات شركاء', 197, '1117089.00', '2026-04-03 22:18:04', 1, 'partnerwithdrawalController.php', 0, '', 0),
(917, '1117089.00', '110000.00', 1, 1, 'اضاÙة مسحوبات شركاء', 198, '1007089.00', '2026-04-03 22:18:52', 1, 'partnerwithdrawalController.php', 0, '', 0),
(918, '1007089.00', '50000.00', 0, 1, 'ايصال تحصيل (( قبض من عميل ))', 481, '1057089.00', '2026-04-05 00:29:37', 1, 'clientPayedDeptController.php', 20, '', 0),
(919, '1057089.00', '10000.00', 0, 1, 'ايصال تحصيل (( قبض من عميل ))', 482, '1067089.00', '2026-04-05 00:37:06', 1, 'clientPayedDeptController.php', 34, '', 0),
(920, '1067089.00', '500.00', 1, 1, 'إضاÙة مصروÙ', 265, '1066589.00', '2026-04-05 00:43:30', 1, 'expensesController.php', 0, '', 0),
(921, '1066589.00', '5000.00', 0, 1, 'ايصال تحصيل (( قبض من عميل ))', 483, '1071589.00', '2026-04-05 14:59:15', 1, 'clientPayedDeptController.php', 6, '', 0),
(922, '1071589.00', '10000.00', 0, 1, 'ايصال تحصيل (( قبض من عميل ))', 486, '1081589.00', '2026-04-07 04:41:40', 1, 'clientPayedDeptController.php', 20, '', 0),
(923, '1081589.00', '44000.00', 0, 1, 'ايصال تحصيل (( قبض من عميل ))', 487, '1125589.00', '2026-04-07 04:42:18', 1, 'clientPayedDeptController.php', 7, '', 0),
(924, '1125589.00', '6500.00', 0, 1, 'اضاÙة Ùاتورة مبيعات', 246, '1132089.00', '2026-04-07 04:44:45', 1, 'sellbillController.php', 38, '', 0),
(925, '1132089.00', '39000.00', 0, 1, 'ايصال تحصيل (( قبض من عميل ))', 490, '1171089.00', '2026-04-09 02:01:45', 1, 'clientPayedDeptController.php', 36, '', 0),
(926, '1171089.00', '10000.00', 0, 1, 'ايصال تحصيل (( قبض من عميل ))', 491, '1181089.00', '2026-04-09 02:02:30', 1, 'clientPayedDeptController.php', 11, '', 0),
(927, '1181089.00', '10000.00', 0, 1, 'ايصال تحصيل (( قبض من عميل ))', 492, '1191089.00', '2026-04-09 02:03:45', 1, 'clientPayedDeptController.php', 33, '', 0),
(928, '1191089.00', '190000.00', 0, 1, 'ايصال تحصيل (( قبض من عميل ))', 493, '1381089.00', '2026-04-10 03:22:42', 1, 'clientPayedDeptController.php', 2, '', 0),
(929, '1381089.00', '25000.00', 0, 1, 'ايصال تحصيل (( قبض من عميل ))', 494, '1406089.00', '2026-04-10 03:24:11', 1, 'clientPayedDeptController.php', 10, '', 0),
(930, '1406089.00', '4350.00', 0, 1, 'اضاÙة Ùاتورة مبيعات', 247, '1410439.00', '2026-04-11 14:53:26', 1, 'sellbillController.php', 1, '', 0),
(931, '1410439.00', '23000.00', 0, 1, 'ايصال تحصيل (( قبض من عميل ))', 496, '1433439.00', '2026-04-12 01:55:51', 1, 'clientPayedDeptController.php', 13, '', 0),
(932, '0.00', '0.00', 0, 2, 'تم اضاÙة  خزنة باسم   [ بنك بيت التمويل الكويتى شخصى ] ', 2, '0.00', '2026-04-12 02:07:16', 1, 'saveController.php', 0, '', 0),
(933, '1433439.00', '509000.00', 1, 1, 'تحويل اموال من الخزنة  [ الخزنة الرئيسية ] ', 1, '924439.00', '2026-04-12 02:07:42', 1, 'transfermoneyController.php', 0, '', 0),
(934, '0.00', '509000.00', 0, 2, 'تحويل اموال الى الخزنة  [ بنك بيت التمويل الكويتى شخصى ] ', 1, '509000.00', '2026-04-12 02:07:42', 1, 'transfermoneyController.php', 0, '', 0),
(935, '0.00', '0.00', 0, 3, 'تم اضاÙة  خزنة باسم   [ بنك بيت التمويل الكويتى شركه ] ', 3, '0.00', '2026-04-12 02:08:10', 1, 'saveController.php', 0, '', 0),
(936, '0.00', '0.00', 0, 4, 'تم اضاÙة  خزنة باسم   [ بنك مصر شخصى ] ', 4, '0.00', '2026-04-12 02:08:44', 1, 'saveController.php', 0, '', 0),
(937, '0.00', '0.00', 0, 5, 'تم اضاÙة  خزنة باسم   [ بنك مصر شركه ] ', 5, '0.00', '2026-04-12 02:09:08', 1, 'saveController.php', 0, '', 0),
(938, '0.00', '0.00', 0, 6, 'تم اضاÙة  خزنة باسم   [ بنك ابوظبى الاول شخصى ] ', 6, '0.00', '2026-04-12 02:09:46', 1, 'saveController.php', 0, '', 0),
(939, '0.00', '0.00', 0, 7, 'تم اضاÙة  خزنة باسم   [ بنك ابوظبى الاول شركه ] ', 7, '0.00', '2026-04-12 02:10:10', 1, 'saveController.php', 0, '', 0),
(940, '0.00', '0.00', 0, 8, 'تم اضاÙة  خزنة باسم   [ محÙظه كاش ] ', 8, '0.00', '2026-04-12 02:10:33', 1, 'saveController.php', 0, '', 0),
(941, '924439.00', '10000.00', 1, 1, 'تحويل اموال من الخزنة  [ الخزنة الرئيسية ] ', 2, '914439.00', '2026-04-12 02:11:17', 1, 'transfermoneyController.php', 0, '', 0),
(942, '0.00', '10000.00', 0, 3, 'تحويل اموال الى الخزنة  [ بنك بيت التمويل الكويتى شركه ] ', 2, '10000.00', '2026-04-12 02:11:17', 1, 'transfermoneyController.php', 0, '', 0),
(943, '914439.00', '250000.00', 1, 1, 'تحويل اموال من الخزنة  [ الخزنة الرئيسية ] ', 3, '664439.00', '2026-04-12 02:11:40', 1, 'transfermoneyController.php', 0, '', 0),
(944, '0.00', '250000.00', 0, 4, 'تحويل اموال الى الخزنة  [ بنك مصر شخصى ] ', 3, '250000.00', '2026-04-12 02:11:40', 1, 'transfermoneyController.php', 0, '', 0),
(945, '664439.00', '10000.00', 1, 1, 'تحويل اموال من الخزنة  [ الخزنة الرئيسية ] ', 4, '654439.00', '2026-04-12 02:12:01', 1, 'transfermoneyController.php', 0, '', 0),
(946, '0.00', '10000.00', 0, 5, 'تحويل اموال الى الخزنة  [ بنك مصر شركه ] ', 4, '10000.00', '2026-04-12 02:12:01', 1, 'transfermoneyController.php', 0, '', 0),
(947, '654439.00', '10000.00', 1, 1, 'تحويل اموال من الخزنة  [ الخزنة الرئيسية ] ', 5, '644439.00', '2026-04-12 02:12:24', 1, 'transfermoneyController.php', 0, '', 0),
(948, '0.00', '10000.00', 0, 7, 'تحويل اموال الى الخزنة  [ بنك ابوظبى الاول شركه ] ', 5, '10000.00', '2026-04-12 02:12:24', 1, 'transfermoneyController.php', 0, '', 0),
(949, '644439.00', '88500.00', 1, 1, 'تحويل اموال من الخزنة  [ الخزنة الرئيسية ] ', 6, '555939.00', '2026-04-12 02:13:16', 1, 'transfermoneyController.php', 0, '', 0),
(950, '0.00', '88500.00', 0, 8, 'تحويل اموال الى الخزنة  [ محÙظه كاش ] ', 6, '88500.00', '2026-04-12 02:13:16', 1, 'transfermoneyController.php', 0, '', 0),
(951, '555939.00', '503300.00', 1, 1, 'تحويل اموال من الخزنة  [ الخزنة الرئيسية ] ', 7, '52639.00', '2026-04-12 02:16:23', 1, 'transfermoneyController.php', 0, '', 0),
(952, '0.00', '503300.00', 0, 6, 'تحويل اموال الى الخزنة  [ بنك ابوظبى الاول شخصى ] ', 7, '503300.00', '2026-04-12 02:16:23', 1, 'transfermoneyController.php', 0, '', 0),
(953, '52639.00', '23040.00', 1, 1, 'اضاÙة مسحوبات شركاء', 199, '29599.00', '2026-04-12 02:19:14', 1, 'partnerwithdrawalController.php', 0, '', 0),
(954, '29599.00', '70000.00', 0, 1, 'اضاÙة Ùاتورة مبيعات', 250, '99599.00', '2026-04-12 22:55:00', 1, 'sellbillController.php', 15, '', 0),
(955, '503300.00', '143410.00', 1, 6, 'اضاÙة مسحوبات شركاء', 200, '359890.00', '2026-04-13 01:34:31', 1, 'partnerwithdrawalController.php', 0, '', 0),
(956, '99599.00', '70410.00', 1, 1, 'تحويل اموال من الخزنة  [ الخزنة الرئيسية ] ', 8, '29189.00', '2026-04-13 01:35:13', 1, 'transfermoneyController.php', 0, '', 0),
(957, '359890.00', '70410.00', 0, 6, 'تحويل اموال الى الخزنة  [ بنك ابوظبى الاول شخصى ] ', 8, '430300.00', '2026-04-13 01:35:13', 1, 'transfermoneyController.php', 0, '', 0),
(958, '29189.00', '1050.00', 1, 1, 'إضاÙة مصروÙ', 266, '28139.00', '2026-04-13 01:35:43', 1, 'expensesController.php', 0, '', 0),
(959, '28139.00', '1470.00', 1, 1, 'إضاÙة مصروÙ', 267, '26669.00', '2026-04-13 01:36:31', 1, 'expensesController.php', 0, '', 0),
(960, '26669.00', '200.00', 1, 1, 'إضاÙة مصروÙ', 268, '26469.00', '2026-04-13 01:37:12', 1, 'expensesController.php', 0, '', 0),
(961, '26469.00', '4500.00', 1, 1, 'اضاÙة مسحوبات شركاء', 201, '21969.00', '2026-04-13 20:18:51', 1, 'partnerwithdrawalController.php', 0, '', 0),
(962, '430300.00', '50000.00', 0, 6, 'ايصال تحصيل (( قبض من عميل ))', 501, '480300.00', '2026-04-14 18:53:09', 1, 'clientPayedDeptController.php', 35, '', 0),
(963, '250000.00', '78000.00', 1, 4, 'تحويل اموال من الخزنة  [ بنك مصر شخصى ] ', 9, '172000.00', '2026-04-14 19:04:41', 1, 'transfermoneyController.php', 0, '', 0),
(964, '480300.00', '78000.00', 0, 6, 'تحويل اموال الى الخزنة  [ بنك ابوظبى الاول شخصى ] ', 9, '558300.00', '2026-04-14 19:04:41', 1, 'transfermoneyController.php', 0, '', 0),
(965, '558300.00', '254575.00', 1, 6, 'اضاÙة مسحوبات شركاء', 202, '303725.00', '2026-04-14 19:09:18', 1, 'partnerwithdrawalController.php', 0, '', 0),
(966, '303725.00', '16035.00', 1, 6, 'اضاÙة مسحوبات شركاء', 203, '287690.00', '2026-04-15 02:08:24', 1, 'partnerwithdrawalController.php', 0, '', 0),
(967, '21969.00', '52500.00', 0, 1, 'ايصال تحصيل (( قبض من عميل ))', 502, '74469.00', '2026-04-15 02:18:52', 1, 'clientPayedDeptController.php', 15, '', 0),
(968, '88500.00', '30000.00', 0, 8, 'ايصال تحصيل (( قبض من عميل ))', 503, '118500.00', '2026-04-15 02:19:44', 1, 'clientPayedDeptController.php', 12, '', 0),
(969, '74469.00', '2500.00', 1, 1, 'إضاÙة مصروÙ', 269, '71969.00', '2026-04-15 02:21:30', 1, 'expensesController.php', 0, '', 0),
(970, '509000.00', '250000.00', 1, 2, 'تحويل اموال من الخزنة  [ بنك بيت التمويل الكويتى شخصى ] ', 10, '259000.00', '2026-04-15 02:22:05', 1, 'transfermoneyController.php', 0, '', 0),
(971, '287690.00', '250000.00', 0, 6, 'تحويل اموال الى الخزنة  [ بنك ابوظبى الاول شخصى ] ', 10, '537690.00', '2026-04-15 02:22:05', 1, 'transfermoneyController.php', 0, '', 0),
(972, '71969.00', '26500.00', 1, 1, 'تحويل اموال من الخزنة  [ الخزنة الرئيسية ] ', 11, '45469.00', '2026-04-15 02:25:01', 1, 'transfermoneyController.php', 0, '', 0),
(973, '118500.00', '26500.00', 0, 8, 'تحويل اموال الى الخزنة  [ محÙظه كاش ] ', 11, '145000.00', '2026-04-15 02:25:01', 1, 'transfermoneyController.php', 0, '', 0),
(974, '537690.00', '537690.00', 1, 6, 'تحويل اموال من الخزنة  [ بنك ابوظبى الاول شخصى ] ', 12, '0.00', '2026-04-15 02:29:21', 1, 'transfermoneyController.php', 0, '', 0),
(975, '45469.00', '537690.00', 0, 1, 'تحويل اموال الى الخزنة  [ الخزنة الرئيسية ] ', 12, '583159.00', '2026-04-15 02:29:21', 1, 'transfermoneyController.php', 0, '', 0),
(976, '259000.00', '259000.00', 1, 2, 'تحويل اموال من الخزنة  [ بنك بيت التمويل الكويتى شخصى ] ', 13, '0.00', '2026-04-15 02:29:41', 1, 'transfermoneyController.php', 0, '', 0),
(977, '583159.00', '259000.00', 0, 1, 'تحويل اموال الى الخزنة  [ الخزنة الرئيسية ] ', 13, '842159.00', '2026-04-15 02:29:41', 1, 'transfermoneyController.php', 0, '', 0),
(978, '172000.00', '172000.00', 1, 4, 'تحويل اموال من الخزنة  [ بنك مصر شخصى ] ', 14, '0.00', '2026-04-15 02:30:07', 1, 'transfermoneyController.php', 0, '', 0),
(979, '842159.00', '172000.00', 0, 1, 'تحويل اموال الى الخزنة  [ الخزنة الرئيسية ] ', 14, '1014159.00', '2026-04-15 02:30:08', 1, 'transfermoneyController.php', 0, '', 0),
(980, '145000.00', '145000.00', 1, 8, 'تحويل اموال من الخزنة  [ محÙظه كاش ] ', 15, '0.00', '2026-04-15 02:30:36', 1, 'transfermoneyController.php', 0, '', 0),
(981, '1014159.00', '145000.00', 0, 1, 'تحويل اموال الى الخزنة  [ الخزنة الرئيسية ] ', 15, '1159159.00', '2026-04-15 02:30:36', 1, 'transfermoneyController.php', 0, '', 0),
(982, '10000.00', '10000.00', 1, 5, 'تحويل اموال من الخزنة  [ بنك مصر شركه ] ', 16, '0.00', '2026-04-15 02:30:57', 1, 'transfermoneyController.php', 0, '', 0),
(983, '1159159.00', '10000.00', 0, 1, 'تحويل اموال الى الخزنة  [ الخزنة الرئيسية ] ', 16, '1169159.00', '2026-04-15 02:30:57', 1, 'transfermoneyController.php', 0, '', 0),
(984, '10000.00', '10000.00', 1, 3, 'تحويل اموال من الخزنة  [ بنك بيت التمويل الكويتى شركه ] ', 17, '0.00', '2026-04-15 02:31:14', 1, 'transfermoneyController.php', 0, '', 0),
(985, '1169159.00', '10000.00', 0, 1, 'تحويل اموال الى الخزنة  [ الخزنة الرئيسية ] ', 17, '1179159.00', '2026-04-15 02:31:14', 1, 'transfermoneyController.php', 0, '', 0),
(986, '10000.00', '10000.00', 1, 7, 'تحويل اموال من الخزنة  [ بنك ابوظبى الاول شركه ] ', 18, '0.00', '2026-04-15 02:31:32', 1, 'transfermoneyController.php', 0, '', 0),
(987, '1179159.00', '10000.00', 0, 1, 'تحويل اموال الى الخزنة  [ الخزنة الرئيسية ] ', 18, '1189159.00', '2026-04-15 02:31:32', 1, 'transfermoneyController.php', 0, '', 0),
(988, '1189159.00', '10000.00', 0, 1, 'اضاÙة Ùاتورة مبيعات', 252, '1199159.00', '2026-04-15 02:39:30', 1, 'sellbillController.php', 1, '', 0),
(989, '1199159.00', '11000.00', 0, 1, 'ايصال تحصيل (( قبض من عميل ))', 505, '1210159.00', '2026-04-15 02:48:21', 1, 'clientPayedDeptController.php', 21, '', 0),
(990, '1210159.00', '30000.00', 0, 1, 'اضاÙة Ùاتورة مبيعات', 253, '1240159.00', '2026-04-16 01:08:09', 1, 'sellbillController.php', 9, '', 0),
(991, '1240159.00', '26700.00', 0, 1, 'اضاÙة Ùاتورة مبيعات (معدله)', 258, '1266859.00', '2026-04-17 00:30:14', 1, 'sellbillController.php', 13, '', 0),
(992, '1266859.00', '80000.00', 0, 1, 'ايصال تحصيل (( قبض من عميل ))', 515, '1346859.00', '2026-04-17 00:31:44', 1, 'clientPayedDeptController.php', 7, '', 0),
(993, '1346859.00', '20000.00', 0, 1, 'ايصال تحصيل (( قبض من عميل ))', 516, '1366859.00', '2026-04-17 00:32:18', 1, 'clientPayedDeptController.php', 15, '', 0),
(994, '1366859.00', '200000.00', 0, 1, 'ايصال تحصيل (( قبض من عميل ))', 517, '1566859.00', '2026-04-17 00:32:43', 1, 'clientPayedDeptController.php', 2, '', 0),
(995, '1566859.00', '975.00', 1, 1, 'إضاÙة مصروÙ', 270, '1565884.00', '2026-04-17 00:36:08', 1, 'expensesController.php', 0, '', 0),
(996, '1565884.00', '10000.00', 1, 1, 'اضاÙة مسحوبات شركاء', 204, '1555884.00', '2026-04-17 19:03:19', 1, 'partnerwithdrawalController.php', 0, '', 0),
(997, '1555884.00', '200.00', 1, 1, 'إضاÙة مصروÙ', 271, '1555684.00', '2026-04-17 19:04:01', 1, 'expensesController.php', 0, '', 0),
(998, '1555684.00', '139300.00', 0, 1, 'اضاÙة Ùاتورة مبيعات', 260, '1694984.00', '2026-04-19 21:43:35', 1, 'sellbillController.php', 18, '', 0),
(999, '1694984.00', '55400.00', 0, 1, 'اضاÙة Ùاتورة مبيعات', 261, '1750384.00', '2026-04-19 21:47:06', 1, 'sellbillController.php', 19, '', 0),
(1000, '1750384.00', '2450.00', 0, 1, 'ايصال تحصيل (( قبض من عميل ))', 521, '1752834.00', '2026-04-19 21:49:04', 1, 'clientPayedDeptController.php', 6, '', 0),
(1001, '1752834.00', '25000.00', 0, 1, 'ايصال تحصيل (( قبض من عميل ))', 522, '1777834.00', '2026-04-19 21:49:26', 1, 'clientPayedDeptController.php', 20, '', 0),
(1002, '1777834.00', '35000.00', 0, 1, 'ايصال تحصيل (( قبض من عميل ))', 524, '1812834.00', '2026-04-20 03:02:56', 1, 'clientPayedDeptController.php', 8, '', 0),
(1003, '1812834.00', '1400.00', 1, 1, 'اضاÙة مسحوبات شركاء', 205, '1811434.00', '2026-04-20 23:31:40', 1, 'partnerwithdrawalController.php', 0, '', 0),
(1004, '1811434.00', '35000.00', 0, 1, 'ايصال تحصيل (( قبض من عميل ))', 525, '1846434.00', '2026-04-20 23:41:15', 1, 'clientPayedDeptController.php', 36, '', 0),
(1005, '1846434.00', '28000.00', 1, 1, 'اضاÙة مسحوبات شركاء', 206, '1818434.00', '2026-04-21 03:04:20', 1, 'partnerwithdrawalController.php', 0, '', 0),
(1006, '1818434.00', '325.00', 1, 1, 'اضاÙة مسحوبات شركاء', 207, '1818109.00', '2026-04-21 03:04:56', 1, 'partnerwithdrawalController.php', 0, '', 0),
(1007, '1818109.00', '300.00', 1, 1, 'إضاÙة مصروÙ', 272, '1817809.00', '2026-04-21 03:05:43', 1, 'expensesController.php', 0, '', 0),
(1008, '1817809.00', '68000.00', 1, 1, 'إضاÙة مصروÙ', 273, '1749809.00', '2026-04-21 03:06:13', 1, 'expensesController.php', 0, '', 0),
(1009, '1749809.00', '400.00', 1, 1, 'إضاÙة مصروÙ', 274, '1749409.00', '2026-04-21 03:06:53', 1, 'expensesController.php', 0, '', 0),
(1010, '1749409.00', '28250.00', 0, 1, 'ايصال تحصيل (( قبض من عميل ))', 526, '1777659.00', '2026-04-21 17:03:52', 1, 'clientPayedDeptController.php', 36, '', 0),
(1011, '1777659.00', '10000.00', 0, 1, 'ايصال تحصيل (( قبض من عميل ))', 527, '1787659.00', '2026-04-23 01:40:21', 1, 'clientPayedDeptController.php', 16, '', 0),
(1012, '1787659.00', '4413.00', 1, 1, 'اضاÙة مسحوبات شركاء', 208, '1783246.00', '2026-04-23 01:52:04', 1, 'partnerwithdrawalController.php', 0, '', 0),
(1013, '1783246.00', '138.00', 1, 1, 'اضاÙة مسحوبات شركاء', 209, '1783108.00', '2026-04-23 01:54:01', 1, 'partnerwithdrawalController.php', 0, '', 0),
(1014, '1783108.00', '200000.00', 0, 1, 'ايصال تحصيل (( قبض من عميل ))', 530, '1983108.00', '2026-04-24 22:45:50', 1, 'clientPayedDeptController.php', 2, '', 0),
(1015, '1983108.00', '34800.00', 0, 1, 'اضاÙة Ùاتورة مبيعات', 265, '2017908.00', '2026-04-24 22:48:19', 1, 'sellbillController.php', 30, '', 0),
(1016, '2017908.00', '69970.00', 1, 1, 'اضاÙة مسحوبات شركاء', 210, '1947938.00', '2026-04-24 22:49:38', 1, 'partnerwithdrawalController.php', 0, '', 0),
(1017, '1947938.00', '28100.00', 1, 1, 'اضاÙة مسحوبات شركاء', 211, '1919838.00', '2026-04-24 22:52:10', 1, 'partnerwithdrawalController.php', 0, '', 0),
(1018, '1919838.00', '170.00', 1, 1, 'اضاÙة مسحوبات شركاء', 212, '1919668.00', '2026-04-24 22:52:42', 1, 'partnerwithdrawalController.php', 0, '', 0),
(1019, '1919668.00', '20000.00', 1, 1, 'اضاÙة مسحوبات شركاء', 213, '1899668.00', '2026-04-24 22:54:28', 1, 'partnerwithdrawalController.php', 0, '', 0),
(1020, '1899668.00', '400.00', 0, 1, 'حذÙ مصروÙ', 274, '1900068.00', '2026-04-24 22:55:23', 1, 'expensesController.php', 0, '', 0),
(1021, '1900068.00', '1000.00', 1, 1, 'إضاÙة مصروÙ', 275, '1899068.00', '2026-04-24 22:55:52', 1, 'expensesController.php', 0, '', 0),
(1022, '1899068.00', '50000.00', 1, 1, 'اضاÙة مسحوبات شركاء', 214, '1849068.00', '2026-04-26 23:44:33', 1, 'partnerwithdrawalController.php', 0, '', 0),
(1023, '1849068.00', '50000.00', 0, 1, 'ايصال تحصيل (( قبض من عميل ))', 532, '1899068.00', '2026-04-26 23:45:29', 1, 'clientPayedDeptController.php', 15, '', 0),
(1024, '1899068.00', '177600.00', 0, 1, 'اضاÙة Ùاتورة مبيعات', 266, '2076668.00', '2026-04-26 23:47:23', 1, 'sellbillController.php', 18, '', 0),
(1025, '2076668.00', '400.00', 1, 1, 'إضاÙة مصروÙ', 276, '2076268.00', '2026-04-26 23:47:58', 1, 'expensesController.php', 0, '', 0),
(1026, '2076268.00', '800.00', 1, 1, 'إضاÙة مصروÙ', 277, '2075468.00', '2026-04-26 23:48:20', 1, 'expensesController.php', 0, '', 0),
(1027, '2075468.00', '41000.00', 0, 1, 'اضاÙة Ùاتورة مبيعات', 267, '2116468.00', '2026-04-27 01:15:38', 1, 'sellbillController.php', 39, '', 0),
(1028, '2116468.00', '28000.00', 0, 1, 'حذÙ مسحوبات شركاء', 206, '2144468.00', '2026-04-27 01:22:27', 1, 'partnerwithdrawalController.php', 0, '', 0),
(1029, '2144468.00', '13950.00', 1, 1, 'اضاÙة مسحوبات شركاء', 215, '2130518.00', '2026-04-27 01:24:20', 1, 'partnerwithdrawalController.php', 0, '', 0),
(1030, '2130518.00', '16800.00', 0, 1, 'اضاÙة Ùاتورة مبيعات', 271, '2147318.00', '2026-04-28 12:39:14', 1, 'sellbillController.php', 30, '', 0),
(1031, '2147318.00', '69000.00', 0, 1, 'اضاÙة Ùاتورة مبيعات', 272, '2216318.00', '2026-04-28 12:40:27', 1, 'sellbillController.php', 7, '', 0),
(1032, '2216318.00', '22150.00', 0, 1, 'ايصال تحصيل (( قبض من عميل ))', 542, '2238468.00', '2026-04-28 12:42:27', 1, 'clientPayedDeptController.php', 13, '', 0),
(1033, '2238468.00', '14400.00', 0, 1, 'ايصال تحصيل (( قبض من عميل ))', 543, '2252868.00', '2026-04-28 12:43:25', 1, 'clientPayedDeptController.php', 27, '', 0),
(1034, '2252868.00', '2800.00', 0, 1, 'اضاÙة Ùاتورة مبيعات', 274, '2255668.00', '2026-04-29 00:48:55', 1, 'sellbillController.php', 6, '', 0),
(1035, '2255668.00', '950.00', 1, 1, 'إضاÙة مصروÙ', 278, '2254718.00', '2026-04-29 00:49:37', 1, 'expensesController.php', 0, '', 0),
(1036, '2254718.00', '100.00', 1, 1, 'إضاÙة مصروÙ', 279, '2254618.00', '2026-04-29 00:50:12', 1, 'expensesController.php', 0, '', 0),
(1037, '2254618.00', '50000.00', 0, 1, 'ايصال تحصيل (( قبض من عميل ))', 545, '2304618.00', '2026-04-30 04:18:51', 1, 'clientPayedDeptController.php', 36, '', 0),
(1038, '2304618.00', '9100.00', 0, 1, 'ايصال تحصيل (( قبض من عميل ))', 546, '2313718.00', '2026-04-30 04:19:25', 1, 'clientPayedDeptController.php', 33, '', 0),
(1039, '2313718.00', '100000.00', 0, 1, 'ايصال تحصيل (( قبض من عميل ))', 547, '2413718.00', '2026-05-02 16:29:03', 1, 'clientPayedDeptController.php', 2, '', 0),
(1040, '2413718.00', '40000.00', 0, 1, 'ايصال تحصيل (( قبض من عميل ))', 548, '2453718.00', '2026-05-02 16:32:06', 1, 'clientPayedDeptController.php', 19, '', 0),
(1041, '2453718.00', '995.00', 1, 1, 'إضاÙة مصروÙ', 280, '2452723.00', '2026-05-02 16:32:35', 1, 'expensesController.php', 0, '', 0),
(1042, '2452723.00', '8340.00', 1, 1, 'اضاÙة مسحوبات شركاء', 216, '2444383.00', '2026-05-02 16:33:54', 1, 'partnerwithdrawalController.php', 0, '', 0),
(1043, '2444383.00', '35300.00', 0, 1, 'ايصال تحصيل (( قبض من عميل ))', 549, '2479683.00', '2026-05-02 16:48:18', 1, 'clientPayedDeptController.php', 8, '', 0),
(1044, '2479683.00', '10000.00', 0, 1, 'ايصال تحصيل (( قبض من عميل ))', 550, '2489683.00', '2026-05-04 00:40:41', 1, 'clientPayedDeptController.php', 34, '', 0),
(1045, '2489683.00', '6000.00', 1, 1, 'اضاÙة مسحوبات شركاء', 217, '2483683.00', '2026-05-04 00:41:30', 1, 'partnerwithdrawalController.php', 0, '', 0),
(1046, '2483683.00', '20000.00', 1, 1, 'اضاÙة مسحوبات شركاء', 218, '2463683.00', '2026-05-04 00:42:06', 1, 'partnerwithdrawalController.php', 0, '', 0),
(1047, '2463683.00', '100.00', 1, 1, 'اضاÙة مسحوبات شركاء', 219, '2463583.00', '2026-05-04 00:42:43', 1, 'partnerwithdrawalController.php', 0, '', 0),
(1048, '2463583.00', '50000.00', 0, 1, 'ايصال تحصيل (( قبض من عميل ))', 551, '2513583.00', '2026-05-04 00:44:39', 1, 'clientPayedDeptController.php', 15, '', 0),
(1049, '2513583.00', '32500.00', 0, 1, 'ايصال تحصيل (( قبض من عميل ))', 552, '2546083.00', '2026-05-04 15:53:44', 1, 'clientPayedDeptController.php', 10, '', 0),
(1050, '2546083.00', '86400.00', 0, 1, 'ايصال تحصيل (( قبض من عميل ))', 553, '2632483.00', '2026-05-04 15:54:18', 1, 'clientPayedDeptController.php', 20, '', 0),
(1051, '2632483.00', '7500.00', 0, 1, 'ايصال تحصيل (( قبض من عميل ))', 555, '2639983.00', '2026-05-04 16:01:16', 1, 'clientPayedDeptController.php', 3, '', 0),
(1052, '2639983.00', '28900.00', 0, 1, 'ايصال تحصيل (( قبض من عميل ))', 556, '2668883.00', '2026-05-05 14:33:07', 1, 'clientPayedDeptController.php', 8, '', 0),
(1053, '2668883.00', '30000.00', 0, 1, 'ايصال تحصيل (( قبض من عميل ))', 560, '2698883.00', '2026-05-06 01:51:55', 1, 'clientPayedDeptController.php', 7, '', 0),
(1054, '2698883.00', '1800.00', 0, 1, 'اضاÙة Ùاتورة مبيعات', 280, '2700683.00', '2026-05-06 01:53:41', 1, 'sellbillController.php', 13, '', 0);
INSERT INTO `savedaily` (`savedailyid`, `savedailysavebefore`, `savedailychangeamount`, `savedailychangetype`, `saveid`, `processname`, `savedailymodelid`, `savedailysaveafter`, `savedailydate`, `userid`, `tablename`, `clientid`, `note`, `clientdebtchangeidfk`) VALUES
(1055, '2700683.00', '17700.00', 0, 1, 'اضاÙة Ùاتورة مبيعات', 281, '2718383.00', '2026-05-06 01:54:51', 1, 'sellbillController.php', 27, '', 0),
(1056, '2718383.00', '430.00', 1, 1, 'اضاÙة مسحوبات شركاء', 220, '2717953.00', '2026-05-07 13:46:32', 1, 'partnerwithdrawalController.php', 0, '', 0),
(1057, '2717953.00', '6000.00', 1, 1, 'اضاÙة مسحوبات شركاء', 221, '2711953.00', '2026-05-07 13:47:43', 1, 'partnerwithdrawalController.php', 0, '', 0),
(1058, '2711953.00', '2000.00', 1, 1, 'اضاÙة مسحوبات شركاء', 222, '2709953.00', '2026-05-07 13:48:38', 1, 'partnerwithdrawalController.php', 0, '', 0),
(1059, '2709953.00', '2500.00', 1, 1, 'اضاÙة مسحوبات شركاء', 223, '2707453.00', '2026-05-07 13:49:15', 1, 'partnerwithdrawalController.php', 0, '', 0),
(1060, '2707453.00', '4540.00', 1, 1, 'اضاÙة مسحوبات شركاء', 224, '2702913.00', '2026-05-07 13:50:53', 1, 'partnerwithdrawalController.php', 0, '', 0),
(1061, '2702913.00', '50000.00', 0, 1, 'ايصال تحصيل (( قبض من عميل ))', 564, '2752913.00', '2026-05-07 13:51:53', 1, 'clientPayedDeptController.php', 35, '', 0),
(1062, '2752913.00', '75000.00', 0, 1, 'ايصال تحصيل (( قبض من عميل ))', 565, '2827913.00', '2026-05-07 13:52:35', 1, 'clientPayedDeptController.php', 36, '', 0),
(1063, '2827913.00', '50000.00', 0, 1, 'ايصال تحصيل (( قبض من عميل ))', 566, '2877913.00', '2026-05-07 13:53:51', 1, 'clientPayedDeptController.php', 12, '', 0),
(1064, '2877913.00', '8000.00', 0, 1, 'ايصال تحصيل (( قبض من عميل ))', 567, '2885913.00', '2026-05-07 13:56:06', 1, 'clientPayedDeptController.php', 33, '', 0),
(1065, '2885913.00', '2000.00', 1, 1, 'اضاÙة مسحوبات شركاء', 225, '2883913.00', '2026-05-09 02:57:50', 1, 'partnerwithdrawalController.php', 0, '', 0),
(1066, '2883913.00', '95000.00', 0, 1, 'ايصال تحصيل (( قبض من عميل ))', 568, '2978913.00', '2026-05-09 02:58:40', 1, 'clientPayedDeptController.php', 2, '', 0),
(1067, '2978913.00', '28000.00', 0, 1, 'ايصال تحصيل (( قبض من عميل ))', 569, '3006913.00', '2026-05-09 03:27:38', 1, 'clientPayedDeptController.php', 8, '', 0),
(1068, '3006913.00', '15000.00', 0, 1, 'ايصال تحصيل (( قبض من عميل ))', 570, '3021913.00', '2026-05-09 03:41:04', 1, 'clientPayedDeptController.php', 4, '', 0),
(1069, '3021913.00', '40000.00', 0, 1, 'ايصال تحصيل (( قبض من عميل ))', 572, '3061913.00', '2026-05-09 22:08:38', 1, 'clientPayedDeptController.php', 15, '', 0),
(1070, '3061913.00', '1050.00', 1, 1, 'إضاÙة مصروÙ', 281, '3060863.00', '2026-05-11 01:24:06', 1, 'expensesController.php', 0, '', 0),
(1071, '3060863.00', '400.00', 1, 1, 'اضاÙة مسحوبات شركاء', 226, '3060463.00', '2026-05-11 01:24:36', 1, 'partnerwithdrawalController.php', 0, '', 0),
(1072, '3060463.00', '94700.00', 0, 1, 'اضاÙة Ùاتورة مبيعات', 283, '3155163.00', '2026-05-12 03:37:14', 1, 'sellbillController.php', 40, '', 0),
(1073, '3155163.00', '68000.00', 0, 1, 'حذÙ مصروÙ', 273, '3223163.00', '2026-05-12 03:49:15', 1, 'expensesController.php', 0, '', 0),
(1074, '3223163.00', '145000.00', 0, 1, 'ايصال تحصيل (( قبض من عميل ))', 579, '3368163.00', '2026-05-13 19:27:08', 1, 'clientPayedDeptController.php', 18, '', 0),
(1075, '3368163.00', '54000.00', 0, 1, 'ايصال تحصيل (( قبض من عميل ))', 582, '3422163.00', '2026-05-13 19:30:15', 1, 'clientPayedDeptController.php', 39, '', 0),
(1076, '3422163.00', '2300.00', 1, 1, 'اضاÙة مسحوبات شركاء', 227, '3419863.00', '2026-05-14 04:32:33', 1, 'partnerwithdrawalController.php', 0, '', 0),
(1077, '3419863.00', '450.00', 1, 1, 'إضاÙة مصروÙ', 282, '3419413.00', '2026-05-14 04:34:02', 1, 'expensesController.php', 0, '', 0),
(1078, '3419413.00', '4200.00', 1, 1, 'اضاÙة مسحوبات شركاء', 228, '3415213.00', '2026-05-14 04:38:20', 1, 'partnerwithdrawalController.php', 0, '', 0),
(1079, '3415213.00', '500.00', 1, 1, 'اضاÙة مسحوبات شركاء', 229, '3414713.00', '2026-05-14 04:38:49', 1, 'partnerwithdrawalController.php', 0, '', 0),
(1080, '3414713.00', '61000.00', 0, 1, 'ايصال تحصيل (( قبض من عميل ))', 585, '3475713.00', '2026-05-15 03:31:55', 1, 'clientPayedDeptController.php', 36, '', 0),
(1081, '3475713.00', '7000.00', 0, 1, 'ايصال تحصيل (( قبض من عميل ))', 586, '3482713.00', '2026-05-15 03:33:41', 1, 'clientPayedDeptController.php', 4, '', 0),
(1082, '3482713.00', '100000.00', 0, 1, 'ايصال تحصيل (( قبض من عميل ))', 587, '3582713.00', '2026-05-16 04:06:38', 1, 'clientPayedDeptController.php', 2, '', 0),
(1083, '3582713.00', '12000.00', 0, 1, 'ايصال تحصيل (( قبض من عميل ))', 588, '3594713.00', '2026-05-16 04:07:55', 1, 'clientPayedDeptController.php', 36, '', 0),
(1084, '3594713.00', '33250.00', 1, 1, 'اضاÙة مسحوبات شركاء', 230, '3561463.00', '2026-05-17 04:30:13', 1, 'partnerwithdrawalController.php', 0, '', 0),
(1085, '3561463.00', '690000.00', 1, 1, 'اضاÙة Ùاتورة مشتريات', 1, '2871463.00', '2026-05-17 04:33:40', 1, 'buyBillController.php', 0, '', 0),
(1086, '2871463.00', '11500.00', 0, 1, 'ايصال تحصيل (( قبض من عميل ))', 589, '2882963.00', '2026-05-17 04:42:06', 1, 'clientPayedDeptController.php', 8, '', 0),
(1087, '2882963.00', '5000.00', 0, 1, 'ايصال تحصيل (( قبض من عميل ))', 590, '2887963.00', '2026-05-17 17:31:43', 1, 'clientPayedDeptController.php', 34, '', 0),
(1088, '2887963.00', '5900.00', 0, 1, 'ايصال تحصيل (( قبض من عميل ))', 591, '2893863.00', '2026-05-17 17:32:48', 1, 'clientPayedDeptController.php', 6, '', 0),
(1089, '2893863.00', '36200.00', 1, 1, 'اضاÙة مسحوبات شركاء', 231, '2857663.00', '2026-05-19 10:01:48', 1, 'partnerwithdrawalController.php', 0, '', 0),
(1090, '2857663.00', '300.00', 1, 1, 'إضاÙة مصروÙ', 283, '2857363.00', '2026-05-19 10:02:19', 1, 'expensesController.php', 0, '', 0),
(1091, '2857363.00', '1010.00', 1, 1, 'إضاÙة مصروÙ', 284, '2856353.00', '2026-05-19 10:02:59', 1, 'expensesController.php', 0, '', 0),
(1092, '2856353.00', '840.00', 1, 1, 'إضاÙة مصروÙ', 285, '2855513.00', '2026-05-19 10:03:25', 1, 'expensesController.php', 0, '', 0),
(1093, '2855513.00', '17200.00', 0, 1, 'اضاÙة Ùاتورة مبيعات', 292, '2872713.00', '2026-05-19 10:06:39', 1, 'sellbillController.php', 1, '', 0),
(1094, '2872713.00', '26550.00', 0, 1, 'اضاÙة Ùاتورة مبيعات', 293, '2899263.00', '2026-05-19 10:08:55', 1, 'sellbillController.php', 30, '', 0),
(1095, '2899263.00', '110000.00', 0, 1, 'ايصال تحصيل (( قبض من عميل ))', 596, '3009263.00', '2026-05-19 10:09:30', 1, 'clientPayedDeptController.php', 7, '', 0),
(1096, '3009263.00', '46500.00', 0, 1, 'اضاÙة Ùاتورة مبيعات', 294, '3055763.00', '2026-05-19 10:13:00', 1, 'sellbillController.php', 41, '', 0),
(1097, '3055763.00', '46500.00', 0, 1, 'اضاÙة Ùاتورة مبيعات', 295, '3102263.00', '2026-05-19 10:13:53', 1, 'sellbillController.php', 42, '', 0),
(1098, '3102263.00', '4850.00', 0, 1, 'ايصال تحصيل (( قبض من عميل ))', 601, '3107113.00', '2026-05-20 11:18:44', 1, 'clientPayedDeptController.php', 16, '', 0),
(1099, '3107113.00', '40000.00', 0, 1, 'اضاÙة Ùاتورة مبيعات', 296, '3147113.00', '2026-05-20 11:20:25', 1, 'sellbillController.php', 16, '', 0),
(1100, '3147113.00', '10000.00', 0, 1, 'ايصال تحصيل (( قبض من عميل ))', 603, '3157113.00', '2026-05-20 11:21:03', 1, 'clientPayedDeptController.php', 9, '', 0),
(1101, '3157113.00', '30000.00', 0, 1, 'ايصال تحصيل (( قبض من عميل ))', 606, '3187113.00', '2026-05-20 11:43:05', 1, 'clientPayedDeptController.php', 19, '', 0),
(1102, '3187113.00', '2500.00', 1, 1, 'إضاÙة مصروÙ', 286, '3184613.00', '2026-05-23 04:00:50', 1, 'expensesController.php', 0, '', 0),
(1103, '3184613.00', '3000.00', 1, 1, 'إضاÙة مصروÙ', 287, '3181613.00', '2026-05-23 04:01:31', 1, 'expensesController.php', 0, '', 0),
(1104, '3181613.00', '100.00', 1, 1, 'إضاÙة مصروÙ', 288, '3181513.00', '2026-05-23 04:01:57', 1, 'expensesController.php', 0, '', 0),
(1105, '3181513.00', '20000.00', 0, 1, 'ايصال تحصيل (( قبض من عميل ))', 611, '3201513.00', '2026-05-23 04:02:42', 1, 'clientPayedDeptController.php', 10, '', 0),
(1106, '3201513.00', '100000.00', 0, 1, 'ايصال تحصيل (( قبض من عميل ))', 612, '3301513.00', '2026-05-23 04:03:23', 1, 'clientPayedDeptController.php', 35, '', 0),
(1107, '3301513.00', '100000.00', 0, 1, 'ايصال تحصيل (( قبض من عميل ))', 613, '3401513.00', '2026-05-23 04:04:05', 1, 'clientPayedDeptController.php', 2, '', 0),
(1108, '3401513.00', '5000.00', 0, 1, 'ايصال تحصيل (( قبض من عميل ))', 614, '3406513.00', '2026-05-23 04:04:53', 1, 'clientPayedDeptController.php', 34, '', 0),
(1109, '3406513.00', '12200.00', 1, 1, 'اضاÙة مسحوبات شركاء', 232, '3394313.00', '2026-05-23 04:12:27', 1, 'partnerwithdrawalController.php', 0, '', 0),
(1110, '3394313.00', '40000.00', 1, 1, 'اضاÙة مسحوبات شركاء', 233, '3354313.00', '2026-05-23 04:13:34', 1, 'partnerwithdrawalController.php', 0, '', 0),
(1111, '3354313.00', '7020.00', 1, 1, 'اضاÙة مسحوبات شركاء', 234, '3347293.00', '2026-05-23 04:16:37', 1, 'partnerwithdrawalController.php', 0, '', 0),
(1112, '3347293.00', '500.00', 1, 1, 'إضاÙة مصروÙ', 289, '3346793.00', '2026-05-23 04:21:15', 1, 'expensesController.php', 0, '', 0),
(1113, '3346793.00', '106000.00', 0, 1, 'ايصال تحصيل (( قبض من عميل ))', 616, '3452793.00', '2026-05-24 02:32:03', 1, 'clientPayedDeptController.php', 15, '', 0),
(1114, '3452793.00', '37600.00', 0, 1, 'ايصال تحصيل (( قبض من عميل ))', 619, '3490393.00', '2026-05-25 03:09:46', 1, 'clientPayedDeptController.php', 19, '', 0),
(1115, '3490393.00', '50000.00', 0, 1, 'ايصال تحصيل (( قبض من عميل ))', 620, '3540393.00', '2026-05-25 03:10:22', 1, 'clientPayedDeptController.php', 12, '', 0),
(1116, '3540393.00', '5350.00', 0, 1, 'اضاÙة Ùاتورة مبيعات', 303, '3545743.00', '2026-05-25 03:11:07', 1, 'sellbillController.php', 1, '', 0),
(1117, '3545743.00', '6000.00', 1, 1, 'اضاÙة مسحوبات شركاء', 235, '3539743.00', '2026-05-25 03:11:38', 1, 'partnerwithdrawalController.php', 0, '', 0),
(1118, '3539743.00', '6000.00', 1, 1, 'اضاÙة مسحوبات شركاء', 236, '3533743.00', '2026-05-25 03:12:14', 1, 'partnerwithdrawalController.php', 0, '', 0),
(1119, '3533743.00', '95000.00', 0, 1, 'ايصال تحصيل (( قبض من عميل ))', 622, '3628743.00', '2026-05-30 03:07:04', 1, 'clientPayedDeptController.php', 2, '', 0),
(1120, '3628743.00', '10000.00', 0, 1, 'ايصال تحصيل (( قبض من عميل ))', 623, '3638743.00', '2026-05-30 03:10:30', 1, 'clientPayedDeptController.php', 16, '', 0),
(1121, '3638743.00', '5000.00', 0, 1, 'اضاÙة Ùاتورة مبيعات', 304, '3643743.00', '2026-05-30 03:26:20', 1, 'sellbillController.php', 1, '', 0),
(1122, '3643743.00', '5550.00', 0, 1, 'اضاÙة Ùاتورة مبيعات', 305, '3649293.00', '2026-05-30 03:35:21', 1, 'sellbillController.php', 1, '', 0),
(1123, '3649293.00', '1000.00', 1, 1, 'اضاÙة مسحوبات شركاء', 237, '3648293.00', '2026-05-30 03:36:33', 1, 'partnerwithdrawalController.php', 0, '', 0),
(1124, '3648293.00', '4000.00', 1, 1, 'اضاÙة مسحوبات شركاء', 238, '3644293.00', '2026-05-30 03:36:58', 1, 'partnerwithdrawalController.php', 0, '', 0),
(1125, '3644293.00', '800.00', 1, 1, 'إضاÙة مصروÙ', 290, '3643493.00', '2026-05-30 03:37:36', 1, 'expensesController.php', 0, '', 0),
(1126, '3643493.00', '8000.00', 0, 1, 'اضاÙة Ùاتورة مبيعات', 307, '3651493.00', '2026-05-30 03:39:09', 1, 'sellbillController.php', 10, '', 0),
(1127, '3651493.00', '1005.00', 1, 1, 'إضاÙة مصروÙ', 291, '3650488.00', '2026-05-30 03:43:28', 1, 'expensesController.php', 0, '', 0),
(1128, '3650488.00', '500.00', 1, 1, 'إضاÙة مصروÙ', 292, '3649988.00', '2026-05-30 15:49:30', 1, 'expensesController.php', 0, '', 0),
(1129, '3649988.00', '600.00', 0, 1, 'اضاÙة Ùاتورة مبيعات', 308, '3650588.00', '2026-05-30 15:50:22', 1, 'sellbillController.php', 1, '', 0),
(1130, '3650588.00', '173500.00', 0, 1, 'ايصال تحصيل (( قبض من عميل ))', 632, '3824088.00', '2026-05-31 21:24:32', 1, 'clientPayedDeptController.php', 18, '', 0),
(1131, '3824088.00', '400.00', 1, 1, 'إضاÙة مصروÙ', 293, '3823688.00', '2026-05-31 21:25:38', 1, 'expensesController.php', 0, '', 0),
(1132, '3823688.00', '29000.00', 0, 1, 'اضاÙة Ùاتورة مبيعات', 311, '3852688.00', '2026-06-01 02:20:43', 1, 'sellbillController.php', 1, '', 0),
(1133, '3852688.00', '286020.00', 1, 1, 'اضاÙة مسحوبات شركاء', 239, '3566668.00', '2026-06-01 02:43:36', 1, 'partnerwithdrawalController.php', 0, '', 0),
(1134, '3566668.00', '11040.00', 1, 1, 'اضاÙة مسحوبات شركاء', 240, '3555628.00', '2026-06-01 02:45:00', 1, 'partnerwithdrawalController.php', 0, '', 0),
(1135, '3555628.00', '272480.00', 1, 1, 'اضاÙة مسحوبات شركاء', 241, '3283148.00', '2026-06-01 02:47:00', 1, 'partnerwithdrawalController.php', 0, '', 0),
(1136, '3283148.00', '38460.00', 0, 1, 'ايصال تحصيل (( قبض من عميل ))', 634, '3321608.00', '2026-06-01 02:57:59', 1, 'clientPayedDeptController.php', 21, '', 0),
(1137, '3321608.00', '14000.00', 0, 1, 'ايصال تحصيل (( قبض من عميل ))', 635, '3335608.00', '2026-06-02 13:36:44', 1, 'clientPayedDeptController.php', 36, '', 0),
(1138, '3335608.00', '70350.00', 0, 1, 'ايصال تحصيل (( قبض من عميل ))', 636, '3405958.00', '2026-06-02 13:37:42', 1, 'clientPayedDeptController.php', 8, '', 0),
(1139, '3405958.00', '3000.00', 1, 1, 'إضاÙة مصروÙ', 294, '3402958.00', '2026-06-02 13:38:35', 1, 'expensesController.php', 0, '', 0),
(1140, '3402958.00', '2500.00', 1, 1, 'اضاÙة مسحوبات شركاء', 242, '3400458.00', '2026-06-02 13:39:06', 1, 'partnerwithdrawalController.php', 0, '', 0),
(1141, '3400458.00', '145100.00', 0, 1, 'اضاÙة ايداع شركاء', 243, '3545558.00', '2026-06-02 13:41:08', 1, 'partnerwithdrawalController.php', 0, '', 0),
(1142, '3545558.00', '50000.00', 0, 1, 'ايصال تحصيل (( قبض من عميل ))', 637, '3595558.00', '2026-06-04 03:21:41', 1, 'clientPayedDeptController.php', 36, '', 0),
(1143, '3595558.00', '9000.00', 0, 1, 'ايصال تحصيل (( قبض من عميل ))', 638, '3604558.00', '2026-06-04 03:22:27', 1, 'clientPayedDeptController.php', 21, '', 0),
(1144, '3604558.00', '107400.00', 0, 1, 'اضاÙة Ùاتورة مبيعات', 312, '3711958.00', '2026-06-04 03:23:51', 1, 'sellbillController.php', 18, '', 0),
(1145, '3711958.00', '2500.00', 0, 1, 'اضاÙة Ùاتورة مبيعات', 314, '3714458.00', '2026-06-04 03:27:01', 1, 'sellbillController.php', 11, '', 0),
(1146, '3714458.00', '400.00', 1, 1, 'إضاÙة مصروÙ', 295, '3714058.00', '2026-06-04 03:29:13', 1, 'expensesController.php', 0, '', 0),
(1147, '3714058.00', '9000.00', 1, 1, 'اضاÙة مسحوبات شركاء', 244, '3705058.00', '2026-06-04 03:30:40', 1, 'partnerwithdrawalController.php', 0, '', 0),
(1148, '3705058.00', '130000.00', 1, 1, 'اضاÙة مسحوبات شركاء', 245, '3575058.00', '2026-06-04 03:31:36', 1, 'partnerwithdrawalController.php', 0, '', 0),
(1149, '3575058.00', '865.00', 1, 1, 'اضاÙة مسحوبات شركاء', 246, '3574193.00', '2026-06-04 03:32:27', 1, 'partnerwithdrawalController.php', 0, '', 0),
(1150, '3574193.00', '145100.00', 1, 1, 'تعديل شريك', 243, '3429093.00', '2026-06-04 03:33:32', 1, 'partnerwithdrawalController.php', 0, '', 0),
(1151, '3429093.00', '145100.00', 1, 1, 'اضاÙة مسحوبات شركاء', 247, '3283993.00', '2026-06-04 03:33:32', 1, 'partnerwithdrawalController.php', 0, '', 0),
(1152, '3283993.00', '3300.00', 1, 1, 'إضاÙة مصروÙ', 296, '3280693.00', '2026-06-04 03:35:27', 1, 'expensesController.php', 0, '', 0),
(1153, '3280693.00', '6500.00', 0, 1, 'ايصال تحصيل (( قبض من عميل ))', 646, '3287193.00', '2026-06-04 19:26:34', 1, 'clientPayedDeptController.php', 23, '', 0),
(1154, '3287193.00', '7600.00', 0, 1, 'ايصال تحصيل (( قبض من عميل ))', 647, '3294793.00', '2026-06-05 01:33:01', 1, 'clientPayedDeptController.php', 4, '', 0),
(1155, '3294793.00', '19000.00', 0, 1, 'اضاÙة Ùاتورة مبيعات', 320, '3313793.00', '2026-06-05 01:36:27', 1, 'sellbillController.php', 5, '', 0),
(1156, '3313793.00', '2500.00', 1, 1, 'تعديل Ùاتورة مبيعات', 314, '3311293.00', '2026-06-05 01:42:01', 1, 'sellbillController.php', 11, '', 0),
(1157, '3311293.00', '2500.00', 0, 1, 'اضاÙة Ùاتورة مبيعات (معدله)', 321, '3313793.00', '2026-06-05 01:42:02', 1, 'sellbillController.php', 11, '', 0),
(1158, '3313793.00', '1800.00', 1, 1, 'إضاÙة مصروÙ', 297, '3311993.00', '2026-06-05 01:42:44', 1, 'expensesController.php', 0, '', 0),
(1159, '3311993.00', '10000.00', 1, 1, 'اضاÙة مسحوبات شركاء', 248, '3301993.00', '2026-06-06 00:51:09', 1, 'partnerwithdrawalController.php', 0, '', 0),
(1160, '3301993.00', '25000.00', 1, 1, 'اضاÙة مسحوبات شركاء', 249, '3276993.00', '2026-06-06 00:51:44', 1, 'partnerwithdrawalController.php', 0, '', 0),
(1161, '3276993.00', '1130.00', 1, 1, 'إضاÙة مصروÙ', 298, '3275863.00', '2026-06-06 00:52:08', 1, 'expensesController.php', 0, '', 0),
(1162, '3275863.00', '2600.00', 0, 1, 'اضاÙة Ùاتورة مبيعات', 322, '3278463.00', '2026-06-06 00:54:08', 1, 'sellbillController.php', 43, '', 0),
(1163, '3278463.00', '240.00', 1, 1, 'إضاÙة مصروÙ', 299, '3278223.00', '2026-06-06 00:55:27', 1, 'expensesController.php', 0, '', 0),
(1164, '3278223.00', '18300.00', 0, 1, 'ايصال تحصيل (( قبض من عميل ))', 655, '3296523.00', '2026-06-06 00:57:59', 1, 'clientPayedDeptController.php', 37, '', 0),
(1165, '3296523.00', '12700.00', 0, 1, 'ايصال تحصيل (( قبض من عميل ))', 658, '3309223.00', '2026-06-06 14:55:57', 1, 'clientPayedDeptController.php', 3, '', 0),
(1166, '3309223.00', '20000.00', 0, 1, 'ايصال تحصيل (( قبض من عميل ))', 659, '3329223.00', '2026-06-06 14:56:31', 1, 'clientPayedDeptController.php', 25, '', 0),
(1167, '3329223.00', '45000.00', 0, 1, 'ايصال تحصيل (( قبض من عميل ))', 661, '3374223.00', '2026-06-06 22:13:11', 1, 'clientPayedDeptController.php', 15, '', 0),
(1168, '3374223.00', '95000.00', 0, 1, 'ايصال تحصيل (( قبض من عميل ))', 662, '3469223.00', '2026-06-07 15:03:39', 1, 'clientPayedDeptController.php', 8, '', 0),
(1169, '3469223.00', '100000.00', 1, 1, 'اضاÙة مسحوبات شركاء', 250, '3369223.00', '2026-06-07 16:53:27', 1, 'partnerwithdrawalController.php', 0, '', 0),
(1170, '3369223.00', '61650.00', 0, 1, 'ايصال تحصيل (( قبض من عميل ))', 665, '3430873.00', '2026-06-08 11:52:03', 1, 'clientPayedDeptController.php', 7, '', 0),
(1171, '3430873.00', '28500.00', 0, 1, 'ايصال تحصيل (( قبض من عميل ))', 671, '3459373.00', '2026-06-09 03:00:06', 1, 'clientPayedDeptController.php', 41, '', 0),
(1172, '3459373.00', '30000.00', 0, 1, 'ايصال تحصيل (( قبض من عميل ))', 672, '3489373.00', '2026-06-09 03:00:31', 1, 'clientPayedDeptController.php', 10, '', 0),
(1173, '3489373.00', '2550.00', 0, 1, 'ايصال تحصيل (( قبض من عميل ))', 673, '3491923.00', '2026-06-09 17:28:52', 1, 'clientPayedDeptController.php', 3, '', 0),
(1174, '3491923.00', '3200.00', 1, 1, 'إضاÙة مصروÙ', 300, '3488723.00', '2026-06-09 17:37:37', 1, 'expensesController.php', 0, '', 0),
(1175, '3488723.00', '1000.00', 1, 1, 'إضاÙة مصروÙ', 301, '3487723.00', '2026-06-09 17:38:00', 1, 'expensesController.php', 0, '', 0),
(1176, '3487723.00', '307300.00', 1, 1, 'اضاÙة مسحوبات شركاء', 251, '3180423.00', '2026-06-09 17:40:03', 1, 'partnerwithdrawalController.php', 0, '', 0),
(1177, '3180423.00', '260.00', 1, 1, 'اضاÙة مسحوبات شركاء', 252, '3180163.00', '2026-06-09 17:40:31', 1, 'partnerwithdrawalController.php', 0, '', 0),
(1178, '3180163.00', '22900.00', 0, 1, 'ايصال تحصيل (( قبض من عميل ))', 675, '3203063.00', '2026-06-10 14:25:44', 1, 'clientPayedDeptController.php', 3, '', 0),
(1179, '3203063.00', '2600.00', 0, 1, 'ايصال تحصيل (( قبض من عميل ))', 677, '3205663.00', '2026-06-11 03:35:48', 1, 'clientPayedDeptController.php', 3, '', 0),
(1180, '3205663.00', '50000.00', 0, 1, 'ايصال تحصيل (( قبض من عميل ))', 678, '3255663.00', '2026-06-11 03:36:55', 1, 'clientPayedDeptController.php', 16, '', 0),
(1181, '3255663.00', '30000.00', 0, 1, 'ايصال تحصيل (( قبض من عميل ))', 679, '3285663.00', '2026-06-11 03:37:32', 1, 'clientPayedDeptController.php', 19, '', 0),
(1182, '3285663.00', '130000.00', 0, 1, 'ايصال تحصيل (( قبض من عميل ))', 680, '3415663.00', '2026-06-11 03:38:52', 1, 'clientPayedDeptController.php', 35, '', 0),
(1183, '3415663.00', '20000.00', 0, 1, 'ايصال تحصيل (( قبض من عميل ))', 681, '3435663.00', '2026-06-11 03:39:39', 1, 'clientPayedDeptController.php', 7, '', 0),
(1184, '3435663.00', '38460.00', 1, 1, 'الغاء سداد ديون عميل', 682, '3397203.00', '2026-06-11 03:42:18', 1, 'clientPayedDeptController.php', 21, '', 0),
(1185, '3397203.00', '350.00', 1, 1, 'إضاÙة مصروÙ', 302, '3396853.00', '2026-06-13 16:00:36', 1, 'expensesController.php', 0, '', 0),
(1186, '3396853.00', '1370.00', 1, 1, 'إضاÙة مصروÙ', 303, '3395483.00', '2026-06-13 16:01:13', 1, 'expensesController.php', 0, '', 0),
(1187, '3395483.00', '50000.00', 0, 1, 'ايصال تحصيل (( قبض من عميل ))', 684, '3445483.00', '2026-06-13 16:02:12', 1, 'clientPayedDeptController.php', 35, '', 0),
(1188, '3445483.00', '8800.00', 0, 1, 'ايصال تحصيل (( قبض من عميل ))', 685, '3454283.00', '2026-06-13 16:04:14', 1, 'clientPayedDeptController.php', 3, '', 0),
(1189, '3454283.00', '25000.00', 0, 1, 'ايصال تحصيل (( قبض من عميل ))', 686, '3479283.00', '2026-06-13 16:04:56', 1, 'clientPayedDeptController.php', 15, '', 0),
(1190, '3479283.00', '7400.00', 0, 1, 'ايصال تحصيل (( قبض من عميل ))', 687, '3486683.00', '2026-06-13 16:05:37', 1, 'clientPayedDeptController.php', 4, '', 0),
(1191, '3486683.00', '50000.00', 0, 1, 'اضاÙة Ùاتورة مبيعات', 333, '3536683.00', '2026-06-13 16:17:53', 1, 'sellbillController.php', 9, '', 0),
(1192, '3536683.00', '20000.00', 1, 1, 'اضاÙة مسحوبات شركاء', 253, '3516683.00', '2026-06-14 02:21:17', 1, 'partnerwithdrawalController.php', 0, '', 0),
(1193, '3516683.00', '444810.00', 1, 1, 'اضاÙة مسحوبات شركاء', 254, '3071873.00', '2026-06-14 02:26:27', 1, 'partnerwithdrawalController.php', 0, '', 0),
(1194, '3071873.00', '16860.00', 1, 1, 'اضاÙة مسحوبات شركاء', 255, '3055013.00', '2026-06-14 02:28:50', 1, 'partnerwithdrawalController.php', 0, '', 0),
(1195, '3055013.00', '1500.00', 1, 1, 'إضاÙة مصروÙ', 304, '3053513.00', '2026-06-14 02:32:50', 1, 'expensesController.php', 0, '', 0),
(1196, '3053513.00', '5600.00', 1, 1, 'اضاÙة مسحوبات شركاء', 256, '3047913.00', '2026-06-14 02:36:21', 1, 'partnerwithdrawalController.php', 0, '', 0),
(1197, '3047913.00', '6900.00', 0, 1, 'ايصال تحصيل (( قبض من عميل ))', 689, '3054813.00', '2026-06-14 02:37:31', 1, 'clientPayedDeptController.php', 9, '', 0),
(1198, '3054813.00', '689990.00', 1, 1, 'اضاÙة Ùاتورة مشتريات', 2, '2364823.00', '2026-06-14 02:47:57', 1, 'buyBillController.php', 0, '', 0),
(1199, '2364823.00', '40000.00', 0, 1, 'ايصال تحصيل (( قبض من عميل ))', 690, '2404823.00', '2026-06-14 02:51:31', 1, 'clientPayedDeptController.php', 15, '', 0),
(1200, '2404823.00', '1400.00', 1, 1, 'إضاÙة مصروÙ', 305, '2403423.00', '2026-06-14 03:02:15', 1, 'expensesController.php', 0, '', 0),
(1201, '2403423.00', '19600.00', 0, 1, 'ايصال تحصيل (( قبض من عميل ))', 691, '2423023.00', '2026-06-16 04:33:38', 1, 'clientPayedDeptController.php', 19, '', 0),
(1202, '2423023.00', '950.00', 1, 1, 'إضاÙة مصروÙ', 306, '2422073.00', '2026-06-16 04:34:01', 1, 'expensesController.php', 0, '', 0),
(1203, '2422073.00', '21900.00', 1, 1, 'اضاÙة مسحوبات شركاء', 257, '2400173.00', '2026-06-16 04:34:52', 1, 'partnerwithdrawalController.php', 0, '', 0),
(1204, '2400173.00', '10000.00', 0, 1, 'ايصال تحصيل (( قبض من عميل ))', 693, '2410173.00', '2026-06-17 08:34:51', 1, 'clientPayedDeptController.php', 10, '', 0),
(1205, '2410173.00', '177000.00', 0, 1, 'اضاÙة Ùاتورة مبيعات', 334, '2587173.00', '2026-06-17 08:35:59', 1, 'sellbillController.php', 23, '', 0),
(1206, '2587173.00', '950.00', 1, 1, 'إضاÙة مصروÙ', 307, '2586223.00', '2026-06-18 00:52:43', 1, 'expensesController.php', 0, '', 0),
(1207, '2586223.00', '10000.00', 0, 1, 'ايصال تحصيل (( قبض من عميل ))', 695, '2596223.00', '2026-06-20 16:08:14', 1, 'clientPayedDeptController.php', 5, '', 0),
(1208, '2596223.00', '3450.00', 0, 1, 'ايصال تحصيل (( قبض من عميل ))', 696, '2599673.00', '2026-06-20 16:08:47', 1, 'clientPayedDeptController.php', 11, '', 0),
(1209, '2599673.00', '10000.00', 1, 1, 'اضاÙة مسحوبات شركاء', 258, '2589673.00', '2026-06-20 16:09:23', 1, 'partnerwithdrawalController.php', 0, '', 0),
(1210, '2589673.00', '21000.00', 1, 1, 'اضاÙة مسحوبات شركاء', 259, '2568673.00', '2026-06-20 16:09:53', 1, 'partnerwithdrawalController.php', 0, '', 0),
(1211, '2568673.00', '1050.00', 1, 1, 'إضاÙة مصروÙ', 308, '2567623.00', '2026-06-20 16:10:29', 1, 'expensesController.php', 0, '', 0),
(1212, '2567623.00', '258000.00', 0, 1, 'ايصال تحصيل (( قبض من عميل ))', 698, '2825623.00', '2026-06-20 21:27:02', 1, 'clientPayedDeptController.php', 18, '', 0),
(1213, '2825623.00', '35000.00', 0, 1, 'ايصال تحصيل (( قبض من عميل ))', 699, '2860623.00', '2026-06-20 21:27:27', 1, 'clientPayedDeptController.php', 15, '', 0),
(1214, '2860623.00', '100000.00', 0, 1, 'ايصال تحصيل (( قبض من عميل ))', 700, '2960623.00', '2026-06-20 21:28:45', 1, 'clientPayedDeptController.php', 3, '', 0),
(1215, '2960623.00', '6000.00', 0, 1, 'ايصال تحصيل (( قبض من عميل ))', 701, '2966623.00', '2026-06-20 21:30:13', 1, 'clientPayedDeptController.php', 33, '', 0);

-- --------------------------------------------------------

--
