-- Table structure for table `movementmanagedeleted`
--

CREATE TABLE IF NOT EXISTS `movementmanagedeleted` (
  `id` int(11) NOT NULL AUTO_INCREMENT,
  `operationname` varchar(256) CHARACTER SET utf8mb4 COLLATE utf8mb4_unicode_ci NOT NULL,
  `movementmanagedate` datetime NOT NULL,
  `userid` int(11) NOT NULL,
  `currentDo` varchar(256) CHARACTER SET utf8mb4 COLLATE utf8mb4_unicode_ci NOT NULL,
  `ip` varchar(35) NOT NULL,
  `mac` varchar(35) NOT NULL,
  `deviceType` varchar(10) NOT NULL,
  PRIMARY KEY (`id`)
) ENGINE=InnoDB DEFAULT CHARSET=utf8 AUTO_INCREMENT=1 ;

-- --------------------------------------------------------

--
-- Table structure for table `m_check`
--

CREATE TABLE IF NOT EXISTS `m_check` (
  `checkId` int(11) NOT NULL AUTO_INCREMENT,
  `ourSerial` varchar(255) NOT NULL,
  `userId` int(11) NOT NULL,
  `stageFrom` int(11) NOT NULL,
  `checkDate` date NOT NULL,
  `branchId` int(11) NOT NULL,
  `del` int(11) NOT NULL COMMENT '0 for not del -1 for del',
  PRIMARY KEY (`checkId`)
) ENGINE=InnoDB DEFAULT CHARSET=utf8 AUTO_INCREMENT=1 ;

-- --------------------------------------------------------

--
-- Table structure for table `m_comreceipt`
--

CREATE TABLE IF NOT EXISTS `m_comreceipt` (
  `id` int(11) NOT NULL AUTO_INCREMENT,
  `receiptserial` varchar(255) NOT NULL,
  `receiptdat` date NOT NULL,
  `branchid` int(11) NOT NULL,
  `clientid` int(11) NOT NULL,
  `totalCost` decimal(10,2) DEFAULT '0.00' COMMENT 'for MaintennanceSettlement ',
  `Initialcost` decimal(10,2) NOT NULL,
  `shipcost` decimal(10,2) NOT NULL,
  `documentid` int(11) NOT NULL,
  `userid` int(11) NOT NULL,
  `del` int(11) NOT NULL DEFAULT '0' COMMENT '0 not del 1 del',
  `status` int(11) NOT NULL DEFAULT '0' COMMENT '1 for done',
  PRIMARY KEY (`id`)
) ENGINE=InnoDB DEFAULT CHARSET=utf8 AUTO_INCREMENT=1 ;

-- --------------------------------------------------------

--
-- Table structure for table `m_comreceiptdetail`
--

CREATE TABLE IF NOT EXISTS `m_comreceiptdetail` (
  `id` int(11) NOT NULL AUTO_INCREMENT,
  `receiptid` int(11) NOT NULL,
  `productserial` varchar(255) NOT NULL,
  `productId` int(11) NOT NULL,
  `ourserial` varchar(255) NOT NULL,
  `granttype` int(11) NOT NULL COMMENT '0 for maintennance- 1  for client insurance -2 for copmany insurance',
  `sellbillid` int(11) NOT NULL,
  `sellbilldate` date NOT NULL,
  `buybillid` int(11) NOT NULL,
  `buybilldate` date NOT NULL,
  `insduration` int(11) NOT NULL,
  `insstatus` int(11) NOT NULL,
  `problem` text NOT NULL,
  `attach` text NOT NULL,
  `comment` text NOT NULL,
  `shipcost` decimal(10,2) NOT NULL,
  `initialcost` decimal(10,2) NOT NULL,
  `supplierid` int(11) NOT NULL,
  `currentstage` int(11) NOT NULL,
  `branchid` int(11) NOT NULL,
  `del` int(11) NOT NULL,
  PRIMARY KEY (`id`)
) ENGINE=InnoDB DEFAULT CHARSET=utf8 AUTO_INCREMENT=1 ;

-- --------------------------------------------------------

--
-- Table structure for table `m_comreceiptimage`
--

CREATE TABLE IF NOT EXISTS `m_comreceiptimage` (
  `id` int(11) NOT NULL AUTO_INCREMENT,
  `comreceiptid` int(11) NOT NULL,
  `receiptimage` varchar(255) NOT NULL,
  `imagedate` date NOT NULL,
  `userid` int(11) NOT NULL,
  PRIMARY KEY (`id`)
) ENGINE=InnoDB DEFAULT CHARSET=utf8 AUTO_INCREMENT=1 ;

-- --------------------------------------------------------

--
-- Table structure for table `m_externalmaintenance`
--

CREATE TABLE IF NOT EXISTS `m_externalmaintenance` (
  `externalmaintenanceId` int(11) NOT NULL AUTO_INCREMENT,
  `ourSerial` varchar(255) NOT NULL,
  `supplierId` int(11) NOT NULL,
  `externalmaintenanceDate` date NOT NULL,
  `comment` text NOT NULL,
  `externalmaintenanceReturn` int(11) NOT NULL COMMENT '0 for nonReturn - 1 for Returned',
  `returnComment` text NOT NULL,
  `supplierCost` decimal(10,2) NOT NULL,
  `returnedDate` date NOT NULL,
  `branchId` int(11) NOT NULL,
  `userId` int(11) NOT NULL,
  `del` int(11) NOT NULL COMMENT '0 for not del -1 for del',
  PRIMARY KEY (`externalmaintenanceId`),
  KEY `externalmaintenanceReturn` (`externalmaintenanceReturn`)
) ENGINE=InnoDB DEFAULT CHARSET=utf8 AUTO_INCREMENT=1 ;

-- --------------------------------------------------------

--
-- Table structure for table `m_finishingpayed`
--

CREATE TABLE IF NOT EXISTS `m_finishingpayed` (
  `finishingPayedId` int(11) NOT NULL AUTO_INCREMENT,
  `clientId` int(11) NOT NULL,
  `payed` decimal(10,2) NOT NULL,
  `clientDebtChangeId` int(11) NOT NULL,
  `finishingType` int(11) NOT NULL COMMENT '0 for not uesd "new"- 1 for finished - 2  for remain',
  `finishingPayedDate` date NOT NULL,
  `remain` decimal(10,2) NOT NULL,
  `userId` int(11) NOT NULL,
  `branchId` int(11) NOT NULL,
  `del` int(11) NOT NULL COMMENT '0 for not del - 1 for del',
  PRIMARY KEY (`finishingPayedId`)
) ENGINE=InnoDB DEFAULT CHARSET=utf8 AUTO_INCREMENT=1 ;

-- --------------------------------------------------------

--
-- Table structure for table `m_handedreport`
--

CREATE TABLE IF NOT EXISTS `m_handedreport` (
  `handedReportId` int(11) NOT NULL AUTO_INCREMENT,
  `stageId` int(11) NOT NULL,
  `ourSerial` varchar(255) NOT NULL,
  `actualCost` decimal(10,2) NOT NULL,
  `initiateCost` decimal(10,2) NOT NULL,
  `clientCost` decimal(10,2) NOT NULL,
  `comment` text NOT NULL,
  `userId` int(11) NOT NULL,
  `handedReportDate` date NOT NULL,
  `archive` int(11) NOT NULL COMMENT '0 for delivered-1not delevered',
  `branchId` int(11) NOT NULL,
  `del` int(11) NOT NULL COMMENT '0 for not del -1 for del',
  PRIMARY KEY (`handedReportId`)
) ENGINE=InnoDB DEFAULT CHARSET=utf8 AUTO_INCREMENT=1 ;

-- --------------------------------------------------------

--
-- Table structure for table `m_initialmaintenance`
--

CREATE TABLE IF NOT EXISTS `m_initialmaintenance` (
  `initialMaintenanceId` int(11) NOT NULL AUTO_INCREMENT,
  `ourSerial` varchar(255) NOT NULL,
  `initialMaintenanceDate` date NOT NULL,
  `comment` text NOT NULL,
  `userId` int(11) NOT NULL,
  `branchId` int(11) NOT NULL,
  `totalClientCost` decimal(10,2) NOT NULL,
  `del` int(11) NOT NULL COMMENT '0 for not del -1 for del',
  PRIMARY KEY (`initialMaintenanceId`)
) ENGINE=InnoDB DEFAULT CHARSET=utf8 AUTO_INCREMENT=1 ;

-- --------------------------------------------------------

--
-- Table structure for table `m_initialmaintenancedetail`
--

CREATE TABLE IF NOT EXISTS `m_initialmaintenancedetail` (
  `initialMaintenanceDetailId` int(11) NOT NULL AUTO_INCREMENT,
  `initialMaintenanceId` int(11) NOT NULL,
  `propertyId` int(11) NOT NULL,
  `propertyValue` decimal(10,2) NOT NULL,
  `userId` int(11) NOT NULL,
  `branchId` int(11) NOT NULL,
  `initialMaintenanceDetailDate` date NOT NULL,
  `del` int(11) NOT NULL COMMENT '0 for not del -1 for del',
  PRIMARY KEY (`initialMaintenanceDetailId`)
) ENGINE=InnoDB DEFAULT CHARSET=utf8 AUTO_INCREMENT=1 ;

-- --------------------------------------------------------

--
-- Table structure for table `m_insurance`
--

CREATE TABLE IF NOT EXISTS `m_insurance` (
  `insuranceId` int(11) NOT NULL AUTO_INCREMENT,
  `ourSerial` varchar(255) NOT NULL,
  `stageIdBefore` int(11) NOT NULL,
  `currentStage` int(11) NOT NULL,
  `shipNameGo` int(11) NOT NULL,
  `shipCompanyGo` int(11) NOT NULL,
  `shipPersonalGo` int(11) NOT NULL,
  `shipCostGo` decimal(10,2) NOT NULL,
  `shipNameReturned` int(11) NOT NULL,
  `shipCompanyReturned` int(11) NOT NULL,
  `shipPersonalReturned` int(11) NOT NULL,
  `shipCostReturned` decimal(10,2) NOT NULL,
  `type` int(11) NOT NULL COMMENT '0 for replace - 1 for discount - 2 for  maintenance-3 for reject- 4 in preparing Stage "Donnot have type yet"',
  `oldSN` varchar(255) NOT NULL,
  `newSN` varchar(255) NOT NULL,
  `insuranceCost` decimal(10,2) NOT NULL,
  `kindOfInsurance` int(11) NOT NULL COMMENT '0 for new - 1 for continue',
  `insuranceDate` date NOT NULL,
  `insuranceDiscount` decimal(10,2) NOT NULL,
  `userId` int(11) NOT NULL,
  `branchId` int(11) NOT NULL,
  `comment` text NOT NULL,
  `del` int(11) NOT NULL COMMENT '0 for not del - 1 for del',
  `returned` int(11) NOT NULL COMMENT '0 fornot returned - 1 for returned',
  PRIMARY KEY (`insuranceId`)
) ENGINE=InnoDB DEFAULT CHARSET=utf8 AUTO_INCREMENT=1 ;

-- --------------------------------------------------------

--
-- Table structure for table `m_maintenancereceipt`
--

CREATE TABLE IF NOT EXISTS `m_maintenancereceipt` (
  `maintenanceReceiptId` int(11) NOT NULL AUTO_INCREMENT,
  `receiptId` int(11) NOT NULL,
  `totalCost` decimal(10,2) NOT NULL,
  `type` int(11) NOT NULL COMMENT '0 for finished-1 for remain',
  `userId` int(11) NOT NULL,
  `branchId` int(11) NOT NULL,
  `maintenanceReceiptDAte` date NOT NULL,
  `del` int(11) NOT NULL COMMENT '0 for not del - 1 for del',
  PRIMARY KEY (`maintenanceReceiptId`)
) ENGINE=InnoDB DEFAULT CHARSET=utf8 AUTO_INCREMENT=1 ;

-- --------------------------------------------------------

--
-- Table structure for table `m_maintenancereceiptfinish`
--

CREATE TABLE IF NOT EXISTS `m_maintenancereceiptfinish` (
  `maintenanceReceiptFinishId` int(11) NOT NULL AUTO_INCREMENT,
  `maintenanceReceiptId` int(11) NOT NULL,
  `finishingPayedId` int(11) NOT NULL,
  `payed` decimal(10,2) NOT NULL,
  `remain` decimal(10,2) NOT NULL,
  `maintenanceReceiptFinishDate` date NOT NULL,
  `userId` int(11) NOT NULL,
  `branchId` int(11) NOT NULL,
  `del` int(11) NOT NULL COMMENT '0 for not del - 1 for del',
  PRIMARY KEY (`maintenanceReceiptFinishId`)
) ENGINE=InnoDB DEFAULT CHARSET=utf8 AUTO_INCREMENT=1 ;

-- --------------------------------------------------------

--
-- Table structure for table `m_producthistory`
--

CREATE TABLE IF NOT EXISTS `m_producthistory` (
  `productHistoryId` int(11) NOT NULL AUTO_INCREMENT,
  `ourSerial` varchar(255) NOT NULL,
  `stageFrom` int(11) NOT NULL,
  `stageTo` int(11) NOT NULL,
  `cost` decimal(10,2) NOT NULL,
  `comment` text NOT NULL,
  `status` int(11) NOT NULL COMMENT '0 for accepted- 1 for rejected',
  `userId` int(11) NOT NULL,
  `productHistoryDate` datetime NOT NULL,
  `branchId` int(11) NOT NULL,
  `del` int(11) NOT NULL COMMENT '0 for not del -1 for del',
  PRIMARY KEY (`productHistoryId`)
) ENGINE=InnoDB DEFAULT CHARSET=utf8 AUTO_INCREMENT=1 ;

-- --------------------------------------------------------

--
-- Table structure for table `m_stage`
--

CREATE TABLE IF NOT EXISTS `m_stage` (
  `id` int(11) NOT NULL AUTO_INCREMENT,
  `title` varchar(255) NOT NULL,
  `descreption` varchar(255) NOT NULL,
  PRIMARY KEY (`id`)
) ENGINE=InnoDB DEFAULT CHARSET=utf8 AUTO_INCREMENT=1 ;

-- --------------------------------------------------------

--
-- Table structure for table `m_stageproperity`
--

CREATE TABLE IF NOT EXISTS `m_stageproperity` (
  `stageProperityId` int(11) NOT NULL AUTO_INCREMENT,
  `name` varchar(255) NOT NULL,
  `initialValue` decimal(10,2) NOT NULL,
  `stageId` int(11) NOT NULL,
  `userId` int(11) NOT NULL,
  `branchId` int(11) NOT NULL,
  `stageProperityDate` date NOT NULL,
  `del` int(11) NOT NULL COMMENT '0 for not del -1 for del',
  PRIMARY KEY (`stageProperityId`)
) ENGINE=InnoDB DEFAULT CHARSET=utf8 AUTO_INCREMENT=1 ;

-- --------------------------------------------------------

--
-- Table structure for table `newdbbackup`
--

CREATE TABLE IF NOT EXISTS `newdbbackup` (
  `backupid` int(11) NOT NULL AUTO_INCREMENT,
  `backupname` varchar(255) NOT NULL,
  `backupdate` datetime NOT NULL,
  PRIMARY KEY (`backupid`)
) ENGINE=InnoDB DEFAULT CHARSET=utf8 AUTO_INCREMENT=1 ;

-- --------------------------------------------------------

--
-- Table structure for table `newdbname`
--

CREATE TABLE IF NOT EXISTS `newdbname` (
  `newdbnameid` int(11) NOT NULL AUTO_INCREMENT,
  `dbname` varchar(255) NOT NULL,
  PRIMARY KEY (`newdbnameid`)
) ENGINE=InnoDB DEFAULT CHARSET=utf8 AUTO_INCREMENT=1 ;

-- --------------------------------------------------------

--
-- Table structure for table `notics`
--

CREATE TABLE IF NOT EXISTS `notics` (
  `noticesid` int(11) NOT NULL AUTO_INCREMENT,
  `productno` int(11) NOT NULL DEFAULT '0',
  `productnotsellno` int(11) NOT NULL DEFAULT '0',
  `kempilano` int(11) NOT NULL DEFAULT '0',
  `clientcheckno` int(11) NOT NULL DEFAULT '0',
  `suppliercheckno` int(11) NOT NULL DEFAULT '0',
  PRIMARY KEY (`noticesid`)
) ENGINE=InnoDB  DEFAULT CHARSET=utf8 AUTO_INCREMENT=2 ;

--
-- Dumping data for table `notics`
--

INSERT INTO `notics` (`noticesid`, `productno`, `productnotsellno`, `kempilano`, `clientcheckno`, `suppliercheckno`) VALUES
(1, 1, 27, 0, 0, 0);

-- --------------------------------------------------------

--
-- Table structure for table `offerpricebill`
--

CREATE TABLE IF NOT EXISTS `offerpricebill` (
  `id` int(11) NOT NULL AUTO_INCREMENT,
  `offerpricebillid` int(11) NOT NULL,
  `productid` int(11) NOT NULL,
  `productname` varchar(255) CHARACTER SET utf8mb4 COLLATE utf8mb4_unicode_ci DEFAULT NULL,
  `sellprice` decimal(10,2) NOT NULL,
  `prodescrption` text CHARACTER SET utf8mb4 COLLATE utf8mb4_unicode_ci NOT NULL,
  `pronumber` int(11) NOT NULL,
  `totalprice` decimal(10,2) NOT NULL,
  PRIMARY KEY (`id`)
) ENGINE=InnoDB DEFAULT CHARSET=latin1 AUTO_INCREMENT=1 ;

-- --------------------------------------------------------

--
-- Table structure for table `offerpricebillprop`
--

CREATE TABLE IF NOT EXISTS `offerpricebillprop` (
  `id` int(11) NOT NULL AUTO_INCREMENT,
  `clientid` int(11) NOT NULL,
  `clientname` varchar(255) CHARACTER SET utf8mb4 COLLATE utf8mb4_unicode_ci DEFAULT NULL,
  `totalprice` double NOT NULL,
  `realtotalprice` double NOT NULL,
  `sysdate` date NOT NULL,
  `serialno` varchar(255) NOT NULL,
  PRIMARY KEY (`id`)
) ENGINE=InnoDB DEFAULT CHARSET=latin1 AUTO_INCREMENT=1 ;

-- --------------------------------------------------------

--
-- Table structure for table `offerpricecondition`
--

CREATE TABLE IF NOT EXISTS `offerpricecondition` (
  `id` int(11) NOT NULL AUTO_INCREMENT,
  `introduction` text CHARACTER SET utf8mb4 COLLATE utf8mb4_unicode_ci,
  `detail` text CHARACTER SET utf8mb4 COLLATE utf8mb4_unicode_ci NOT NULL,
  PRIMARY KEY (`id`)
) ENGINE=InnoDB DEFAULT CHARSET=latin1 AUTO_INCREMENT=1 ;

-- --------------------------------------------------------

--
-- Table structure for table `onlinecat`
--

CREATE TABLE IF NOT EXISTS `onlinecat` (
  `id` int(11) NOT NULL AUTO_INCREMENT,
  `name` varchar(256) NOT NULL,
  `name_en` varchar(255) DEFAULT NULL,
  `sysdate` date NOT NULL,
  `parentid` int(11) NOT NULL DEFAULT '0',
  `user_id` int(11) NOT NULL,
  `conditions` int(1) NOT NULL DEFAULT '0',
  PRIMARY KEY (`id`)
) ENGINE=InnoDB DEFAULT CHARSET=utf8mb4 AUTO_INCREMENT=1 ;

-- --------------------------------------------------------

--
-- Table structure for table `onlineproductcat`
--

CREATE TABLE IF NOT EXISTS `onlineproductcat` (
  `id` int(11) NOT NULL AUTO_INCREMENT,
  `parentid` int(11) NOT NULL,
  `title` varchar(255) NOT NULL,
  `titleEn` varchar(255) NOT NULL,
  `description` text NOT NULL,
  `descriptionEn` text NOT NULL,
  `image` varchar(255) NOT NULL,
  `sysDate` datetime NOT NULL,
  `userid` int(11) NOT NULL,
  `isdel` tinyint(4) NOT NULL,
  `status` tinyint(4) NOT NULL,
  `createdAt` timestamp NOT NULL DEFAULT CURRENT_TIMESTAMP,
  `updatedAt` timestamp NOT NULL DEFAULT CURRENT_TIMESTAMP ON UPDATE CURRENT_TIMESTAMP,
  PRIMARY KEY (`id`)
) ENGINE=InnoDB DEFAULT CHARSET=latin1 AUTO_INCREMENT=1 ;

-- --------------------------------------------------------

--
-- Table structure for table `onlinestoresetting`
--

CREATE TABLE IF NOT EXISTS `onlinestoresetting` (
  `id` int(11) NOT NULL AUTO_INCREMENT,
  `url` varchar(255) NOT NULL,
  `availableStores` varchar(255) NOT NULL,
  `onlinestoreid` int(11) NOT NULL DEFAULT '2',
  `onlineclientareaid` int(11) NOT NULL DEFAULT '0',
  `updatetype` tinyint(4) NOT NULL DEFAULT '0',
  `catprohour` decimal(10,2) NOT NULL DEFAULT '0.00',
  `catprominute` decimal(10,2) NOT NULL DEFAULT '0.00',
  `proquantityhour` decimal(10,2) NOT NULL DEFAULT '0.00',
  `proquantityminute` decimal(10,2) NOT NULL DEFAULT '0.00',
  `clientshour` decimal(10,2) NOT NULL DEFAULT '0.00',
  `clientsminute` decimal(10,2) NOT NULL DEFAULT '0.00',
  `ordershour` decimal(10,2) NOT NULL,
  `ordersminute` decimal(10,2) NOT NULL,
  `clientdebtchangeStartId` int(11) NOT NULL,
  PRIMARY KEY (`id`)
) ENGINE=InnoDB  DEFAULT CHARSET=latin1 AUTO_INCREMENT=2 ;

--
-- Dumping data for table `onlinestoresetting`
--

INSERT INTO `onlinestoresetting` (`id`, `url`, `availableStores`, `onlinestoreid`, `onlineclientareaid`, `updatetype`, `catprohour`, `catprominute`, `proquantityhour`, `proquantityminute`, `clientshour`, `clientsminute`, `ordershour`, `ordersminute`, `clientdebtchangeStartId`) VALUES
(1, '', '', 2, 0, 0, '0.00', '0.00', '0.00', '0.00', '0.00', '0.00', '0.00', '0.00', -1);

-- --------------------------------------------------------

--
-- Table structure for table `onlinetempcategory`
--

CREATE TABLE IF NOT EXISTS `onlinetempcategory` (
  `id` int(11) NOT NULL AUTO_INCREMENT,
  `catid` int(11) NOT NULL,
  `edited` tinyint(4) NOT NULL COMMENT '0 not edited "this value is therre online", 1 edited , 2 del',
  `sysdate` datetime NOT NULL,
  `userid` int(11) NOT NULL,
  PRIMARY KEY (`id`),
  UNIQUE KEY `catid` (`catid`)
) ENGINE=InnoDB  DEFAULT CHARSET=latin1 AUTO_INCREMENT=6 ;

--
-- Dumping data for table `onlinetempcategory`
--

INSERT INTO `onlinetempcategory` (`id`, `catid`, `edited`, `sysdate`, `userid`) VALUES
(1, 1, 1, '2025-12-19 21:53:18', 1),
(2, 2, 1, '2025-12-20 03:30:35', 1),
(3, 3, 1, '2025-12-20 23:24:55', 1),
(4, 4, 1, '2025-12-21 00:05:47', 1),
(5, 5, 1, '2025-12-21 00:07:41', 1);

-- --------------------------------------------------------

--
-- Table structure for table `onlinetemporder`
--

CREATE TABLE IF NOT EXISTS `onlinetemporder` (
  `id` int(11) NOT NULL AUTO_INCREMENT,
  `onlineorderid` int(11) NOT NULL,
  `customerid` int(11) NOT NULL,
  `ordertotal` double NOT NULL,
  `shippingcost` varchar(191) NOT NULL,
  `fulltotal` varchar(191) NOT NULL,
  `paytype` varchar(191) NOT NULL,
  `createdatetime` datetime NOT NULL,
  `orderstatus` tinyint(4) NOT NULL,
  `tax_value` varchar(191) NOT NULL,
  `userid` int(11) NOT NULL COMMENT 'userid online',
  PRIMARY KEY (`id`)
) ENGINE=InnoDB DEFAULT CHARSET=latin1 AUTO_INCREMENT=1 ;

-- --------------------------------------------------------

--
-- Table structure for table `onlinetemporderclient`
--

CREATE TABLE IF NOT EXISTS `onlinetemporderclient` (
  `id` int(11) NOT NULL AUTO_INCREMENT,
  `erpid` int(11) NOT NULL,
  `customer_id` int(11) NOT NULL,
  `orderid` int(11) NOT NULL,
  `clientname` varchar(256) COLLATE utf8mb4_unicode_ci NOT NULL,
  `clientcode` varchar(255) COLLATE utf8mb4_unicode_ci NOT NULL,
  `clientmobile` varchar(20) COLLATE utf8mb4_unicode_ci NOT NULL,
  `clientdebt` decimal(10,2) NOT NULL,
  `clientaddress` varchar(256) COLLATE utf8mb4_unicode_ci NOT NULL,
  `clientareaid` int(11) NOT NULL,
  PRIMARY KEY (`id`)
) ENGINE=InnoDB DEFAULT CHARSET=utf8mb4 COLLATE=utf8mb4_unicode_ci AUTO_INCREMENT=1 ;

-- --------------------------------------------------------

--
-- Table structure for table `onlinetemporderproduct`
--

CREATE TABLE IF NOT EXISTS `onlinetemporderproduct` (
  `id` int(11) NOT NULL AUTO_INCREMENT,
  `orderid` int(11) NOT NULL,
  `productid` int(11) NOT NULL,
  `sizeid` varchar(255) COLLATE utf8mb4_unicode_ci NOT NULL,
  `price` double NOT NULL,
  `quantity` varchar(191) COLLATE utf8mb4_unicode_ci NOT NULL,
  `shippingcost` double NOT NULL,
  `total` double NOT NULL,
  `orderstatus` int(11) NOT NULL,
  `shippingtype` varchar(191) COLLATE utf8mb4_unicode_ci NOT NULL,
  `discountprice` double NOT NULL,
  PRIMARY KEY (`id`)
) ENGINE=InnoDB DEFAULT CHARSET=utf8mb4 COLLATE=utf8mb4_unicode_ci AUTO_INCREMENT=1 ;

-- --------------------------------------------------------

--
-- Table structure for table `onlinetempproduct`
--

CREATE TABLE IF NOT EXISTS `onlinetempproduct` (
  `id` int(11) NOT NULL AUTO_INCREMENT,
  `productid` int(11) NOT NULL,
  `edited` tinyint(4) NOT NULL COMMENT '0 not edited "this value is therre online", 1 edited , 2 del',
  `sysdate` datetime NOT NULL,
  `userid` int(11) NOT NULL,
  PRIMARY KEY (`id`),
  UNIQUE KEY `productid` (`productid`)
) ENGINE=InnoDB  DEFAULT CHARSET=latin1 AUTO_INCREMENT=51 ;

--
-- Dumping data for table `onlinetempproduct`
--

INSERT INTO `onlinetempproduct` (`id`, `productid`, `edited`, `sysdate`, `userid`) VALUES
(1, 1, 1, '2025-12-20 03:18:10', 1),
(2, 2, 1, '2025-12-21 01:17:49', 1),
(3, 3, 1, '2025-12-21 01:16:53', 1),
(4, 4, 1, '2025-12-21 01:16:45', 1),
(7, 5, 1, '2026-04-05 00:38:55', 1),
(8, 6, 2, '2025-12-20 03:28:42', 1),
(10, 7, 1, '2025-12-20 03:29:34', 1),
(11, 8, 1, '2026-06-21 00:26:07', 1),
(12, 9, 1, '2025-12-20 14:59:58', 1),
(13, 10, 1, '2025-12-20 14:59:59', 1),
(14, 11, 1, '2025-12-20 15:00:00', 1),
(15, 12, 1, '2025-12-20 15:00:02', 1),
(16, 13, 1, '2025-12-20 15:00:02', 1),
(17, 14, 1, '2025-12-20 15:00:04', 1),
(18, 15, 1, '2025-12-21 00:03:14', 1),
(19, 16, 1, '2025-12-21 00:03:16', 1),
(20, 17, 1, '2025-12-21 00:03:17', 1),
(21, 18, 1, '2025-12-21 00:03:19', 1),
(22, 19, 1, '2025-12-21 00:03:21', 1),
(23, 20, 1, '2025-12-21 00:03:23', 1),
(24, 21, 1, '2025-12-21 00:03:25', 1),
(25, 22, 1, '2025-12-21 00:03:27', 1),
(26, 23, 1, '2025-12-21 00:03:29', 1),
(27, 24, 1, '2025-12-21 00:03:31', 1),
(28, 25, 1, '2025-12-21 00:03:34', 1),
(29, 26, 1, '2025-12-21 00:03:35', 1),
(30, 27, 1, '2025-12-21 00:03:37', 1),
(31, 28, 1, '2025-12-21 00:03:39', 1),
(32, 29, 1, '2025-12-21 00:03:41', 1),
(33, 30, 1, '2025-12-21 00:03:43', 1),
(34, 31, 1, '2025-12-21 00:07:12', 1),
(35, 32, 1, '2025-12-21 00:09:10', 1),
(36, 33, 1, '2025-12-29 21:42:43', 1),
(37, 34, 1, '2025-12-30 01:17:40', 1),
(38, 35, 1, '2025-12-30 01:17:42', 1),
(39, 36, 1, '2025-12-30 01:17:44', 1),
(40, 37, 1, '2026-05-17 04:33:26', 1),
(41, 38, 1, '2026-05-17 04:33:28', 1),
(42, 39, 1, '2026-05-17 04:33:29', 1),
(43, 40, 2, '2026-06-13 16:15:43', 1),
(44, 41, 2, '2026-06-13 16:15:02', 1),
(45, 42, 2, '2026-06-13 16:15:20', 1),
(46, 43, 1, '2026-06-14 02:45:11', 1),
(47, 44, 1, '2026-06-14 02:45:44', 1);

-- --------------------------------------------------------

--
-- Table structure for table `onlinetempstoredetail`
--

CREATE TABLE IF NOT EXISTS `onlinetempstoredetail` (
  `id` int(11) NOT NULL AUTO_INCREMENT,
  `storeid` int(11) NOT NULL,
  `productid` int(11) NOT NULL,
  `sizeid` int(11) NOT NULL,
  `colorid` int(11) NOT NULL,
  `quantity` decimal(10,2) NOT NULL,
  `edited` tinyint(4) NOT NULL COMMENT '0 not edited "this value is therre online", 1 edited , 2 del',
  `sysdate` datetime NOT NULL,
  `userid` int(11) NOT NULL,
  PRIMARY KEY (`id`),
  UNIQUE KEY `uniquecombination` (`storeid`,`productid`,`sizeid`,`colorid`)
) ENGINE=InnoDB DEFAULT CHARSET=latin1 AUTO_INCREMENT=1 ;

-- --------------------------------------------------------

--
-- Table structure for table `onlinetempstorereport`
--

CREATE TABLE IF NOT EXISTS `onlinetempstorereport` (
  `storereportid` int(11) NOT NULL AUTO_INCREMENT,
  `productid` int(11) NOT NULL,
  `storeid` int(11) NOT NULL,
  `productquantity` decimal(10,2) NOT NULL,
  `storereporttype` int(11) NOT NULL COMMENT '0 => plus- 1 => minus',
  `storereportmodelid` int(11) NOT NULL,
  `processname` varchar(256) NOT NULL,
  `tablename` varchar(256) NOT NULL,
  `productbefore` decimal(10,2) NOT NULL,
  `productafter` decimal(10,2) NOT NULL,
  `userid` int(11) NOT NULL,
  `storereportdate` date NOT NULL,
  PRIMARY KEY (`storereportid`),
  KEY `productid` (`productid`,`storeid`),
  KEY `storeid` (`storeid`)
) ENGINE=InnoDB DEFAULT CHARSET=utf8 AUTO_INCREMENT=1 ;

-- --------------------------------------------------------

--
-- Table structure for table `otherrequest`
--

CREATE TABLE IF NOT EXISTS `otherrequest` (
  `id` int(11) NOT NULL AUTO_INCREMENT,
  `requestTo` int(11) NOT NULL COMMENT '0 branch - 1 user group - 2 user',
  `requestToId` int(11) NOT NULL,
  `requestTitle` varchar(255) CHARACTER SET utf8mb4 COLLATE utf8mb4_unicode_ci NOT NULL,
  `comment` text CHARACTER SET utf8mb4 COLLATE utf8mb4_unicode_ci NOT NULL,
  `requestDate` date NOT NULL,
  `userId` int(11) NOT NULL,
  `branchId` int(11) NOT NULL COMMENT 'branch who made the request',
  `seen` int(11) NOT NULL DEFAULT '0',
  `deleted` int(11) NOT NULL,
  PRIMARY KEY (`id`)
) ENGINE=InnoDB DEFAULT CHARSET=latin1 AUTO_INCREMENT=1 ;

-- --------------------------------------------------------

--
-- Table structure for table `otherstoremovement`
--

CREATE TABLE IF NOT EXISTS `otherstoremovement` (
  `id` int(11) NOT NULL AUTO_INCREMENT,
  `oprationnumber` varchar(255) NOT NULL,
  `deloperation` int(11) NOT NULL,
  `del` int(11) NOT NULL,
  `userid` int(11) NOT NULL,
  `comment` text NOT NULL,
  `oprationdata` date NOT NULL,
  PRIMARY KEY (`id`)
) ENGINE=InnoDB DEFAULT CHARSET=utf8 AUTO_INCREMENT=1 ;

-- --------------------------------------------------------

--
-- Table structure for table `pages`
--

CREATE TABLE IF NOT EXISTS `pages` (
  `id` int(11) NOT NULL AUTO_INCREMENT,
  `title` varchar(255) NOT NULL,
  `titleEn` varchar(255) NOT NULL,
  `contentOrExternalLink` tinyint(4) NOT NULL,
  `externalLink` varchar(500) NOT NULL COMMENT '0 content',
  `openTarget` tinyint(4) NOT NULL COMMENT '0 newtab, 1 same tab',
  `content` text NOT NULL,
  `contentEn` text NOT NULL,
  `isActive` tinyint(4) NOT NULL,
  `image` varchar(255) NOT NULL,
  `sysDate` datetime NOT NULL,
  `userid` int(11) NOT NULL,
  `isdel` tinyint(4) NOT NULL,
  PRIMARY KEY (`id`)
) ENGINE=InnoDB DEFAULT CHARSET=latin1 AUTO_INCREMENT=1 ;

-- --------------------------------------------------------

--
-- Table structure for table `partner`
--

CREATE TABLE IF NOT EXISTS `partner` (
  `partnerid` int(11) NOT NULL AUTO_INCREMENT,
  `partnername` varchar(256) NOT NULL,
  `partnerdate` date NOT NULL,
  `partnerpercentage` decimal(10,2) NOT NULL,
  `partnermoney` decimal(10,2) NOT NULL,
  `conditions` int(11) NOT NULL DEFAULT '0',
  `comment` text NOT NULL,
  `userid` int(11) NOT NULL,
  `dailyentryid` int(11) NOT NULL,
  `treeId` int(11) NOT NULL DEFAULT '0',
  PRIMARY KEY (`partnerid`)
) ENGINE=InnoDB  DEFAULT CHARSET=utf8 AUTO_INCREMENT=7 ;

--
-- Dumping data for table `partner`
--

INSERT INTO `partner` (`partnerid`, `partnername`, `partnerdate`, `partnerpercentage`, `partnermoney`, `conditions`, `comment`, `userid`, `dailyentryid`, `treeId`) VALUES
(1, 'ايمان', '2025-12-30', '100.00', '-5027651.00', 0, '', 1, 0, 451),
(2, 'مصباح', '2025-12-30', '100.00', '-1047356.00', 0, '', 1, 0, 452),
(3, 'سعد', '2026-01-06', '100.00', '0.00', 0, '', 1, 0, 453),
(4, 'وليد شادى', '2026-01-15', '100.00', '1675000.00', 0, '', 1, 0, 487),
(5, 'هشام ابراهيم', '2026-01-27', '100.00', '0.00', 0, '', 1, 0, 490),
(6, 'الشحات ماضى ', '2026-02-05', '100.00', '0.00', 0, '', 1, 0, 491);

-- --------------------------------------------------------

--
-- Table structure for table `partnertransferbetween`
--

CREATE TABLE IF NOT EXISTS `partnertransferbetween` (
  `partnertransferbetweenid` int(11) NOT NULL AUTO_INCREMENT,
  `partneridfrom` int(11) NOT NULL,
  `partneridto` int(11) NOT NULL,
  `partnervalue` decimal(10,2) NOT NULL,
  `comment` text NOT NULL,
  `partnerdate` date NOT NULL,
  `userid` int(11) NOT NULL,
  `conditions` int(11) NOT NULL DEFAULT '0',
  `partnerfrombefore` decimal(10,2) NOT NULL DEFAULT '0.00',
  `partnerfromafter` decimal(10,2) NOT NULL DEFAULT '0.00',
  `partnertobefore` decimal(10,2) NOT NULL DEFAULT '0.00',
  `partnertoafter` decimal(10,2) NOT NULL DEFAULT '0.00',
  `dailyentryid` int(11) NOT NULL,
  PRIMARY KEY (`partnertransferbetweenid`)
) ENGINE=InnoDB DEFAULT CHARSET=utf8 AUTO_INCREMENT=1 ;

-- --------------------------------------------------------

--
-- Table structure for table `partnerwithdrawal`
--

CREATE TABLE IF NOT EXISTS `partnerwithdrawal` (
  `partnerwithdrawalid` int(11) NOT NULL AUTO_INCREMENT,
  `partnerid` int(11) NOT NULL,
  `partnerwithdrawalvalue` decimal(10,2) NOT NULL,
  `comment` text NOT NULL,
  `partnerwithdrawaldate` date NOT NULL,
  `userid` int(11) NOT NULL,
  `saveid` int(11) NOT NULL,
  `conditions` int(11) NOT NULL DEFAULT '0',
  `partenrwithdrawaltype` int(11) NOT NULL COMMENT '0 ',
  `dailyentryid` int(11) NOT NULL,
  `bankid` int(11) NOT NULL,
  `bankaccountid` int(11) NOT NULL,
  `checknum` varchar(255) CHARACTER SET utf8mb4 COLLATE utf8mb4_unicode_ci NOT NULL,
  `partnerbefore` decimal(10,2) NOT NULL DEFAULT '0.00',
  `partnerafter` decimal(10,2) NOT NULL DEFAULT '0.00',
  PRIMARY KEY (`partnerwithdrawalid`),
  KEY `partnerid` (`partnerid`)
) ENGINE=InnoDB  DEFAULT CHARSET=utf8 AUTO_INCREMENT=260 ;

--
-- Dumping data for table `partnerwithdrawal`
--

INSERT INTO `partnerwithdrawal` (`partnerwithdrawalid`, `partnerid`, `partnerwithdrawalvalue`, `comment`, `partnerwithdrawaldate`, `userid`, `saveid`, `conditions`, `partenrwithdrawaltype`, `dailyentryid`, `bankid`, `bankaccountid`, `checknum`, `partnerbefore`, `partnerafter`) VALUES
(1, 1, '0.00', 'اضاÙة  شريك   يقيمة  ', '2025-12-30', 1, 1, 1, 0, 0, 0, 0, '0', '0.00', '0.00'),
(2, 2, '0.00', 'اضاÙة  شريك   يقيمة  ', '2025-12-30', 1, 1, 1, 0, 0, 0, 0, '0', '0.00', '0.00'),
(3, 3, '0.00', 'اضاÙة  شريك   يقيمة  ', '2025-12-30', 1, 1, 1, 0, 0, 0, 0, '0', '0.00', '0.00'),
(4, 1, '280000.00', 'نقدى ايمان', '2025-12-30', 1, 1, 1, 1, 598, 0, 0, '0', '0.00', '-280000.00'),
(5, 1, '30000.00', '16000 محÙظه \r\n14000 نقدى', '2025-12-30', 1, 1, 1, 1, 599, 0, 0, '0', '-280000.00', '-310000.00'),
(6, 2, '440000.00', '', '2025-12-30', 1, 1, 1, 1, 603, 0, 0, '0', '0.00', '-440000.00'),
(7, 2, '560000.00', '', '2025-12-30', 1, 1, 1, 1, 611, 0, 0, '0', '-440000.00', '-1000000.00'),
(8, 2, '500000.00', '', '2025-12-30', 1, 1, 1, 1, 621, 0, 0, '0', '-1000000.00', '-1500000.00'),
(9, 2, '20000.00', 'وصل لعلى', '2025-12-30', 1, 1, 1, 1, 628, 0, 0, '0', '-1500000.00', '-1520000.00'),
(10, 2, '65690.00', '', '2025-12-30', 1, 1, 1, 1, 629, 0, 0, '0', '-1520000.00', '-1585690.00'),
(11, 2, '330000.00', 'لعلى', '2025-12-30', 1, 1, 1, 1, 636, 0, 0, '0', '-1585690.00', '-1915690.00'),
(12, 2, '25000.00', '150 لعلى منهم 125 من كوثر', '2025-12-31', 1, 1, 1, 0, 637, 0, 0, '0', '-4490890.00', '-4515890.00'),
(13, 2, '500000.00', '10000 مايكل', '2025-12-31', 1, 1, 1, 0, 665, 0, 0, '0', '-1890690.00', '-1890690.00'),
(14, 2, '780570.00', 'لعلى 30000+750570', '2025-12-31', 1, 1, 1, 0, 673, 0, 0, '0', '-1390690.00', '-1390690.00'),
(15, 2, '171700.00', 'لعلى وخالص', '2025-12-31', 1, 1, 1, 1, 678, 0, 0, '0', '-610120.00', '-781820.00'),
(16, 2, '0.00', 'على', '2025-12-31', 1, 1, 1, 1, 0, 0, 0, '0', '-781820.00', '-781820.00'),
(17, 2, '0.00', 'لعلى', '2025-12-31', 1, 1, 1, 1, 0, 0, 0, '0', '-781820.00', '-781820.00'),
(18, 2, '330000.00', 'الشحات وباقى له 170000', '2025-12-31', 1, 1, 1, 1, 705, 0, 0, '0', '-781820.00', '-1111820.00'),
(19, 3, '80000.00', '', '2025-12-31', 1, 1, 1, 1, 712, 0, 0, '0', '0.00', '-80000.00'),
(20, 2, '500000.00', 'على', '2025-12-31', 1, 1, 1, 1, 714, 0, 0, '0', '-1111820.00', '-1611820.00'),
(21, 2, '0.00', 'على مليون و 200', '2025-12-31', 1, 1, 1, 1, 0, 0, 0, '0', '-1611820.00', '-1611820.00'),
(22, 2, '353500.00', '+400 الÙ من حمدى', '2025-12-31', 1, 1, 1, 1, 743, 0, 0, '0', '-1611820.00', '-1965320.00'),
(23, 2, '0.00', 'لعلى 30000+750570', '2025-12-31', 1, 1, 1, 1, 0, 0, 0, '0', '-2745890.00', '-2745890.00'),
(24, 2, '500000.00', '10000 مايكل', '2025-12-31', 1, 1, 1, 1, 789, 0, 0, '0', '-3245890.00', '-3745890.00'),
(25, 2, '700000.00', 'على مليون و 200', '2025-12-31', 1, 1, 1, 1, 790, 0, 0, '0', '-3745890.00', '-4445890.00'),
(26, 2, '20000.00', 'على', '2025-12-31', 1, 1, 1, 1, 791, 0, 0, '0', '-4445890.00', '-4465890.00'),
(27, 2, '25000.00', 'لعلى +125 من كوثر', '2025-12-31', 1, 1, 1, 1, 792, 0, 0, '0', '-4465890.00', '-4490890.00'),
(28, 2, '0.00', '0تعديل  شريك   يقيمة  ', '2026-01-06', 1, 1, 0, 0, 0, 0, 0, '0', '0.00', '0.00'),
(29, 1, '0.00', '0تعديل  شريك   يقيمة  ', '2026-01-06', 1, 1, 0, 0, 0, 0, 0, '0', '0.00', '0.00'),
(30, 3, '0.00', '0تعديل  شريك   يقيمة  ', '2026-01-06', 1, 1, 0, 0, 0, 0, 0, '0', '0.00', '0.00'),
(31, 1, '280000.00', 'زكاه', '2026-01-06', 1, 1, 0, 1, 815, 0, 0, '0', '0.00', '-280000.00'),
(32, 1, '7860.00', '', '2026-01-06', 1, 1, 0, 1, 816, 0, 0, '0', '-280000.00', '-287860.00'),
(33, 1, '48000.00', 'زكاه + 21000 ÙوداÙون وانستا +نقدى', '2026-01-06', 1, 1, 0, 1, 817, 0, 0, '0', '-287860.00', '-335860.00'),
(34, 1, '0.00', 'مصاريÙ', '2026-01-06', 1, 1, 0, 1, 0, 0, 0, '0', '-335860.00', '-335860.00'),
(35, 1, '10000.00', 'نقدى', '2026-01-06', 1, 1, 0, 1, 819, 0, 0, '0', '-335860.00', '-345860.00'),
(36, 2, '2500.00', 'شهريه 5', '2026-01-06', 1, 1, 0, 1, 821, 0, 0, '0', '0.00', '-2500.00'),
(37, 2, '2500.00', 'تنزيل ÙوداÙون تبع مصباح', '2026-01-06', 1, 1, 0, 1, 823, 0, 0, '0', '-2500.00', '-5000.00'),
(38, 1, '24700.00', 'ÙوداÙون كاش', '2026-01-06', 1, 1, 0, 1, 824, 0, 0, '0', '-345860.00', '-370560.00'),
(39, 1, '400.00', '', '2026-01-06', 1, 1, 0, 1, 825, 0, 0, '0', '-370560.00', '-370960.00'),
(40, 1, '7500.00', '', '2026-01-06', 1, 1, 0, 1, 826, 0, 0, '0', '-370960.00', '-378460.00'),
(41, 1, '19200.00', '12300 انستا +6900 ÙوداÙون كاش', '2026-01-06', 1, 1, 0, 1, 827, 0, 0, '0', '-378460.00', '-397660.00'),
(42, 2, '2500.00', 'شهريه 6', '2026-01-06', 1, 1, 0, 1, 830, 0, 0, '0', '-5000.00', '-7500.00'),
(43, 1, '24000.00', 'نقدى 7500+1500+15000', '2026-01-06', 1, 1, 0, 1, 832, 0, 0, '0', '-397660.00', '-421660.00'),
(44, 1, '9485.00', '5000 نقدى + 4485 مصاريÙ بيد سعد', '2026-01-06', 1, 1, 0, 1, 833, 0, 0, '0', '-421660.00', '-431145.00'),
(45, 1, '14180.00', '5200 ÙوداÙون +8980 مصاريÙ مصباح ايمان', '2026-01-06', 1, 1, 0, 1, 834, 0, 0, '0', '-431145.00', '-445325.00'),
(46, 1, '20710.00', 'شغل خاص', '2026-01-06', 1, 1, 0, 1, 837, 0, 0, '0', '-445325.00', '-466035.00'),
(47, 1, '102000.00', 'نقدى', '2026-01-06', 1, 1, 0, 1, 838, 0, 0, '0', '-466035.00', '-568035.00'),
(48, 1, '21600.00', 'شغل خاص', '2026-01-06', 1, 1, 0, 1, 841, 0, 0, '0', '-568035.00', '-589635.00'),
(49, 1, '94390.00', '1000 دو \r\n1400 در\r\n2000 رى', '2026-01-06', 1, 1, 0, 1, 846, 0, 0, '0', '-589635.00', '-684025.00'),
(50, 1, '105000.00', 'نقدى', '2026-01-06', 1, 1, 0, 1, 848, 0, 0, '0', '-684025.00', '-789025.00'),
(51, 1, '54210.00', 'حقنتين', '2026-01-06', 1, 1, 0, 1, 850, 0, 0, '0', '-789025.00', '-843235.00'),
(52, 1, '14700.00', 'نقدى + ÙوداÙون', '2026-01-06', 1, 1, 0, 1, 851, 0, 0, '0', '-843235.00', '-857935.00'),
(53, 1, '625.00', 'ÙوداÙون كاش', '2026-01-06', 1, 1, 0, 1, 852, 0, 0, '0', '-857935.00', '-858560.00'),
(54, 2, '4520.00', 'مصاريÙ + شهريه', '2026-01-06', 1, 1, 0, 1, 853, 0, 0, '0', '-7500.00', '-12020.00'),
(55, 1, '232900.00', '17 الÙ در', '2026-01-06', 1, 1, 0, 1, 854, 0, 0, '0', '-858560.00', '-1091460.00'),
(56, 2, '4520.00', 'مصاريÙ', '2026-01-06', 1, 1, 0, 1, 856, 0, 0, '0', '-12020.00', '-16540.00'),
(57, 1, '8000.00', 'محامى قضيه الحاجه', '2026-01-06', 1, 1, 0, 1, 864, 0, 0, '0', '-1091460.00', '-1099460.00'),
(58, 1, '144690.00', '10600 در', '2026-01-06', 1, 1, 0, 1, 866, 0, 0, '0', '-1099460.00', '-1244150.00'),
(59, 1, '370.00', 'شحن نت', '2026-01-06', 1, 1, 0, 1, 867, 0, 0, '0', '-1244150.00', '-1244520.00'),
(60, 2, '20000.00', 'محامى قضيه مصباح', '2026-01-06', 1, 1, 0, 1, 870, 0, 0, '0', '-16540.00', '-36540.00'),
(61, 1, '20000.00', 'نقدى', '2026-01-06', 1, 1, 0, 1, 872, 0, 0, '0', '-1244520.00', '-1264520.00'),
(62, 1, '2650.00', 'مصاريÙ', '2026-01-06', 1, 1, 0, 1, 875, 0, 0, '0', '-1264520.00', '-1267170.00'),
(63, 2, '2500.00', 'شهريه 8', '2026-01-06', 1, 1, 0, 1, 876, 0, 0, '0', '-36540.00', '-39040.00'),
(64, 1, '1075.00', 'شنط', '2026-01-06', 1, 1, 0, 1, 878, 0, 0, '0', '-1267170.00', '-1268245.00'),
(65, 1, '106200.00', 'نقدى + ÙوداÙون', '2026-01-06', 1, 1, 0, 1, 880, 0, 0, '0', '-1268245.00', '-1374445.00'),
(66, 1, '29895.00', '10000 نقدى \r\n19650 1500 در\r\n245 مصاريÙ', '2026-01-06', 1, 1, 0, 1, 881, 0, 0, '0', '-1374445.00', '-1404340.00'),
(67, 1, '2770.00', '', '2026-01-06', 1, 1, 0, 1, 883, 0, 0, '0', '-1404340.00', '-1407110.00'),
(68, 1, '14015.00', 'تحويل ÙوداÙون كاش + نقدى ايمان', '2026-01-06', 1, 1, 0, 1, 885, 0, 0, '0', '-1407110.00', '-1421125.00'),
(69, 1, '134500.00', 'شغل خاص', '2026-01-06', 1, 1, 0, 1, 886, 0, 0, '0', '-1421125.00', '-1555625.00'),
(70, 1, '1370.00', 'مصاريÙ شنط + مصباح', '2026-01-06', 1, 1, 0, 1, 888, 0, 0, '0', '-1555625.00', '-1556995.00'),
(71, 1, '8000.00', 'نقدى', '2026-01-06', 1, 1, 0, 1, 890, 0, 0, '0', '-1556995.00', '-1564995.00'),
(72, 1, '30000.00', 'نقدى', '2026-01-06', 1, 1, 0, 1, 891, 0, 0, '0', '-1564995.00', '-1594995.00'),
(73, 1, '3895.00', 'مصاريÙ محمد ومالك', '2026-01-06', 1, 1, 0, 1, 895, 0, 0, '0', '-1594995.00', '-1598890.00'),
(74, 1, '20000.00', 'نقدى', '2026-01-06', 1, 1, 0, 1, 898, 0, 0, '0', '-1598890.00', '-1618890.00'),
(75, 2, '2500.00', 'شهريه 9', '2026-01-06', 1, 1, 0, 1, 900, 0, 0, '0', '-39040.00', '-41540.00'),
(76, 1, '13200.00', '1000 در', '2026-01-06', 1, 1, 0, 1, 901, 0, 0, '0', '-1618890.00', '-1632090.00'),
(77, 2, '9750.00', '', '2026-01-06', 1, 1, 0, 1, 904, 0, 0, '0', '-41540.00', '-51290.00'),
(78, 2, '4000.00', 'مصاريÙ', '2026-01-06', 1, 1, 0, 1, 907, 0, 0, '0', '-51290.00', '-55290.00'),
(79, 1, '300.00', 'تصليح عجله مالك ومحمد', '2026-01-06', 1, 1, 1, 1, 908, 0, 0, '0', '-1632090.00', '-1632090.00'),
(80, 1, '40000.00', 'مرتين 20000', '2026-01-06', 1, 1, 0, 1, 909, 0, 0, '0', '-1632390.00', '-1672390.00'),
(81, 2, '630.00', '', '2026-01-06', 1, 1, 0, 1, 910, 0, 0, '0', '-55290.00', '-55920.00'),
(82, 2, '2500.00', 'شهريه10', '2026-01-06', 1, 1, 0, 1, 911, 0, 0, '0', '-55920.00', '-58420.00'),
(83, 1, '6860.00', 'شغل خاص 100 يو 100 در', '2026-01-06', 1, 1, 0, 1, 914, 0, 0, '0', '-1672390.00', '-1679250.00'),
(84, 1, '8000.00', '6000 نقدى+ 2000 زكاه', '2026-01-06', 1, 1, 0, 1, 915, 0, 0, '0', '-1679250.00', '-1687250.00'),
(85, 1, '300.00', 'تصليح عجله مالك ', '2026-01-06', 1, 1, 0, 1, 917, 0, 0, '0', '-1686950.00', '-1687250.00'),
(86, 1, '8150.00', 'تليÙون مالك', '2026-01-06', 1, 1, 0, 1, 918, 0, 0, '0', '-1687250.00', '-1695400.00'),
(87, 1, '5080.00', '400در', '2026-01-06', 1, 1, 0, 1, 921, 0, 0, '0', '-1695400.00', '-1700480.00'),
(88, 1, '600.00', 'مصاريÙ', '2026-01-06', 1, 1, 0, 1, 922, 0, 0, '0', '-1700480.00', '-1701080.00'),
(89, 2, '9600.00', 'مصاريÙ الزياره + علاج مصباح ومالك وايمان', '2026-01-06', 1, 1, 0, 1, 924, 0, 0, '0', '-58420.00', '-68020.00'),
(90, 2, '5000.00', 'نقدى', '2026-01-07', 1, 1, 0, 1, 928, 0, 0, '0', '-68020.00', '-73020.00'),
(91, 2, '14300.00', 'مشتريات من الياسين', '2026-01-07', 1, 1, 0, 1, 929, 0, 0, '0', '-73020.00', '-87320.00'),
(92, 1, '10000.00', 'نقدى', '2026-01-07', 1, 1, 0, 1, 931, 0, 0, '0', '-1701080.00', '-1711080.00'),
(93, 1, '20865.00', '1630×12.8', '2026-01-07', 1, 1, 0, 1, 932, 0, 0, '0', '-1711080.00', '-1731945.00'),
(94, 2, '2500.00', 'شهريه 11', '2026-01-07', 1, 1, 0, 1, 933, 0, 0, '0', '-87320.00', '-89820.00'),
(95, 1, '9450.00', '200 دو', '2026-01-07', 1, 1, 0, 1, 935, 0, 0, '0', '-1731945.00', '-1741395.00'),
(96, 1, '50000.00', 'سلكا', '2026-01-07', 1, 1, 0, 1, 937, 0, 0, '0', '-1741395.00', '-1791395.00'),
(97, 2, '16600.00', 'مصاريÙ', '2026-01-07', 1, 1, 0, 1, 938, 0, 0, '0', '-89820.00', '-106420.00'),
(98, 2, '5500.00', 'ÙوداÙون', '2026-01-07', 1, 1, 0, 1, 939, 0, 0, '0', '-106420.00', '-111920.00'),
(99, 2, '1050.00', 'باقى المصاريÙ + شاى', '2026-01-07', 1, 1, 0, 1, 940, 0, 0, '0', '-111920.00', '-112970.00'),
(100, 1, '10425.00', '220 دو', '2026-01-07', 1, 1, 0, 1, 941, 0, 0, '0', '-1791395.00', '-1801820.00'),
(101, 1, '50000.00', 'نقيطه', '2026-01-07', 1, 1, 0, 1, 942, 0, 0, '0', '-1801820.00', '-1851820.00'),
(102, 1, '11400.00', 'الرز', '2026-01-07', 1, 1, 0, 1, 943, 0, 0, '0', '-1851820.00', '-1863220.00'),
(103, 1, '20000.00', 'نقدى', '2026-01-07', 1, 1, 0, 1, 944, 0, 0, '0', '-1863220.00', '-1883220.00'),
(104, 2, '3000.00', 'ÙوداÙون كاش', '2026-01-07', 1, 1, 0, 1, 945, 0, 0, '0', '-112970.00', '-115970.00'),
(105, 1, '75000.00', 'شغل خاص بسعد مع مؤنس', '2026-01-07', 1, 1, 0, 1, 946, 0, 0, '0', '-1883220.00', '-1958220.00'),
(106, 1, '1375.00', 'مصاريÙ جواد', '2026-01-07', 1, 1, 0, 1, 947, 0, 0, '0', '-1958220.00', '-1959595.00'),
(107, 1, '135000.00', 'نقدى من سعد', '2026-01-07', 1, 1, 0, 1, 948, 0, 0, '0', '-1959595.00', '-2094595.00'),
(108, 2, '8900.00', 'مصاريÙ', '2026-01-07', 1, 1, 0, 1, 952, 0, 0, '0', '-115970.00', '-124870.00'),
(109, 2, '2500.00', 'شهريه 12', '2026-01-07', 1, 1, 0, 1, 954, 0, 0, '0', '-124870.00', '-127370.00'),
(110, 1, '14200.00', 'نقدى + محÙظه 4200', '2026-01-07', 1, 1, 0, 1, 956, 0, 0, '0', '-2094595.00', '-2108795.00'),
(111, 2, '35000.00', 'نقدى لبتاع الساعه', '2026-01-07', 1, 1, 0, 1, 957, 0, 0, '0', '-127370.00', '-162370.00'),
(112, 1, '3535.00', 'مصاريÙ', '2026-01-07', 1, 1, 0, 1, 961, 0, 0, '0', '-2108795.00', '-2112330.00'),
(113, 2, '300.00', 'بن الصÙا والمروه', '2026-01-07', 1, 1, 0, 1, 962, 0, 0, '0', '-162370.00', '-162670.00'),
(114, 1, '19480.00', '1510×12.9', '2026-01-07', 1, 1, 0, 1, 964, 0, 0, '0', '-2112330.00', '-2131810.00'),
(115, 1, '60000.00', 'نقدى', '2026-01-07', 1, 1, 0, 1, 965, 0, 0, '0', '-2131810.00', '-2191810.00'),
(116, 1, '1470.00', 'مصاريÙ', '2026-01-07', 1, 1, 0, 1, 967, 0, 0, '0', '-2191810.00', '-2193280.00'),
(117, 2, '10100.00', '', '2026-01-07', 1, 1, 0, 1, 973, 0, 0, '0', '-162670.00', '-172770.00'),
(118, 1, '10000.00', 'نقدى', '2026-01-07', 1, 1, 0, 1, 974, 0, 0, '0', '-2193280.00', '-2203280.00'),
(119, 1, '3030.00', 'مصاريÙ كشÙ جواد ومحمد وملابس مالك ومحمد تليÙون زراير ', '2026-01-07', 1, 1, 0, 1, 975, 0, 0, '0', '-2203280.00', '-2206310.00'),
(120, 1, '18120.00', '1415 در', '2026-01-07', 1, 1, 0, 1, 976, 0, 0, '0', '-2206310.00', '-2224430.00'),
(121, 1, '12850.00', '1000 در ', '2026-01-07', 1, 1, 0, 1, 977, 0, 0, '0', '-2224430.00', '-2237280.00'),
(122, 1, '2000.00', 'تحويل ÙوداÙون زكاه', '2026-01-07', 1, 1, 0, 1, 978, 0, 0, '0', '-2237280.00', '-2239280.00'),
(123, 2, '2500.00', 'شهريه 1', '2026-01-07', 1, 1, 0, 1, 979, 0, 0, '0', '-172770.00', '-175270.00'),
(124, 1, '345.00', 'نت', '2026-01-07', 1, 1, 0, 1, 980, 0, 0, '0', '-2239280.00', '-2239625.00'),
(125, 2, '9225.00', '3000 نقدى لاموره \r\n3000 تحويل ÙوداÙون كاش\r\n3220 طلبات للزياره', '2026-01-14', 1, 1, 0, 1, 988, 0, 0, '0', '-175270.00', '-184495.00'),
(126, 1, '34130.00', 'دهب', '2026-01-14', 1, 1, 0, 1, 990, 0, 0, '0', '-2239625.00', '-2273755.00'),
(127, 1, '66000.00', 'نقدى احمد مؤنس 5120', '2026-01-14', 1, 1, 0, 1, 991, 0, 0, '0', '-2273755.00', '-2339755.00'),
(128, 1, '5000.00', '3500 ÙوداÙون كاش +1000 نقدى +500 مصاريÙ', '2026-01-15', 1, 1, 0, 1, 998, 0, 0, '0', '-2339755.00', '-2344755.00'),
(129, 4, '460000.00', '460000اضاÙة  شريك   يقيمة  ', '2026-01-15', 1, 1, 1, 0, 999, 0, 0, '0', '0.00', '460000.00'),
(130, 4, '460000.00', '460000تعديل  شريك   يقيمة  ', '2026-01-15', 1, 1, 1, 0, 1001, 0, 0, '0', '0.00', '460000.00'),
(131, 4, '2125000.00', '', '2026-01-15', 1, 1, 1, 0, 1002, 0, 0, '0', '460000.00', '2585000.00'),
(132, 4, '460000.00', '460000تعديل  شريك   يقيمة  ', '2026-01-15', 1, 1, 0, 0, 1005, 0, 0, '0', '0.00', '460000.00'),
(133, 4, '800000.00', '', '2026-01-16', 1, 1, 0, 0, 1007, 0, 0, '0', '460000.00', '1260000.00'),
(134, 1, '5650.00', '3500 زيت زيتون\r\n1450 مكسرات\r\n700 حلويات', '2026-01-18', 1, 1, 0, 1, 1034, 0, 0, '0', '-2344755.00', '-2350405.00'),
(135, 1, '12000.00', '2000 نقدى \r\n10000 محÙظه', '2026-01-19', 1, 1, 0, 1, 1035, 0, 0, '0', '-2350405.00', '-2362405.00'),
(136, 4, '150000.00', 'نقدى من احمد', '2026-01-21', 1, 1, 0, 0, 1041, 0, 0, '0', '1260000.00', '1410000.00'),
(137, 1, '12900.00', '1000 بيد سعد', '2026-01-21', 1, 1, 0, 1, 1042, 0, 0, '0', '-2362405.00', '-2375305.00'),
(138, 2, '3330.00', 'شراء الزياره + 445 ايمان', '2026-01-23', 1, 1, 0, 1, 1051, 0, 0, '0', '-184495.00', '-187825.00'),
(139, 2, '3900.00', 'مبرد 85 سم', '2026-02-05', 1, 1, 1, 1, 1054, 0, 0, '0', '-187825.00', '-187825.00'),
(140, 4, '200000.00', '', '2026-01-27', 1, 1, 0, 0, 1079, 0, 0, '0', '1410000.00', '1610000.00'),
(141, 5, '0.00', 'اضاÙة  شريك   يقيمة  ', '2026-01-27', 1, 1, 1, 0, 0, 0, 0, '0', '0.00', '0.00'),
(142, 5, '200000.00', '200000تعديل  شريك   يقيمة  ', '2026-01-27', 1, 1, 0, 0, 1080, 0, 0, '0', '0.00', '200000.00'),
(143, 2, '3020.00', 'مصاريÙ زياره', '2026-01-31', 1, 1, 0, 1, 1093, 0, 0, '0', '-191725.00', '-194745.00'),
(144, 1, '4000.00', 'زكاه طرÙ مصباح', '2026-01-31', 1, 1, 0, 1, 1094, 0, 0, '0', '-2375305.00', '-2379305.00'),
(145, 1, '4470.00', '2000 نقدى +2470 بناطيل لمحمد وايمان ومالك', '2026-01-31', 1, 1, 0, 1, 1095, 0, 0, '0', '-2379305.00', '-2383775.00'),
(146, 2, '3500.00', 'تحويل ÙوداÙون', '2026-02-05', 1, 1, 0, 1, 1101, 0, 0, '0', '-194745.00', '-198245.00'),
(147, 2, '4500.00', '2500 شهريه شهر 2+ 2000 اموره من مصباح', '2026-02-05', 1, 1, 0, 1, 1102, 0, 0, '0', '-198245.00', '-202745.00'),
(148, 1, '25500.00', '2000 مع سعد دبى', '2026-02-05', 1, 1, 0, 1, 1103, 0, 0, '0', '-2383775.00', '-2409275.00'),
(149, 1, '400.00', 'كشÙ محمد', '2026-02-05', 1, 1, 0, 1, 1104, 0, 0, '0', '-2409275.00', '-2409675.00'),
(150, 2, '3900.00', 'مبرد شكل الÙريش', '2026-01-23', 1, 1, 0, 1, 1106, 0, 0, '0', '-198845.00', '-202745.00'),
(151, 6, '300000.00', '300000اضاÙة  شريك   يقيمة  ', '2026-02-05', 1, 1, 0, 0, 1107, 0, 0, '0', '0.00', '300000.00'),
(152, 1, '92000.00', 'نقدى 90000+2000 نقدى من سعد', '2026-02-06', 1, 1, 0, 1, 1114, 0, 0, '0', '-2409675.00', '-2501675.00'),
(153, 1, '340.00', 'شحن نت', '2026-02-06', 1, 1, 0, 1, 1116, 0, 0, '0', '-2501675.00', '-2502015.00'),
(154, 4, '65000.00', 'نقدى بيد سعد', '2026-02-11', 1, 1, 0, 0, 1141, 0, 0, '0', '1610000.00', '1675000.00'),
(155, 1, '3990.00', 'مصاريÙ زيت وسكر ودقيق وجبن وابونبيل', '2026-02-14', 1, 1, 0, 1, 1155, 0, 0, '0', '-2502015.00', '-2506005.00'),
(156, 1, '20320.00', '1600 مع سعد 12.7', '2026-02-14', 1, 1, 0, 1, 1156, 0, 0, '0', '-2506005.00', '-2526325.00'),
(157, 2, '5500.00', 'تحويل ÙوداÙون كاش 3500+2000', '2026-02-14', 1, 1, 0, 1, 1157, 0, 0, '0', '-202745.00', '-208245.00'),
(158, 1, '700.00', 'تين + تمر ', '2026-02-14', 1, 1, 0, 1, 1158, 0, 0, '0', '-2526325.00', '-2527025.00'),
(159, 2, '6870.00', '5730مصاريÙ الزياره + اموره نقدى +قماش 1140', '2026-02-14', 1, 1, 0, 1, 1159, 0, 0, '0', '-208245.00', '-215115.00'),
(160, 2, '10000.00', 'تحت حساب مياه الشرب والصرÙ مع العميد مدحت', '2026-02-22', 1, 1, 0, 1, 1182, 0, 0, '0', '-215115.00', '-225115.00'),
(161, 1, '15480.00', '1200 مع احمد مؤنس', '2026-03-21', 1, 1, 1, 1, 1183, 0, 0, '0', '-2527025.00', '-2527025.00'),
(162, 1, '1000.00', 'مصاريÙ', '2026-02-22', 1, 1, 0, 1, 1184, 0, 0, '0', '-2542505.00', '-2543505.00'),
(163, 1, '14800.00', '14800 مشتريات من احمد مجدى +2350 مروحه ماس منزلى', '2026-02-23', 1, 1, 0, 1, 1192, 0, 0, '0', '-2543505.00', '-2558305.00'),
(164, 2, '7650.00', '2650 مصاريÙ + 5000 نقدى', '2026-02-26', 1, 1, 0, 1, 1200, 0, 0, '0', '-225115.00', '-232765.00'),
(165, 1, '100000.00', 'زكاه', '2026-03-05', 1, 1, 0, 1, 1236, 0, 0, '0', '-2558305.00', '-2658305.00'),
(166, 2, '3295.00', 'الزياره', '2026-03-07', 1, 1, 0, 1, 1240, 0, 0, '0', '-232765.00', '-236060.00'),
(167, 1, '936.00', 'مصاريÙ +كشÙ', '2026-03-07', 1, 1, 0, 1, 1241, 0, 0, '0', '-2658305.00', '-2659241.00'),
(168, 2, '2500.00', 'شهريه شهر 3', '2026-03-12', 1, 1, 0, 1, 1268, 0, 0, '0', '-236060.00', '-238560.00'),
(169, 5, '200000.00', 'حسابه خالص', '2026-03-12', 1, 1, 0, 1, 1270, 0, 0, '0', '200000.00', '0.00'),
(170, 6, '300000.00', 'خالص السلÙ', '2026-03-12', 1, 1, 0, 1, 1271, 0, 0, '0', '300000.00', '0.00'),
(171, 2, '150000.00', 'الشحات ماضى والباقى بعد التصÙيه', '2026-03-21', 1, 1, 1, 1, 1287, 0, 0, '0', '-399260.00', '-249260.00'),
(172, 2, '10700.00', '5000 نقدى والباقى الزياره', '2026-03-21', 1, 1, 0, 1, 1288, 0, 0, '0', '-388560.00', '-399260.00'),
(173, 1, '25000.00', 'عديات', '2026-03-21', 1, 1, 0, 1, 1289, 0, 0, '0', '-2659241.00', '-2684241.00'),
(174, 1, '2000.00', 'تحويل ÙوداÙون لحماده عبداللطيÙ', '2026-03-21', 1, 1, 0, 1, 1290, 0, 0, '0', '-2684241.00', '-2686241.00'),
(175, 1, '6000.00', 'توصيلهم ليد اموره شادى', '2026-03-21', 1, 1, 0, 1, 1291, 0, 0, '0', '-2686241.00', '-2692241.00'),
(176, 1, '1715.00', 'لبس جواد +محمد بنطلون + البلاي استيشن', '2026-03-21', 1, 1, 0, 1, 1292, 0, 0, '0', '-2692241.00', '-2693956.00'),
(177, 1, '500.00', 'زكاه احمد زكى مول', '2026-03-21', 1, 1, 0, 1, 1296, 0, 0, '0', '-2693956.00', '-2694456.00'),
(178, 1, '1000.00', 'زكاه الÙطر', '2026-03-21', 1, 1, 0, 1, 1297, 0, 0, '0', '-2694456.00', '-2695456.00'),
(179, 1, '15000.00', '1162 مع احمد مؤنس', '2026-02-22', 1, 1, 0, 1, 1303, 0, 0, '0', '-2679976.00', '-2694976.00'),
(180, 2, '150000.00', 'وصل الشحات وباقى التصÙيه', '2026-03-21', 1, 1, 0, 1, 1305, 0, 0, '0', '-249260.00', '-399260.00'),
(181, 1, '8900.00', '700 در Ùى دبى بتاريخ 9/2', '2026-03-21', 1, 1, 0, 1, 1306, 0, 0, '0', '-2694976.00', '-2703876.00'),
(182, 2, '1100.00', 'توزيعات هدايا رمضان', '2026-03-22', 1, 1, 0, 1, 1307, 0, 0, '0', '-399260.00', '-400360.00'),
(183, 1, '2500.00', 'نقدى Ùكه 10 و 5', '2026-03-24', 1, 1, 0, 1, 1308, 0, 0, '0', '-2703876.00', '-2706376.00'),
(184, 1, '8150.00', '4150 لمحمد + 4000 لجواد', '2026-03-24', 1, 1, 0, 1, 1309, 0, 0, '0', '-2706376.00', '-2714526.00'),
(185, 1, '12600.00', 'ثمن 900 درهم هنا مع سعد', '2026-03-26', 1, 1, 1, 1, 1311, 0, 0, '0', '-2714526.00', '-2714526.00'),
(186, 2, '4000.00', 'تحويل ÙوداÙون كاش', '2026-03-24', 1, 1, 0, 1, 1312, 0, 0, '0', '-400360.00', '-404360.00'),
(187, 1, '11900.00', 'ثمن850 درهم هنا مع سعد', '2026-03-24', 1, 1, 0, 1, 1317, 0, 0, '0', '-2714526.00', '-2726426.00'),
(188, 2, '790.00', 'مكسرات', '2026-03-26', 1, 1, 0, 1, 1319, 0, 0, '0', '-404360.00', '-405150.00'),
(189, 2, '2000.00', 'تحويل ÙوداÙون كاش', '2026-03-30', 1, 1, 0, 1, 1326, 0, 0, '0', '-405150.00', '-407150.00'),
(190, 2, '56000.00', 'سحب نقدى لشحات وخالص', '2026-03-30', 1, 1, 0, 1, 1327, 0, 0, '0', '-407150.00', '-463150.00'),
(191, 2, '3000.00', 'تحويل قوداÙون كاش', '2026-04-01', 1, 1, 0, 1, 1334, 0, 0, '0', '-463150.00', '-466150.00'),
(192, 1, '10000.00', 'تحويل ÙوداÙون كاش', '2026-04-01', 1, 1, 0, 1, 1335, 0, 0, '0', '-2726426.00', '-2736426.00'),
(193, 1, '4550.00', '310 در مع سعد', '2026-04-02', 1, 1, 0, 1, 1336, 0, 0, '0', '-2736426.00', '-2740976.00'),
(194, 2, '16140.00', '300 دو سداد لياسر شادى', '2026-04-02', 1, 1, 0, 1, 1337, 0, 0, '0', '-466150.00', '-482290.00'),
(195, 2, '52500.00', 'ثمن 1000 من الزهيرى سداد لياسر', '2026-04-02', 1, 1, 0, 1, 1338, 0, 0, '0', '-482290.00', '-534790.00'),
(196, 2, '2500.00', 'شهريه شهر 4', '2026-04-02', 1, 1, 0, 1, 1340, 0, 0, '0', '-534790.00', '-537290.00'),
(197, 1, '2000.00', 'تحويل ÙوداÙون كاش لحماده عبداللطيÙ', '2026-04-03', 1, 1, 0, 1, 1346, 0, 0, '0', '-2740976.00', '-2742976.00'),
(198, 2, '110000.00', 'باقى حساب ابراهيم بدر', '2026-04-03', 1, 1, 0, 1, 1347, 0, 0, '0', '-537290.00', '-647290.00'),
(199, 1, '23040.00', '1600 در هنا', '2026-04-12', 1, 1, 0, 1, 1380, 0, 0, '0', '-2742976.00', '-2766016.00'),
(200, 1, '143410.00', '', '2026-04-13', 1, 6, 0, 1, 1384, 0, 0, '0', '-2766016.00', '-2909426.00'),
(201, 2, '4500.00', '1500 زياره + 3000 نقدى', '2026-04-13', 1, 1, 0, 1, 1389, 0, 0, '0', '-647290.00', '-651790.00'),
(202, 1, '254575.00', '4750 * 53.30 دو\r\n100×14 ري', '2026-04-14', 1, 6, 0, 1, 1394, 0, 0, '0', '-2909426.00', '-3164001.00'),
(203, 1, '16035.00', '', '2026-04-15', 1, 6, 0, 1, 1395, 0, 0, '0', '-3164001.00', '-3180036.00'),
(204, 1, '10000.00', 'مصاريÙ', '2026-04-17', 1, 1, 0, 1, 1434, 0, 0, '0', '-3180036.00', '-3190036.00'),
(205, 1, '1400.00', '100 دره', '2026-04-20', 1, 1, 0, 1, 1448, 0, 0, '0', '-3190036.00', '-3191436.00'),
(206, 1, '28000.00', 'تليÙون محمول', '2026-04-27', 1, 1, 1, 1, 1450, 0, 0, '0', '-3239606.00', '-3211606.00'),
(207, 2, '325.00', 'بن المديريه', '2026-04-21', 1, 1, 0, 1, 1451, 0, 0, '0', '-651790.00', '-652115.00'),
(208, 2, '4413.00', 'مصاريÙ الزياره', '2026-04-23', 1, 1, 0, 1, 1464, 0, 0, '0', '-652115.00', '-656528.00'),
(209, 2, '138.00', 'جبنه الرومى', '2026-04-23', 1, 1, 0, 1, 1465, 0, 0, '0', '-656528.00', '-656666.00'),
(210, 2, '69970.00', 'التليÙون هديه + مشتملاته', '2026-04-24', 1, 1, 0, 1, 1470, 0, 0, '0', '-656666.00', '-726636.00'),
(211, 2, '28100.00', 'تليÙون محمد', '2026-04-24', 1, 1, 0, 1, 1471, 0, 0, '0', '-726636.00', '-754736.00'),
(212, 1, '170.00', 'اكياس', '2026-04-24', 1, 1, 0, 1, 1472, 0, 0, '0', '-3219436.00', '-3219606.00'),
(213, 1, '20000.00', 'نقدى يوم الجمعه لعمر مسعد', '2026-04-24', 1, 1, 0, 1, 1473, 0, 0, '0', '-3219606.00', '-3239606.00'),
(214, 2, '50000.00', 'زكاه بيد سعد', '2026-04-26', 1, 1, 0, 1, 1476, 0, 0, '0', '-754736.00', '-804736.00'),
(215, 1, '13950.00', '1000 ري هنا', '2026-04-27', 1, 1, 0, 1, 1489, 0, 0, '0', '-3211606.00', '-3225556.00'),
(216, 1, '8340.00', '600 رى 13.9', '2026-05-02', 1, 1, 0, 1, 1514, 0, 0, '0', '-3225556.00', '-3233896.00'),
(217, 2, '6000.00', 'تحويل محÙظه', '2026-05-04', 1, 1, 0, 1, 1517, 0, 0, '0', '-804736.00', '-810736.00'),
(218, 1, '20000.00', 'نقدى', '2026-05-04', 1, 1, 0, 1, 1518, 0, 0, '0', '-3233896.00', '-3253896.00'),
(219, 2, '100.00', 'Ùص الخاتم', '2026-05-04', 1, 1, 0, 1, 1519, 0, 0, '0', '-810736.00', '-810836.00'),
(220, 1, '430.00', 'ترنج مالك', '2026-05-07', 1, 1, 0, 1, 1548, 0, 0, '0', '-3253896.00', '-3254326.00'),
(221, 2, '6000.00', 'تحويل ÙوداÙون كاش للعلاج تبع مصباح', '2026-05-07', 1, 1, 0, 1, 1549, 0, 0, '0', '-810836.00', '-816836.00'),
(222, 2, '2000.00', 'شراء مسلزمات رياضيه من قصر الرياضه', '2026-05-07', 1, 1, 0, 1, 1550, 0, 0, '0', '-816836.00', '-818836.00'),
(223, 2, '2500.00', 'شهريه شهر 5', '2026-05-07', 1, 1, 0, 1, 1551, 0, 0, '0', '-818836.00', '-821336.00'),
(224, 2, '4540.00', 'علاج + مخبوزات + لب + 3500 نقدى زياره يوم الثلاثاء', '2026-05-07', 1, 1, 0, 1, 1552, 0, 0, '0', '-821336.00', '-825876.00'),
(225, 1, '2000.00', 'نقدى Ùى البلد يوم الجمعه', '2026-05-09', 1, 1, 0, 1, 1557, 0, 0, '0', '-3254326.00', '-3256326.00'),
(226, 1, '400.00', 'زكاه', '2026-05-11', 1, 1, 0, 1, 1567, 0, 0, '0', '-3256326.00', '-3256726.00'),
(227, 1, '2300.00', 'زكاه', '2026-05-14', 1, 1, 0, 1, 1584, 0, 0, '0', '-3256726.00', '-3259026.00'),
(228, 2, '4200.00', 'زياره علاج مصباح ومالك', '2026-05-14', 1, 1, 0, 1, 1586, 0, 0, '0', '-825876.00', '-830076.00'),
(229, 1, '500.00', 'Ùاكهه ومناديل', '2026-05-14', 1, 1, 0, 1, 1587, 0, 0, '0', '-3259026.00', '-3259526.00'),
(230, 1, '33250.00', '2375 ري ×14', '2026-05-17', 1, 1, 0, 1, 1596, 0, 0, '0', '-3259526.00', '-3292776.00'),
(231, 1, '36200.00', '2500 من مؤنس اجمالى 4833', '2026-05-19', 1, 1, 0, 1, 1604, 0, 0, '0', '-3292776.00', '-3328976.00'),
(232, 1, '12200.00', '200×61 يور', '2026-05-23', 1, 1, 0, 1, 1646, 0, 0, '0', '-3328976.00', '-3341176.00'),
(233, 1, '40000.00', '30000 نقدى عديات ومصاريÙ +10000 تحويل ÙوداÙون كاش', '2026-05-23', 1, 1, 0, 1, 1647, 0, 0, '0', '-3341176.00', '-3381176.00'),
(234, 2, '7020.00', '5000 نقدى +2020مصاريÙ الزياره', '2026-05-23', 1, 1, 0, 1, 1648, 0, 0, '0', '-830076.00', '-837096.00'),
(235, 1, '6000.00', 'نقدى ', '2026-05-25', 1, 1, 0, 1, 1664, 0, 0, '0', '-3381176.00', '-3387176.00'),
(236, 1, '6000.00', '100 يور', '2026-05-25', 1, 1, 0, 1, 1665, 0, 0, '0', '-3387176.00', '-3393176.00'),
(237, 1, '1000.00', 'زكاه', '2026-05-30', 1, 1, 0, 1, 1673, 0, 0, '0', '-3393176.00', '-3394176.00'),
(238, 2, '4000.00', 'زكاه', '2026-05-30', 1, 1, 0, 1, 1674, 0, 0, '0', '-837096.00', '-841096.00'),
(239, 1, '286020.00', 'تمن 20 الÙ Ùى دبى تم تحويل 6000 ليونى استيت و14000 رصيد مع احمد مؤنس', '2026-06-01', 1, 1, 0, 1, 1692, 0, 0, '0', '-3394176.00', '-3680196.00'),
(240, 1, '11040.00', '800 ري Ùى مصر', '2026-06-01', 1, 1, 0, 1, 1693, 0, 0, '0', '-3680196.00', '-3691236.00'),
(241, 1, '272480.00', '5200 دو *52,4', '2026-06-01', 1, 1, 0, 1, 1694, 0, 0, '0', '-3691236.00', '-3963716.00'),
(242, 2, '2500.00', 'شهريه 6', '2026-06-02', 1, 1, 0, 1, 1699, 0, 0, '0', '-841096.00', '-843596.00'),
(243, 1, '145100.00', '2780 دو *52.20\r\nمعايا اجمالى 14500', '2026-06-04', 1, 1, 1, 0, 1700, 0, 0, '0', '-3963716.00', '-3963716.00'),
(244, 1, '9000.00', '150*60 يو \r\n1050 الاجمالى', '2026-06-04', 1, 1, 0, 1, 1714, 0, 0, '0', '-3818616.00', '-3827616.00'),
(245, 1, '130000.00', '2500*52 دو\r\n17000 الاجمالى', '2026-06-04', 1, 1, 0, 1, 1715, 0, 0, '0', '-3827616.00', '-3957616.00'),
(246, 1, '865.00', '730 مصاريÙ مالك\r\n135 Ùاتوره الارضى', '2026-06-04', 1, 1, 0, 1, 1716, 0, 0, '0', '-3957616.00', '-3958481.00'),
(247, 1, '145100.00', '2780 دو *52.20\r\nمعايا اجمالى 14500', '2026-06-02', 1, 1, 0, 1, 1718, 0, 0, '0', '-4103581.00', '-4248681.00'),
(248, 1, '10000.00', 'محÙظه تحويل ', '2026-06-06', 1, 1, 0, 1, 1740, 0, 0, '0', '-4248681.00', '-4258681.00'),
(249, 2, '25000.00', 'نقدا للحاجه باقى لها 600 الÙ', '2026-06-06', 1, 1, 0, 1, 1741, 0, 0, '0', '-843596.00', '-868596.00'),
(250, 2, '100000.00', 'تبع الحاجه باقى لها 500 الÙ', '2026-06-07', 1, 1, 0, 1, 1763, 0, 0, '0', '-868596.00', '-968596.00'),
(251, 1, '307300.00', '600×14 در\r\n3130*13.70 ري\r\n4900×52.25 دو', '2026-06-09', 1, 1, 0, 1, 1780, 0, 0, '0', '-4258681.00', '-4565981.00'),
(252, 2, '260.00', 'شحن رصيد', '2026-06-09', 1, 1, 0, 1, 1781, 0, 0, '0', '-968596.00', '-968856.00'),
(253, 2, '20000.00', 'تحويل للحاجه باقى لها 480000', '2026-06-14', 1, 1, 0, 1, 1804, 0, 0, '0', '-968856.00', '-988856.00'),
(254, 1, '444810.00', '32350*13.75  ري\r\n30550 مع رائد\r\n16550 هنا', '2026-06-14', 1, 1, 0, 1, 1805, 0, 0, '0', '-4565981.00', '-5010791.00'),
(255, 1, '16860.00', '1200*14.5 در\r\n3582 مع احمد مؤنس منهم 1110 من محمد علام باقى الايجار\r\n23430 هنا\r\n', '2026-06-14', 1, 1, 0, 1, 1806, 0, 0, '0', '-5010791.00', '-5027651.00'),
(256, 2, '5600.00', 'مصاريÙ زياره مصباح', '2026-06-14', 1, 1, 0, 1, 1808, 0, 0, '0', '-988856.00', '-994456.00'),
(257, 2, '21900.00', 'تم دÙعهم لدهب عمر عند الحاج معاذ', '2026-06-16', 1, 1, 0, 1, 1815, 0, 0, '0', '-994456.00', '-1016356.00'),
(258, 2, '10000.00', 'من الزكاه', '2026-06-20', 1, 1, 0, 1, 1825, 0, 0, '0', '-1016356.00', '-1026356.00'),
(259, 2, '21000.00', 'الحاجه باقى لها 459000', '2026-06-20', 1, 1, 0, 1, 1826, 0, 0, '0', '-1026356.00', '-1047356.00');

-- --------------------------------------------------------

--
-- Table structure for table `paymentnetworks`
--

CREATE TABLE IF NOT EXISTS `paymentnetworks` (
  `id` int(11) NOT NULL AUTO_INCREMENT,
  `name` varchar(255) CHARACTER SET utf8mb4 COLLATE utf8mb4_unicode_ci NOT NULL,
  `discountpercent` decimal(10,2) DEFAULT '0.00',
  `deleted` int(11) NOT NULL DEFAULT '0',
  `nameen` varchar(255) CHARACTER SET utf8mb4 COLLATE utf8mb4_unicode_ci DEFAULT NULL,
  PRIMARY KEY (`id`)
) ENGINE=InnoDB DEFAULT CHARSET=latin1 AUTO_INCREMENT=1 ;

-- --------------------------------------------------------

--
-- Table structure for table `playstationcard`
--

CREATE TABLE IF NOT EXISTS `playstationcard` (
  `id` int(11) NOT NULL AUTO_INCREMENT,
  `name` varchar(255) COLLATE utf8mb4_unicode_ci NOT NULL,
  `packageVal` float NOT NULL,
  `packagePrice` float NOT NULL,
  `packageDays` int(11) NOT NULL,
  `file` varchar(255) COLLATE utf8mb4_unicode_ci NOT NULL,
  `del` tinyint(4) NOT NULL,
  `userid` int(11) NOT NULL,
  `sysdate` datetime NOT NULL,
  PRIMARY KEY (`id`)
) ENGINE=InnoDB DEFAULT CHARSET=utf8mb4 COLLATE=utf8mb4_unicode_ci AUTO_INCREMENT=1 ;

-- --------------------------------------------------------

--
-- Table structure for table `playstationclientcard`
--

CREATE TABLE IF NOT EXISTS `playstationclientcard` (
  `id` int(11) NOT NULL AUTO_INCREMENT,
  `cardid` int(11) NOT NULL,
  `clientid` int(11) NOT NULL,
  `buyDate` datetime NOT NULL,
  `packVal` float NOT NULL,
  `packPrice` float NOT NULL,
  `packDays` int(11) NOT NULL,
  `packValConsumed` float NOT NULL,
  `cardEndDate` datetime NOT NULL,
  `cardStatus` tinyint(4) NOT NULL COMMENT '0 active,1 totaly consumed , 2 expired',
  `userid` int(11) NOT NULL,
  `del` tinyint(4) NOT NULL,
  `sysDate` datetime NOT NULL,
  PRIMARY KEY (`id`)
) ENGINE=InnoDB DEFAULT CHARSET=latin1 AUTO_INCREMENT=1 ;

-- --------------------------------------------------------

--
-- Table structure for table `playstationclientcardpayhistory`
--

CREATE TABLE IF NOT EXISTS `playstationclientcardpayhistory` (
  `id` int(11) NOT NULL AUTO_INCREMENT,
  `clientid` int(11) NOT NULL,
  `cardid` int(11) NOT NULL,
  `cardValBefore` float NOT NULL,
  `payAmount` float NOT NULL,
  `changeType` tinyint(4) NOT NULL COMMENT '0 increase , 1decrease',
  `cardValAfter` float NOT NULL,
  `processname` varchar(255) CHARACTER SET latin1 NOT NULL,
  `modelid` int(11) NOT NULL,
  `tablename` varchar(255) CHARACTER SET latin1 NOT NULL,
  `comment` text CHARACTER SET latin1 NOT NULL,
  `conditions` tinyint(4) NOT NULL,
  `userid` int(11) NOT NULL,
  `sysDate` datetime NOT NULL,
  PRIMARY KEY (`id`)
) ENGINE=InnoDB DEFAULT CHARSET=utf8mb4 COLLATE=utf8mb4_unicode_ci AUTO_INCREMENT=1 ;

-- --------------------------------------------------------

--
-- Table structure for table `policy`
--

CREATE TABLE IF NOT EXISTS `policy` (
  `policyId` int(11) NOT NULL AUTO_INCREMENT,
  `policyName` varchar(255) NOT NULL,
  `policyDate` date NOT NULL,
  `policyNum` int(11) NOT NULL,
  `policyCost` decimal(10,2) NOT NULL,
  `policyType` int(11) NOT NULL COMMENT '1 => go- 2 =>return',
  `companyId` int(11) NOT NULL,
  `SenderName` varchar(255) NOT NULL,
  `invoicenumber` varchar(255) NOT NULL,
  `tempdele` int(11) NOT NULL,
  `saveId` int(11) NOT NULL,
  `senderType` int(11) NOT NULL COMMENT '1 => client- 2 =>supplier',
  `affectSave` tinyint(4) DEFAULT '0',
  `senderId` int(11) NOT NULL DEFAULT '0',
  PRIMARY KEY (`policyId`)
) ENGINE=InnoDB DEFAULT CHARSET=utf8 AUTO_INCREMENT=1 ;

-- --------------------------------------------------------

--
-- Table structure for table `premium`
--

CREATE TABLE IF NOT EXISTS `premium` (
  `id` int(11) NOT NULL AUTO_INCREMENT,
  `date` date NOT NULL,
  `value` int(11) NOT NULL,
  `premiumclient_id` int(11) NOT NULL,
  `payed` int(11) NOT NULL DEFAULT '0',
  `conditions` int(11) NOT NULL DEFAULT '0',
  `rest` int(11) NOT NULL DEFAULT '0',
  `payment_date` timestamp NULL DEFAULT NULL,
  PRIMARY KEY (`id`)
) ENGINE=InnoDB DEFAULT CHARSET=latin1 AUTO_INCREMENT=1 ;

-- --------------------------------------------------------

--
-- Table structure for table `premiumautomatic`
--

CREATE TABLE IF NOT EXISTS `premiumautomatic` (
  `id` int(11) NOT NULL AUTO_INCREMENT,
  `Totalinstallment` decimal(10,2) NOT NULL,
  `presenter_dir` decimal(10,2) NOT NULL,
  `presenter_per` decimal(10,2) NOT NULL,
  `date` date NOT NULL,
  `remain_amount` decimal(10,2) NOT NULL,
  `installment_nos` int(11) NOT NULL,
  `installment_months` int(11) NOT NULL,
  `installment_days` int(11) NOT NULL,
  `premiumclient_id` int(11) NOT NULL,
  `client_id` int(11) NOT NULL,
  `userid` int(11) NOT NULL,
  PRIMARY KEY (`id`)
) ENGINE=InnoDB DEFAULT CHARSET=latin1 AUTO_INCREMENT=1 ;

-- --------------------------------------------------------

--
-- Table structure for table `premiumclient`
--

CREATE TABLE IF NOT EXISTS `premiumclient` (
  `id` int(11) NOT NULL AUTO_INCREMENT,
  `client_id` int(11) NOT NULL,
  `userid` int(11) NOT NULL,
  `date` datetime NOT NULL,
  PRIMARY KEY (`id`)
) ENGINE=InnoDB DEFAULT CHARSET=latin1 AUTO_INCREMENT=1 ;

-- --------------------------------------------------------

--
-- Table structure for table `premiuminstallments`
--

CREATE TABLE IF NOT EXISTS `premiuminstallments` (
  `id_installment` int(11) NOT NULL AUTO_INCREMENT,
  `date` date NOT NULL,
  `value` int(11) NOT NULL,
  `premiumauo_id` int(11) NOT NULL,
  `payed` int(11) NOT NULL DEFAULT '0',
  `conditions` int(11) NOT NULL DEFAULT '0',
  PRIMARY KEY (`id_installment`)
) ENGINE=InnoDB DEFAULT CHARSET=latin1 AUTO_INCREMENT=1 ;

-- --------------------------------------------------------

--
-- Table structure for table `product`
--

CREATE TABLE IF NOT EXISTS `product` (
  `productId` int(11) NOT NULL AUTO_INCREMENT,
  `inMenu` tinyint(4) DEFAULT '0' COMMENT '0 show in resturant menu-1 hide it',
  `productName` varchar(256) NOT NULL DEFAULT '',
  `productDescription` text,
  `productCatId` int(11) NOT NULL,
  `productBuyPrice` decimal(10,2) NOT NULL,
  `productSellAllPrice` decimal(10,2) NOT NULL,
  `productSellUnitPrice` decimal(10,2) NOT NULL,
  `productSellHalfPrice` decimal(10,2) NOT NULL,
  `productDate` date NOT NULL,
  `conditions` int(1) NOT NULL DEFAULT '0',
  `userId` int(11) NOT NULL,
  `limitamount` int(11) NOT NULL DEFAULT '0',
  `parcode` varchar(256) DEFAULT NULL,
  `type` int(11) NOT NULL DEFAULT '0' COMMENT '1 for Manufacturing - 0 for not Manufacturing',
  `sellingtype` int(11) DEFAULT '0' COMMENT '1 for FCFO  2 for  LCFO  3 for expirdata ',
  `expireDate` int(11) DEFAULT NULL,
  `dailyentryId` int(11) NOT NULL,
  `isService` int(11) NOT NULL DEFAULT '0' COMMENT '0 no - 1 yes',
  `isOptic` int(11) NOT NULL DEFAULT '0' COMMENT '0 not optic -1 without size and color-2 with size and color',
  `lastbuyprice` decimal(10,2) DEFAULT NULL,
  `lastbuyprice_withDiscount` decimal(10,2) DEFAULT NULL,
  `meanbuyprice` decimal(10,2) DEFAULT NULL,
  `meanbuyprice_withDiscount` decimal(10,2) DEFAULT NULL,
  `productbuypricereal` decimal(10,2) DEFAULT '0.00',
  `buypricereal_precentage` decimal(10,2) DEFAULT '0.00',
  `buytotal_precentage` decimal(10,2) DEFAULT '0.00',
  `buyhalf_precentage` decimal(10,2) DEFAULT '0.00',
  `buypart_precentage` decimal(10,2) DEFAULT '0.00',
  `logo` varchar(255) DEFAULT NULL,
  `obygyDetectionId` int(11) DEFAULT NULL,
  `hasSizeAndColor` tinyint(4) NOT NULL DEFAULT '0',
  `logo1` varchar(255) DEFAULT NULL,
  `logo2` varchar(255) DEFAULT NULL,
  `logo3` varchar(255) DEFAULT NULL,
  `logo4` varchar(255) DEFAULT NULL,
  `logo5` varchar(255) DEFAULT NULL,
  `logo6` varchar(255) DEFAULT NULL,
  `logo7` varchar(255) DEFAULT NULL,
  `overAllAveragePrice` decimal(10,2) NOT NULL DEFAULT '0.00',
  `online` text,
  `reviewType` int(11) NOT NULL DEFAULT '0',
  `updatebyuser` int(11) NOT NULL DEFAULT '0',
  `proExcelid` int(11) NOT NULL DEFAULT '0' COMMENT 'used to link products to products from another erp like siam see in buybill',
  `proExcelParcode` varchar(12) NOT NULL COMMENT 'used to link products to products from another erp like siam see in buybill',
  `webApiId` int(11) NOT NULL DEFAULT '0',
  `runquery` varchar(256) NOT NULL DEFAULT '',
  `weightedDiscount` float NOT NULL DEFAULT '0',
  `sortby` int(11) NOT NULL DEFAULT '0',
  `obygyInvestigationId` int(11) DEFAULT NULL,
  `TypeOfBarcodeInTax` varchar(10) DEFAULT NULL,
  `barcodeInTax` varchar(150) DEFAULT NULL,
  `productNameE` varchar(256) DEFAULT NULL,
  `partNumber` int(11) NOT NULL DEFAULT '0',
  `vehicleType` int(11) NOT NULL DEFAULT '0',
  `company` int(11) NOT NULL DEFAULT '0',
  `weight` decimal(10,2) DEFAULT '0.00',
  `origin` varchar(150) DEFAULT NULL,
  `hscode` decimal(10,2) DEFAULT '0.00',
  `power` tinyint(4) DEFAULT '0',
  `ProductionDate` varchar(150) DEFAULT NULL,
  `expiry` int(11) NOT NULL DEFAULT '0',
  `procode` varchar(150) DEFAULT NULL,
  `lastbuyprice_withTax` decimal(10,2) DEFAULT NULL,
  `meanbuyprice_withTax` decimal(10,2) DEFAULT NULL,
  `treeId` int(11) NOT NULL DEFAULT '0' COMMENT 'for royal products that is services',
  `price4` float NOT NULL DEFAULT '0',
  `price5` float NOT NULL DEFAULT '0',
  `price6` float NOT NULL DEFAULT '0',
  `price7` float NOT NULL DEFAULT '0',
  `price8` float NOT NULL DEFAULT '0',
  `clientid` int(11) NOT NULL DEFAULT '0',
  `grantduration` int(11) NOT NULL DEFAULT '0',
  `onlinepro` tinyint(4) DEFAULT '0',
  `minappearonline` int(11) NOT NULL DEFAULT '0',
  `selladdpercent` float NOT NULL DEFAULT '0',
  `selldiscountpercent` float NOT NULL DEFAULT '0',
  `buydiscountpercent` float NOT NULL DEFAULT '0',
  `onlinecatid` int(11) NOT NULL DEFAULT '0',
  `sellpercenttype` int(11) NOT NULL DEFAULT '0',
  `searchfiltersid` varchar(150) DEFAULT NULL,
  `lastbuyprice_withDiscountAndTax` decimal(10,2) DEFAULT NULL,
  `itemsymbol` varchar(255) DEFAULT NULL,
  `price9` float NOT NULL DEFAULT '0',
  `price10` float NOT NULL DEFAULT '0',
  `price11` float NOT NULL DEFAULT '0',
  `price12` float NOT NULL DEFAULT '0',
  `price13` float NOT NULL DEFAULT '0',
  `productCatIdOnline` int(11) NOT NULL DEFAULT '0',
  `tagids` varchar(255) NOT NULL DEFAULT '0',
  `productDescriptionE` text,
  `discountType` tinyint(1) NOT NULL DEFAULT '0' COMMENT '0 use cat discount, 1 use product discount, 2 no discount',
  `discount` decimal(10,2) DEFAULT '0.00',
  `discountRatio` decimal(5,4) DEFAULT '0.0000',
  `priceAfterDiscount` decimal(10,2) DEFAULT '0.00',
  `createdAt` timestamp NULL DEFAULT CURRENT_TIMESTAMP,
  `updatedAt` timestamp NULL DEFAULT CURRENT_TIMESTAMP ON UPDATE CURRENT_TIMESTAMP,
  PRIMARY KEY (`productId`),
  KEY `productCatId` (`productCatId`),
  KEY `userId` (`userId`),
  KEY `parcode` (`parcode`(255)),
  KEY `company` (`company`)
) ENGINE=InnoDB  DEFAULT CHARSET=utf8 AUTO_INCREMENT=45 ;

--
-- Dumping data for table `product`
--

INSERT INTO `product` (`productId`, `inMenu`, `productName`, `productDescription`, `productCatId`, `productBuyPrice`, `productSellAllPrice`, `productSellUnitPrice`, `productSellHalfPrice`, `productDate`, `conditions`, `userId`, `limitamount`, `parcode`, `type`, `sellingtype`, `expireDate`, `dailyentryId`, `isService`, `isOptic`, `lastbuyprice`, `lastbuyprice_withDiscount`, `meanbuyprice`, `meanbuyprice_withDiscount`, `productbuypricereal`, `buypricereal_precentage`, `buytotal_precentage`, `buyhalf_precentage`, `buypart_precentage`, `logo`, `obygyDetectionId`, `hasSizeAndColor`, `logo1`, `logo2`, `logo3`, `logo4`, `logo5`, `logo6`, `logo7`, `overAllAveragePrice`, `online`, `reviewType`, `updatebyuser`, `proExcelid`, `proExcelParcode`, `webApiId`, `runquery`, `weightedDiscount`, `sortby`, `obygyInvestigationId`, `TypeOfBarcodeInTax`, `barcodeInTax`, `productNameE`, `partNumber`, `vehicleType`, `company`, `weight`, `origin`, `hscode`, `power`, `ProductionDate`, `expiry`, `procode`, `lastbuyprice_withTax`, `meanbuyprice_withTax`, `treeId`, `price4`, `price5`, `price6`, `price7`, `price8`, `clientid`, `grantduration`, `onlinepro`, `minappearonline`, `selladdpercent`, `selldiscountpercent`, `buydiscountpercent`, `onlinecatid`, `sellpercenttype`, `searchfiltersid`, `lastbuyprice_withDiscountAndTax`, `itemsymbol`, `price9`, `price10`, `price11`, `price12`, `price13`, `productCatIdOnline`, `tagids`, `productDescriptionE`, `discountType`, `discount`, `discountRatio`, `priceAfterDiscount`, `createdAt`, `updatedAt`) VALUES
(1, 0, 'ماتور ريÙيرا  نص حصان', '', 1, '950.00', '1045.00', '1200.00', '1100.00', '2025-12-19', 1, 1, 0, '00001', 0, 0, 0, 1, 0, 0, '1000.00', '1000.00', '1000.00', '1000.00', '0.00', '0.00', '10.00', '15.79', '26.32', '.', 0, 0, '', '', '', '', '', '', '', '1000.00', '', 0, 0, 0, '0', 0, '', 0, 0, 0, 'GS1', '', '', 0, 0, 0, '0.00', '', '0.00', 0, '', 0, '', '1000.00', '1000.00', 0, 0, 0, 0, 0, 0, 0, 0, 0, 0, 0, 0, 0, 0, 0, '', '1000.00', '', 0, 0, 0, 0, 0, 0, '', '', 0, '0.00', '0.0000', '0.00', '2025-12-19 19:54:26', '2025-12-20 01:18:10'),
(2, 0, 'ماتور ريÙيرا حصان 7سم', '', 1, '2200.00', '2400.00', '2600.00', '2550.00', '2025-12-20', 0, 1, 0, '00002', 0, 0, 0, 2, 0, 0, '2200.00', '2200.00', '2200.00', '2200.00', '0.00', '0.00', '9.09', '15.91', '18.18', '.', 0, 0, '', '', '', '', '', '', '', '2200.00', '', 0, 0, 0, '0', 0, '', 0, 0, 0, 'GS1', '', '', 0, 0, 0, '0.00', '', '0.00', 0, '', 0, '', '2200.00', '2200.00', 0, 0, 0, 0, 0, 0, 0, 0, 0, 0, 0, 0, 0, 0, 0, '', '2200.00', '', 0, 0, 0, 0, 0, 0, '', '', 0, '0.00', '0.0000', '0.00', '2025-12-20 01:15:18', '2025-12-20 23:17:49'),
(3, 0, 'ماتور ارتيجو 5سم نصÙ حصان', '', 1, '900.00', '1000.00', '0.00', '0.00', '2025-12-20', 0, 1, 0, '00003', 0, 0, 0, 3, 0, 0, '950.00', '950.00', '925.00', '925.00', '950.00', '0.00', '5.26', '-100.00', '-100.00', '.', 0, 0, '', '', '', '', '', '', '', '950.00', '', 0, 0, 0, '0', 0, '', 0, 0, 0, 'GS1', '', '', 0, 0, 0, '0.00', '', '0.00', 0, '', 0, '', '925.00', '925.00', 0, 0, 0, 0, 0, 0, 0, 0, 1, 0, 0, 0, 0, 0, 0, '', '950.00', '', 0, 0, 0, 0, 0, 0, '', '', 0, '0.00', '0.0000', '0.00', '2025-12-20 01:15:20', '2025-12-20 23:16:53'),
(4, 0, 'ماتور Ùان اكس 5سم نصÙ حصان ', '', 1, '900.00', '1000.00', '1000.00', '1000.00', '2025-12-20', 0, 1, 0, '00004', 0, 0, 0, 4, 0, 0, '950.00', '950.00', '925.00', '925.00', '950.00', '0.00', '5.26', '0.00', '0.00', '.', 0, 0, '', '', '', '', '', '', '', '950.00', '', 0, 0, 0, '0', 0, '', 0, 0, 0, 'GS1', '', '', 0, 0, 0, '0.00', '', '0.00', 0, '', 0, '', '925.00', '925.00', 0, 0, 0, 0, 0, 0, 0, 0, 1, 0, 0, 0, 0, 0, 0, '', '950.00', '', 0, 0, 0, 0, 0, 0, '', '', 0, '0.00', '0.0000', '0.00', '2025-12-20 01:15:22', '2025-12-20 23:16:45'),
(5, 0, 'ماتور ريÙيرا 5سم نصÙ حصان', '', 1, '950.00', '1100.00', '1200.00', '1100.00', '2025-12-20', 0, 1, 0, '00005', 0, 0, 0, 6, 0, 0, '950.00', '950.00', '950.00', '950.00', '950.00', '0.00', '15.79', '15.79', '26.32', '.', 0, 0, '', '', '', '', '', '', '', '950.00', '', 0, 0, 0, '0', 0, '', 0, 0, 0, 'GS1', '', '', 0, 0, 0, '0.00', '', '0.00', 0, '', 0, '', '950.00', '950.00', 0, 0, 0, 0, 0, 0, 0, 0, 0, 0, 0, 0, 0, -1, 0, '', '950.00', '', 0, 0, 0, 0, 0, 0, '', '', 0, '0.00', '0.0000', '0.00', '2025-12-20 01:22:20', '2026-04-04 22:38:55'),
(6, 0, 'ماتور جيسون حصان 9سم', '', 1, '0.00', '2650.00', '2650.00', '2650.00', '2025-12-20', 1, 1, 0, '00006', 0, 0, 0, 0, 1, 0, '0.00', '0.00', '0.00', '0.00', '2650.00', '0.00', '0.00', '0.00', '0.00', '.', 0, 0, '', '', '', '', '', '', '', '0.00', '', 0, 0, 0, '0', 0, '', 0, 0, 0, 'GS1', '', '', 0, 0, 0, '0.00', '', '0.00', 0, '', 0, '', '0.00', '0.00', 0, 0, 0, 0, 0, 0, 0, 0, 0, 0, 0, 0, 0, -1, 0, '', '0.00', '', 0, 0, 0, 0, 0, 0, '', '', 0, '0.00', '0.0000', '0.00', '2025-12-20 01:26:20', '2025-12-20 01:28:42'),
(7, 0, 'ماتور جيسون حصان 9سم ', '', 1, '2650.00', '2850.00', '3050.00', '2940.00', '2025-12-20', 0, 1, 0, '00007', 0, 0, 0, 7, 0, 0, '2650.00', '2650.00', '2650.00', '2650.00', '2650.00', '0.00', '7.55', '10.94', '15.09', '.', 0, 0, '', '', '', '', '', '', '', '2650.00', '', 0, 0, 0, '0', 0, '', 0, 0, 0, 'GS1', '', '', 0, 0, 0, '0.00', '', '0.00', 0, '', 0, '', '2650.00', '2650.00', 0, 0, 0, 0, 0, 0, 0, 0, 0, 0, 0, 0, 0, -1, 0, '', '2650.00', '', 0, 0, 0, 0, 0, 0, '', '', 0, '0.00', '0.0000', '0.00', '2025-12-20 01:29:33', '2025-12-20 01:29:35'),
(8, 0, 'مبرد ماس 85 سم', '', 2, '3500.00', '0.00', '0.00', '0.00', '2025-12-20', 0, 1, 0, '00008', 0, 0, 0, 8, 1, 0, '3500.00', '3500.00', '3500.00', '3500.00', '0.00', '0.00', '0.00', '0.00', '0.00', '.', 0, 0, '', '', '', '', '', '', '', '3500.00', '', 0, 0, 0, '0', 0, '', 0, 0, 0, 'GS1', '', '', 0, 0, 0, '0.00', '', '0.00', 0, '', 0, '', '3500.00', '3500.00', 0, 0, 0, 0, 0, 0, 0, 0, 0, 0, 0, 0, 0, 0, 0, '', '3500.00', '', 0, 0, 0, 0, 0, 0, '', '', 0, '0.00', '0.0000', '0.00', '2025-12-20 12:59:57', '2026-06-20 22:23:00'),
(9, 0, 'مبرد شكل الÙريش 100 سم اسود × سلÙر', '', 2, '3900.00', '4350.00', '4350.00', '4350.00', '2025-12-20', 0, 1, 0, '00009', 0, 0, 0, 9, 0, 0, '3900.00', '3900.00', '3900.00', '3900.00', '3900.00', '0.00', '11.54', '0.00', '0.00', '.', 0, 0, '', '', '', '', '', '', '', '3900.00', '', 0, 0, 0, '0', 0, '', 0, 0, 0, 'GS1', '', '', 0, 0, 0, '0.00', '', '0.00', 0, '', 0, '', '3900.00', '3900.00', 0, 0, 0, 0, 0, 0, 0, 0, 1, 0, 0, 0, 0, 0, 0, '', '3900.00', '', 0, 0, 0, 0, 0, 0, '', '', 0, '0.00', '0.0000', '0.00', '2025-12-20 12:59:58', '2025-12-20 12:59:58'),
(10, 0, 'مبرد ماس شكل الÙريش 100سم احمر × سلÙر', '', 2, '3900.00', '4350.00', '4350.00', '4350.00', '2025-12-20', 0, 1, 0, '00010', 0, 0, 0, 10, 0, 0, '3900.00', '3900.00', '3900.00', '3900.00', '3900.00', '0.00', '11.54', '0.00', '0.00', '.', 0, 0, '', '', '', '', '', '', '', '3900.00', '', 0, 0, 0, '0', 0, '', 0, 0, 0, 'GS1', '', '', 0, 0, 0, '0.00', '', '0.00', 0, '', 0, '', '3900.00', '3900.00', 0, 0, 0, 0, 0, 0, 0, 0, 1, 0, 0, 0, 0, 0, 0, '', '3900.00', '', 0, 0, 0, 0, 0, 0, '', '', 0, '0.00', '0.0000', '0.00', '2025-12-20 12:59:59', '2025-12-20 12:59:59'),
(11, 0, 'مبرد ماس 3 حنÙيه اسود 110 سم', '', 2, '4400.00', '4400.00', '4400.00', '4400.00', '2025-12-20', 0, 1, 0, '00011', 0, 0, 0, 11, 0, 0, '4400.00', '4400.00', '4400.00', '4400.00', '4400.00', '0.00', '0.00', '0.00', '0.00', '.', 0, 0, '', '', '', '', '', '', '', '4400.00', '', 0, 0, 0, '0', 0, '', 0, 0, 0, 'GS1', '', '', 0, 0, 0, '0.00', '', '0.00', 0, '', 0, '', '4400.00', '4400.00', 0, 0, 0, 0, 0, 0, 0, 0, 1, 0, 0, 0, 0, 0, 0, '', '4400.00', '', 0, 0, 0, 0, 0, 0, '', '', 0, '0.00', '0.0000', '0.00', '2025-12-20 13:00:00', '2025-12-20 13:00:01'),
(12, 0, 'مبرد ماس 3 حنÙيه سلÙر 110 سم', '', 2, '4650.00', '4650.00', '4650.00', '4650.00', '2025-12-20', 0, 1, 0, '00012', 0, 0, 0, 12, 0, 0, '4650.00', '4650.00', '4650.00', '4650.00', '4650.00', '0.00', '0.00', '0.00', '0.00', '.', 0, 0, '', '', '', '', '', '', '', '4650.00', '', 0, 0, 0, '0', 0, '', 0, 0, 0, 'GS1', '', '', 0, 0, 0, '0.00', '', '0.00', 0, '', 0, '', '4650.00', '4650.00', 0, 0, 0, 0, 0, 0, 0, 0, 1, 0, 0, 0, 0, 0, 0, '', '4650.00', '', 0, 0, 0, 0, 0, 0, '', '', 0, '0.00', '0.0000', '0.00', '2025-12-20 13:00:01', '2025-12-20 13:00:02'),
(13, 0, 'مبرد ماس 3حنÙيه ابيض 110 سم', '', 2, '4350.00', '4350.00', '4350.00', '4350.00', '2025-12-20', 0, 1, 0, '00013', 0, 0, 0, 13, 0, 0, '4350.00', '4350.00', '4350.00', '4350.00', '4350.00', '0.00', '0.00', '0.00', '0.00', '.', 0, 0, '', '', '', '', '', '', '', '4350.00', '', 0, 0, 0, '0', 0, '', 0, 0, 0, 'GS1', '', '', 0, 0, 0, '0.00', '', '0.00', 0, '', 0, '', '4350.00', '4350.00', 0, 0, 0, 0, 0, 0, 0, 0, 1, 0, 0, 0, 0, 0, 0, '', '4350.00', '', 0, 0, 0, 0, 0, 0, '', '', 0, '0.00', '0.0000', '0.00', '2025-12-20 13:00:02', '2025-12-20 13:00:03'),
(14, 0, 'مبرد ماس زجاج ثلاجه جامبو', '', 2, '5800.00', '5800.00', '5800.00', '5800.00', '2025-12-20', 0, 1, 0, '00014', 0, 0, 0, 14, 0, 0, '5800.00', '5800.00', '5800.00', '5800.00', '5800.00', '0.00', '0.00', '0.00', '0.00', '.', 0, 0, '', '', '', '', '', '', '', '5800.00', '', 0, 0, 0, '0', 0, '', 0, 0, 0, 'GS1', '', '', 0, 0, 0, '0.00', '', '0.00', 0, '', 0, '', '5800.00', '5800.00', 0, 0, 0, 0, 0, 0, 0, 0, 1, 0, 0, 0, 0, 0, 0, '', '5800.00', '', 0, 0, 0, 0, 0, 0, '', '', 0, '0.00', '0.0000', '0.00', '2025-12-20 13:00:03', '2025-12-20 13:00:04'),
(15, 0, 'مروحه ماس منزلى 20 بوصه حائط', '', 3, '2150.00', '2350.00', '2840.00', '2400.00', '2025-12-20', 0, 1, 0, '00015', 0, 0, 0, 15, 0, 0, '2150.00', '2150.00', '2150.00', '2150.00', '2150.00', '0.00', '9.30', '11.63', '32.09', '.', 0, 0, '', '', '', '', '', '', '', '2150.00', '', 0, 0, 0, '0', 0, '', 0, 0, 0, 'GS1', '', '', 0, 0, 0, '0.00', '', '0.00', 0, '', 0, '', '2150.00', '2150.00', 0, 0, 0, 0, 0, 0, 0, 0, 0, 0, 0, 0, 0, -1, 0, '', '2150.00', '', 0, 0, 0, 0, 0, 0, '', '', 0, '0.00', '0.0000', '0.00', '2025-12-20 22:03:13', '2025-12-20 22:03:15'),
(16, 0, 'مروحه ماس منزلى 20 بوصه عامود', '', 3, '2350.00', '2665.00', '2800.00', '2700.00', '2025-12-20', 0, 1, 0, '00016', 0, 0, 0, 16, 0, 0, '2350.00', '2350.00', '2350.00', '2350.00', '2350.00', '0.00', '13.40', '14.89', '19.15', '.', 0, 0, '', '', '', '', '', '', '', '2350.00', '', 0, 0, 0, '0', 0, '', 0, 0, 0, 'GS1', '', '', 0, 0, 0, '0.00', '', '0.00', 0, '', 0, '', '2350.00', '2350.00', 0, 0, 0, 0, 0, 0, 0, 0, 1, 0, 0, 0, 0, 0, 0, '', '2350.00', '', 0, 0, 0, 0, 0, 0, '', '', 0, '0.00', '0.0000', '0.00', '2025-12-20 22:03:15', '2025-12-20 22:03:16'),
(17, 0, 'مروحه ماس صناعى 20 بوصه حائط ', '', 3, '2350.00', '2700.00', '2800.00', '2750.00', '2025-12-20', 0, 1, 0, '00017', 0, 0, 0, 17, 0, 0, '2350.00', '2350.00', '2350.00', '2350.00', '2350.00', '0.00', '14.89', '17.02', '19.15', '.', 0, 0, '', '', '', '', '', '', '', '2350.00', '', 0, 0, 0, '0', 0, '', 0, 0, 0, 'GS1', '', '', 0, 0, 0, '0.00', '', '0.00', 0, '', 0, '', '2350.00', '2350.00', 0, 0, 0, 0, 0, 0, 0, 0, 1, 0, 0, 0, 0, 0, 0, '', '2350.00', '', 0, 0, 0, 0, 0, 0, '', '', 0, '0.00', '0.0000', '0.00', '2025-12-20 22:03:17', '2025-12-20 22:03:18'),
(18, 0, 'مروحه ماس صناعى 20 بوصه عامود', '', 3, '2500.00', '2900.00', '3000.00', '2950.00', '2025-12-20', 0, 1, 0, '00018', 0, 0, 0, 18, 0, 0, '2500.00', '2500.00', '2500.00', '2500.00', '2500.00', '0.00', '16.00', '18.00', '20.00', '.', 0, 0, '', '', '', '', '', '', '', '2500.00', '', 0, 0, 0, '0', 0, '', 0, 0, 0, 'GS1', '', '', 0, 0, 0, '0.00', '', '0.00', 0, '', 0, '', '2500.00', '2500.00', 0, 0, 0, 0, 0, 0, 0, 0, 1, 0, 0, 0, 0, 0, 0, '', '2500.00', '', 0, 0, 0, 0, 0, 0, '', '', 0, '0.00', '0.0000', '0.00', '2025-12-20 22:03:18', '2025-12-20 22:03:20'),
(19, 0, 'مروحه ماس صناعى 26 بوصه حائط ', '', 3, '2600.00', '2900.00', '3000.00', '2950.00', '2025-12-20', 0, 1, 0, '00019', 0, 0, 0, 19, 0, 0, '2600.00', '2600.00', '2600.00', '2600.00', '2600.00', '0.00', '11.54', '13.46', '15.38', '.', 0, 0, '', '', '', '', '', '', '', '2600.00', '', 0, 0, 0, '0', 0, '', 0, 0, 0, 'GS1', '', '', 0, 0, 0, '0.00', '', '0.00', 0, '', 0, '', '2600.00', '2600.00', 0, 0, 0, 0, 0, 0, 0, 0, 1, 0, 0, 0, 0, 0, 0, '', '2600.00', '', 0, 0, 0, 0, 0, 0, '', '', 0, '0.00', '0.0000', '0.00', '2025-12-20 22:03:20', '2025-12-20 22:03:22'),
(20, 0, 'مروحه ماس صناعى 26 بوصه عامود', '', 3, '2750.00', '3100.00', '3200.00', '3150.00', '2025-12-20', 0, 1, 0, '00020', 0, 0, 0, 20, 0, 0, '2750.00', '2750.00', '2750.00', '2750.00', '2750.00', '0.00', '12.73', '14.55', '16.36', '.', 0, 0, '', '', '', '', '', '', '', '2750.00', '', 0, 0, 0, '0', 0, '', 0, 0, 0, 'GS1', '', '', 0, 0, 0, '0.00', '', '0.00', 0, '', 0, '', '2750.00', '2750.00', 0, 0, 0, 0, 0, 0, 0, 0, 1, 0, 0, 0, 0, 0, 0, '', '2750.00', '', 0, 0, 0, 0, 0, 0, '', '', 0, '0.00', '0.0000', '0.00', '2025-12-20 22:03:22', '2025-12-20 22:03:24'),
(21, 0, 'مروحه ماس صناعى 30 بوصه حائط', '', 3, '2300.00', '2850.00', '3150.00', '3100.00', '2025-12-20', 0, 1, 0, '00021', 0, 0, 0, 21, 0, 0, '2300.00', '2300.00', '2300.00', '2300.00', '2300.00', '0.00', '23.91', '34.78', '36.96', '.', 0, 0, '', '', '', '', '', '', '', '2300.00', '', 0, 0, 0, '0', 0, '', 0, 0, 0, 'GS1', '', '', 0, 0, 0, '0.00', '', '0.00', 0, '', 0, '', '2300.00', '2300.00', 0, 0, 0, 0, 0, 0, 0, 0, 1, 0, 0, 0, 0, 0, 0, '', '2300.00', '', 0, 0, 0, 0, 0, 0, '', '', 0, '0.00', '0.0000', '0.00', '2025-12-20 22:03:24', '2025-12-20 22:03:26'),
(22, 0, 'مروحه ماس صناعى 30 بوصه عامود', '', 3, '2600.00', '3300.00', '3400.00', '3350.00', '2025-12-20', 0, 1, 0, '00022', 0, 0, 0, 22, 0, 0, '2600.00', '2600.00', '2600.00', '2600.00', '2600.00', '0.00', '26.92', '28.85', '30.77', '.', 0, 0, '', '', '', '', '', '', '', '2600.00', '', 0, 0, 0, '0', 0, '', 0, 0, 0, 'GS1', '', '', 0, 0, 0, '0.00', '', '0.00', 0, '', 0, '', '2600.00', '2600.00', 0, 0, 0, 0, 0, 0, 0, 0, 1, 0, 0, 0, 0, 0, 0, '', '2600.00', '', 0, 0, 0, 0, 0, 0, '', '', 0, '0.00', '0.0000', '0.00', '2025-12-20 22:03:27', '2025-12-20 22:03:28'),
(23, 0, 'مروحه MJM حائط 26 بوصه ', '', 3, '1820.00', '2350.00', '2500.00', '2500.00', '2025-12-20', 0, 1, 0, '00023', 0, 0, 0, 23, 0, 0, '1820.00', '1820.00', '1820.00', '1820.00', '1820.00', '0.00', '29.12', '37.36', '37.36', '.', 0, 0, '', '', '', '', '', '', '', '1820.00', '', 0, 0, 0, '0', 0, '', 0, 0, 0, 'GS1', '', '', 0, 0, 0, '0.00', '', '0.00', 0, '', 0, '', '1820.00', '1820.00', 0, 0, 0, 0, 0, 0, 0, 0, 1, 0, 0, 0, 0, 0, 0, '', '1820.00', '', 0, 0, 0, 0, 0, 0, '', '', 0, '0.00', '0.0000', '0.00', '2025-12-20 22:03:29', '2025-12-20 22:03:30'),
(24, 0, 'مروحه MJM عامود 26 بوصه', '', 3, '2150.00', '2500.00', '2700.00', '2600.00', '2025-12-20', 0, 1, 0, '00024', 0, 0, 0, 24, 0, 0, '2150.00', '2150.00', '2150.00', '2150.00', '2150.00', '0.00', '16.28', '20.93', '25.58', '.', 0, 0, '', '', '', '', '', '', '', '2150.00', '', 0, 0, 0, '0', 0, '', 0, 0, 0, 'GS1', '', '', 0, 0, 0, '0.00', '', '0.00', 0, '', 0, '', '2150.00', '2150.00', 0, 0, 0, 0, 0, 0, 0, 0, 1, 0, 0, 0, 0, 0, 0, '', '2150.00', '', 0, 0, 0, 0, 0, 0, '', '', 0, '0.00', '0.0000', '0.00', '2025-12-20 22:03:31', '2025-12-20 22:03:33'),
(25, 0, 'مروحه MJM حائط 30 بوصه', '', 3, '2000.00', '2400.00', '2500.00', '2500.00', '2025-12-20', 0, 1, 0, '00025', 0, 0, 0, 25, 0, 0, '2000.00', '2000.00', '2000.00', '2000.00', '2000.00', '0.00', '20.00', '25.00', '25.00', '.', 0, 0, '', '', '', '', '', '', '', '2000.00', '', 0, 0, 0, '0', 0, '', 0, 0, 0, 'GS1', '', '', 0, 0, 0, '0.00', '', '0.00', 0, '', 0, '', '2000.00', '2000.00', 0, 0, 0, 0, 0, 0, 0, 0, 1, 0, 0, 0, 0, 0, 0, '', '2000.00', '', 0, 0, 0, 0, 0, 0, '', '', 0, '0.00', '0.0000', '0.00', '2025-12-20 22:03:33', '2025-12-20 22:03:35'),
(26, 0, 'مروحه MJM عامود 30 بوصه', '', 3, '2330.00', '2700.00', '2800.00', '2800.00', '2025-12-20', 0, 1, 0, '00026', 0, 0, 0, 26, 0, 0, '2330.00', '2330.00', '2330.00', '2330.00', '2330.00', '0.00', '15.88', '20.17', '20.17', '.', 0, 0, '', '', '', '', '', '', '', '2330.00', '', 0, 0, 0, '0', 0, '', 0, 0, 0, 'GS1', '', '', 0, 0, 0, '0.00', '', '0.00', 0, '', 0, '', '2330.00', '2330.00', 0, 0, 0, 0, 0, 0, 0, 0, 1, 0, 0, 0, 0, 0, 0, '', '2330.00', '', 0, 0, 0, 0, 0, 0, '', '', 0, '0.00', '0.0000', '0.00', '2025-12-20 22:03:35', '2025-12-20 22:03:36'),
(27, 0, 'مروحه ماستر 26 بوصه حائط', '', 3, '1820.00', '2450.00', '2600.00', '2500.00', '2025-12-20', 0, 1, 0, '00027', 0, 0, 0, 27, 0, 0, '1820.00', '1820.00', '1820.00', '1820.00', '1820.00', '0.00', '34.62', '37.36', '42.86', '.', 0, 0, '', '', '', '', '', '', '', '1820.00', '', 0, 0, 0, '0', 0, '', 0, 0, 0, 'GS1', '', '', 0, 0, 0, '0.00', '', '0.00', 0, '', 0, '', '1820.00', '1820.00', 0, 0, 0, 0, 0, 0, 0, 0, 1, 0, 0, 0, 0, 0, 0, '', '1820.00', '', 0, 0, 0, 0, 0, 0, '', '', 0, '0.00', '0.0000', '0.00', '2025-12-20 22:03:37', '2025-12-20 22:03:38'),
(28, 0, 'مروحه ماستر 26 بوصه عامود', '', 3, '2150.00', '2550.00', '2600.00', '2550.00', '2025-12-20', 0, 1, 0, '00028', 0, 0, 0, 28, 0, 0, '2150.00', '2150.00', '2150.00', '2150.00', '2150.00', '0.00', '18.60', '18.60', '20.93', '.', 0, 0, '', '', '', '', '', '', '', '2150.00', '', 0, 0, 0, '0', 0, '', 0, 0, 0, 'GS1', '', '', 0, 0, 0, '0.00', '', '0.00', 0, '', 0, '', '2150.00', '2150.00', 0, 0, 0, 0, 0, 0, 0, 0, 1, 0, 0, 0, 0, 0, 0, '', '2150.00', '', 0, 0, 0, 0, 0, 0, '', '', 0, '0.00', '0.0000', '0.00', '2025-12-20 22:03:39', '2025-12-20 22:03:40'),
(29, 0, 'مروحه ماستر 30 بوصه حائط', '', 3, '2000.00', '2550.00', '3060.00', '3060.00', '2025-12-20', 0, 1, 0, '00029', 0, 0, 0, 29, 0, 0, '2000.00', '2000.00', '2000.00', '2000.00', '2000.00', '0.00', '27.50', '20.00', '20.00', '.', 0, 0, '', '', '', '', '', '', '', '2000.00', '', 0, 0, 0, '0', 0, '', 0, 0, 0, 'GS1', '', '', 0, 0, 0, '0.00', '', '0.00', 0, '', 0, '', '2000.00', '2000.00', 0, 0, 0, 0, 0, 0, 0, 0, 1, 0, 0, 0, 0, 0, 0, '', '2000.00', '', 0, 0, 0, 0, 0, 0, '', '', 0, '0.00', '0.0000', '0.00', '2025-12-20 22:03:41', '2025-12-20 22:03:42'),
(30, 0, 'مروحه ماستر 30 بوصه عامود', '', 3, '2330.00', '2650.00', '3180.00', '3180.00', '2025-12-20', 0, 1, 0, '00030', 0, 0, 0, 30, 0, 0, '2330.00', '2330.00', '2330.00', '2330.00', '2330.00', '0.00', '13.73', '20.00', '20.00', '.', 0, 0, '', '', '', '', '', '', '', '2330.00', '', 0, 0, 0, '0', 0, '', 0, 0, 0, 'GS1', '', '', 0, 0, 0, '0.00', '', '0.00', 0, '', 0, '', '2330.00', '2330.00', 0, 0, 0, 0, 0, 0, 0, 0, 1, 0, 0, 0, 0, 0, 0, '', '2330.00', '', 0, 0, 0, 0, 0, 0, '', '', 0, '0.00', '0.0000', '0.00', '2025-12-20 22:03:43', '2025-12-20 22:03:44'),
(31, 0, 'قاروره بÙلتر ناشونال سونيك', '', 4, '850.00', '1200.00', '1350.00', '1300.00', '2025-12-21', 0, 1, 0, '00031', 0, 0, 0, 31, 0, 0, '850.00', '850.00', '850.00', '850.00', '850.00', '0.00', '41.18', '52.94', '58.82', '.', 0, 0, '', '', '', '', '', '', '', '850.00', '', 0, 0, 0, '0', 0, '', 0, 0, 0, 'GS1', '', '', 0, 0, 0, '0.00', '', '0.00', 0, '', 0, '', '850.00', '850.00', 0, 0, 0, 0, 0, 0, 0, 0, 0, 0, 0, 0, 0, -1, 0, '', '850.00', '', 0, 0, 0, 0, 0, 0, '', '', 0, '0.00', '0.0000', '0.00', '2025-12-20 22:07:12', '2025-12-20 22:07:13'),
(32, 0, 'غيار قاروره بÙلتر ناشونال سونيك', '', 5, '250.00', '425.00', '450.00', '450.00', '2025-12-21', 0, 1, 0, '00032', 0, 0, 0, 32, 0, 0, '250.00', '250.00', '250.00', '250.00', '250.00', '0.00', '70.00', '80.00', '80.00', '.', 0, 0, '', '', '', '', '', '', '', '250.00', '', 0, 0, 0, '0', 0, '', 0, 0, 0, 'GS1', '', '', 0, 0, 0, '0.00', '', '0.00', 0, '', 0, '', '250.00', '250.00', 0, 0, 0, 0, 0, 0, 0, 0, 0, 0, 0, 0, 0, -1, 0, '', '250.00', '', 0, 0, 0, 0, 0, 0, '', '', 0, '0.00', '0.0000', '0.00', '2025-12-20 22:09:09', '2025-12-20 22:09:11'),
(33, 0, 'ماتور مروحه 26', '', 3, '1100.00', '1265.00', '1320.00', '1320.00', '2025-12-29', 0, 1, 0, '00033', 0, 0, 0, 86, 0, 0, '1100.00', '1100.00', '1100.00', '1100.00', '1100.00', '0.00', '15.00', '20.00', '20.00', '.', 0, 0, '', '', '', '', '', '', '', '1100.00', '', 0, 0, 0, '0', 0, '', 0, 0, 0, 'GS1', '', '', 0, 0, 0, '0.00', '', '0.00', 0, '', 0, '', '1100.00', '1100.00', 0, 0, 0, 0, 0, 0, 0, 0, 0, 0, 0, 0, 0, -1, 0, '', '1100.00', '', 0, 0, 0, 0, 0, 0, '', '', 0, '0.00', '0.0000', '0.00', '2025-12-29 19:42:43', '2025-12-29 19:42:44'),
(34, 0, 'ريشه 20 ماس', '', 3, '250.00', '287.50', '300.00', '300.00', '2025-12-30', 0, 1, 0, '00034', 0, 0, 0, 307, 0, 0, '250.00', '250.00', '250.00', '250.00', '250.00', '0.00', '15.00', '20.00', '20.00', '.', 0, 0, '', '', '', '', '', '', '', '250.00', '', 0, 0, 0, '0', 0, '', 0, 0, 0, 'GS1', '', '', 0, 0, 0, '0.00', '', '0.00', 0, '', 0, '', '250.00', '250.00', 0, 0, 0, 0, 0, 0, 0, 0, 0, 0, 0, 0, 0, -1, 0, '', '250.00', '', 0, 0, 0, 0, 0, 0, '', '', 0, '0.00', '0.0000', '0.00', '2025-12-29 23:17:40', '2025-12-29 23:17:41'),
(35, 0, 'ريشه 26 ماس ', '', 3, '300.00', '345.00', '360.00', '360.00', '2025-12-30', 0, 1, 0, '00035', 0, 0, 0, 308, 0, 0, '300.00', '300.00', '300.00', '300.00', '300.00', '0.00', '15.00', '20.00', '20.00', '.', 0, 0, '', '', '', '', '', '', '', '300.00', '', 0, 0, 0, '0', 0, '', 0, 0, 0, 'GS1', '', '', 0, 0, 0, '0.00', '', '0.00', 0, '', 0, '', '300.00', '300.00', 0, 0, 0, 0, 0, 0, 0, 0, 1, 0, 0, 0, 0, 0, 0, '', '300.00', '', 0, 0, 0, 0, 0, 0, '', '', 0, '0.00', '0.0000', '0.00', '2025-12-29 23:17:42', '2025-12-29 23:17:43'),
(36, 0, 'ريشه 30 ماس ', '', 3, '350.00', '402.50', '420.00', '420.00', '2025-12-30', 0, 1, 0, '00036', 0, 0, 0, 309, 0, 0, '350.00', '350.00', '350.00', '350.00', '350.00', '0.00', '15.00', '20.00', '20.00', '.', 0, 0, '', '', '', '', '', '', '', '350.00', '', 0, 0, 0, '0', 0, '', 0, 0, 0, 'GS1', '', '', 0, 0, 0, '0.00', '', '0.00', 0, '', 0, '', '350.00', '350.00', 0, 0, 0, 0, 0, 0, 0, 0, 1, 0, 0, 0, 0, 0, 0, '', '350.00', '', 0, 0, 0, 0, 0, 0, '', '', 0, '0.00', '0.0000', '0.00', '2025-12-29 23:17:43', '2025-12-29 23:17:44'),
(37, 0, 'ماتور اكس 7    7سم', '', 1, '2300.00', '2500.00', '0.00', '2800.00', '2026-05-17', 0, 1, 0, '00037', 0, 0, 0, 0, 0, 0, '2300.00', '2300.00', '2300.00', '2300.00', '2300.00', '0.00', '8.70', '21.74', '0.00', '.', 0, 0, '', '', '', '', '', '', '', '2300.00', '', 0, 0, 0, '0', 0, '', 0, 0, 0, 'GS1', '', '', 0, 0, 0, '0.00', '', '0.00', 0, '', 0, '', '2300.00', '2300.00', 0, 0, 0, 0, 0, 0, 0, 0, 0, 0, 0, 0, 0, -1, 0, '', '2300.00', '', 0, 0, 0, 0, 0, 0, '', '', 0, '0.00', '0.0000', '0.00', '2026-05-17 02:33:26', '2026-05-17 02:33:26'),
(38, 0, 'ماتور اسبيدر 7سم', '', 1, '2300.00', '2500.00', '0.00', '2800.00', '2026-05-17', 0, 1, 0, '00038', 0, 0, 0, 0, 0, 0, '2300.00', '2300.00', '2300.00', '2300.00', '2300.00', '0.00', '8.70', '21.74', '0.00', '.', 0, 0, '', '', '', '', '', '', '', '2299.98', '', 0, 0, 0, '0', 0, '', 0, 0, 0, 'GS1', '', '', 0, 0, 0, '0.00', '', '0.00', 0, '', 0, '', '2300.00', '2300.00', 0, 0, 0, 0, 0, 0, 0, 0, 1, 0, 0, 0, 0, 0, 0, '', '2300.00', '', 0, 0, 0, 0, 0, 0, '', '', 0, '0.00', '0.0000', '0.00', '2026-05-17 02:33:27', '2026-06-14 00:49:46'),
(39, 0, 'ماتور اÙ 16 7سم', '', 1, '2300.00', '2500.00', '0.00', '2500.00', '2026-05-17', 0, 1, 0, '00039', 0, 0, 0, 0, 0, 0, '2300.00', '2300.00', '2300.00', '2300.00', '2300.00', '0.00', '8.70', '0.00', '0.00', '.', 0, 0, '', '', '', '', '', '', '', '2300.00', '', 0, 0, 0, '0', 0, '', 0, 0, 0, 'GS1', '', '', 0, 0, 0, '0.00', '', '0.00', 0, '', 0, '', '2300.00', '2300.00', 0, 0, 0, 0, 0, 0, 0, 0, 1, 0, 0, 0, 0, 0, 0, '', '2300.00', '', 0, 0, 0, 0, 0, 0, '', '', 0, '0.00', '0.0000', '0.00', '2026-05-17 02:33:28', '2026-05-17 02:33:29'),
(40, 0, 'ماتور ايرون 7 سم ', '', 1, '2300.00', '2300.00', '2300.00', '2300.00', '2026-06-13', 2, 1, 1, '00040', 0, 0, 0, 0, 0, 0, '2300.00', '2300.00', '2300.00', '2300.00', '-50600.00', '0.00', '0.00', '0.00', '0.00', '', 0, 0, '', '', '', '', '', '', '', '0.00', '', 0, 0, 0, '0', 0, '', 0, 0, 0, '', '', '', 0, 0, 0, '0.00', '', '0.00', 0, '', 0, '', '2300.00', '2300.00', 0, 0, 0, 0, 0, 0, 0, 0, 0, 0, 0, 0, 0, 0, 0, '', '0.00', '', 0, 0, 0, 0, 0, 0, '', '', 0, '0.00', '0.0000', '0.00', '2026-06-13 14:07:35', '2026-06-13 14:15:43'),
(41, 0, 'ماتور موجا 7 سم ', '', 1, '2300.00', '2500.00', '2500.00', '2500.00', '2026-06-13', 2, 1, 1, '00041', 0, 0, 0, 0, 0, 0, '2300.00', '2300.00', '2300.00', '2300.00', '2300.00', '2300.00', '0.00', '0.00', '0.00', '', 0, 0, '', '', '', '', '', '', '', '0.00', '', 0, 0, 0, '0', 0, '', 0, 0, 0, '', '', '', 0, 0, 0, '0.00', '', '0.00', 0, '', 0, '', '2300.00', '2300.00', 0, 0, 0, 0, 0, 0, 0, 0, 0, 0, 0, 0, 0, 0, 0, '', '0.00', '', 0, 0, 0, 0, 0, 0, '', '', 0, '0.00', '0.0000', '0.00', '2026-06-13 14:08:37', '2026-06-13 14:15:02'),
(42, 0, 'موجا 7سم اكس استلس', '', 1, '2300.00', '2500.00', '2500.00', '2500.00', '2026-06-13', 1, 1, 1, '00042', 0, 0, 0, 0, 0, 0, '2300.00', '2300.00', '2300.00', '2300.00', '2300.00', '2300.00', '0.00', '0.00', '0.00', '', 0, 0, '', '', '', '', '', '', '', '0.00', '', 0, 0, 0, '0', 0, '', 0, 0, 0, '', '', '', 0, 0, 0, '0.00', '', '0.00', 0, '', 0, '', '2300.00', '2300.00', 0, 0, 0, 0, 0, 0, 0, 0, 0, 0, 0, 0, 0, 0, 0, '', '0.00', '', 0, 0, 0, 0, 0, 0, '', '', 0, '0.00', '0.0000', '0.00', '2026-06-13 14:12:08', '2026-06-13 14:15:20'),
(43, 0, 'ماتور موجا 7سم', '', 1, '2300.00', '0.00', '0.00', '0.00', '2026-06-14', 0, 1, 0, '00043', 0, 0, 0, 0, 0, 0, '2300.00', '2300.00', '2300.00', '2300.00', '2300.00', '0.00', '0.00', '0.00', '0.00', '.', 0, 0, '', '', '', '', '', '', '', '2299.97', '', 0, 0, 0, '0', 0, '', 0, 0, 0, 'GS1', '', '', 0, 0, 0, '0.00', '', '0.00', 0, '', 0, '', '2300.00', '2300.00', 0, 0, 0, 0, 0, 0, 0, 0, 0, 0, 0, 0, 0, -1, 0, '', '2300.00', '', 0, 0, 0, 0, 0, 0, '', '', 0, '0.00', '0.0000', '0.00', '2026-06-14 00:45:10', '2026-06-14 00:49:46'),
(44, 0, 'ماتور ايرون 7سم', '', 1, '2300.00', '0.00', '0.00', '0.00', '2026-06-14', 0, 1, 0, '00044', 0, 0, 0, 0, 0, 0, '2300.00', '2300.00', '2300.00', '2300.00', '2300.00', '0.00', '0.00', '0.00', '0.00', '.', 0, 0, '', '', '', '', '', '', '', '2299.97', '', 0, 0, 0, '0', 0, '', 0, 0, 0, 'GS1', '', '', 0, 0, 0, '0.00', '', '0.00', 0, '', 0, '', '2300.00', '2300.00', 0, 0, 0, 0, 0, 0, 0, 0, 0, 0, 0, 0, 0, -1, 0, '', '2300.00', '', 0, 0, 0, 0, 0, 0, '', '', 0, '0.00', '0.0000', '0.00', '2026-06-14 00:45:43', '2026-06-14 00:49:46');

-- --------------------------------------------------------

--
-- Table structure for table `productcat`
--

CREATE TABLE IF NOT EXISTS `productcat` (
  `productCatId` int(11) NOT NULL AUTO_INCREMENT,
  `productCatName` varchar(256) NOT NULL,
  `productCatDate` date NOT NULL,
  `productCatDescription` text,
  `productCatParent` int(11) NOT NULL DEFAULT '0',
  `userId` int(11) NOT NULL,
  `conditions` int(1) NOT NULL DEFAULT '0',
  `selldiscount` decimal(10,2) NOT NULL DEFAULT '0.00',
  `buydiscount` decimal(10,2) NOT NULL DEFAULT '0.00',
  `discounttype` int(11) NOT NULL DEFAULT '0' COMMENT '0 =>direct- 1=>percent',
  `isOptic` int(11) NOT NULL DEFAULT '0' COMMENT '0 not optic -1 without size and color-2 with size and color',
  `buytotal` int(11) DEFAULT '0',
  `buyhalf` int(11) DEFAULT '0',
  `buypart` int(11) DEFAULT '0',
  `buypricereal` int(11) DEFAULT '0',
  `opticServices` varchar(200) NOT NULL,
  `logo` varchar(255) DEFAULT NULL,
  `inMenu` tinyint(4) DEFAULT '0' COMMENT '0 show in resturant menu-1 hide it',
  `stopNegativeSale` tinyint(4) NOT NULL DEFAULT '0',
  `catExcelid` int(11) NOT NULL COMMENT 'used to link products to products from another erp like siam see in buybill',
  `webApiId` int(11) NOT NULL DEFAULT '0',
  `obygyInvestigationCatId` int(11) DEFAULT '0',
  `price4` float NOT NULL DEFAULT '0',
  `price5` float NOT NULL DEFAULT '0',
  `price6` float NOT NULL DEFAULT '0',
  `price7` float NOT NULL DEFAULT '0',
  `price8` float NOT NULL DEFAULT '0',
  `price9` float NOT NULL DEFAULT '0',
  `price10` float NOT NULL DEFAULT '0',
  `price11` float NOT NULL DEFAULT '0',
  `price12` float NOT NULL DEFAULT '0',
  `price13` float NOT NULL DEFAULT '0',
  PRIMARY KEY (`productCatId`),
  KEY `productCatParent` (`productCatParent`)
) ENGINE=InnoDB  DEFAULT CHARSET=utf8 AUTO_INCREMENT=6 ;

--
-- Dumping data for table `productcat`
--

INSERT INTO `productcat` (`productCatId`, `productCatName`, `productCatDate`, `productCatDescription`, `productCatParent`, `userId`, `conditions`, `selldiscount`, `buydiscount`, `discounttype`, `isOptic`, `buytotal`, `buyhalf`, `buypart`, `buypricereal`, `opticServices`, `logo`, `inMenu`, `stopNegativeSale`, `catExcelid`, `webApiId`, `obygyInvestigationCatId`, `price4`, `price5`, `price6`, `price7`, `price8`, `price9`, `price10`, `price11`, `price12`, `price13`) VALUES
(1, 'مواتير', '2025-12-19', '', 0, 1, 0, '0.00', '0.00', -1, 0, 0, 0, 0, 0, '', '.', 0, 0, 0, 0, 0, 0, 0, 0, 0, 0, 0, 0, 0, 0, 0),
(2, 'مبردات', '2025-12-20', '', 0, 1, 0, '0.00', '0.00', -1, 0, 0, 0, 0, 0, '', '.', 0, 0, 0, 0, 0, 0, 0, 0, 0, 0, 0, 0, 0, 0, 0),
(3, 'مراوح  ', '2025-12-20', '', 0, 1, 0, '0.00', '0.00', -1, 0, 15, 20, 20, 0, '', '.', 0, 0, 0, 0, 0, 0, 0, 0, 0, 0, 0, 0, 0, 0, 0),
(4, 'قاروره ', '2025-12-21', '', 0, 1, 0, '0.00', '0.00', -1, 0, 0, 0, 0, 0, '', '.', 0, 0, 0, 0, 0, 0, 0, 0, 0, 0, 0, 0, 0, 0, 0),
(5, 'غيار قاروره', '2025-12-21', '', 0, 1, 0, '0.00', '0.00', -1, 0, 0, 0, 0, 0, '', '.', 0, 0, 0, 0, 0, 0, 0, 0, 0, 0, 0, 0, 0, 0, 0);

-- --------------------------------------------------------

--
-- Table structure for table `productcatunit`
--

CREATE TABLE IF NOT EXISTS `productcatunit` (
  `productcatunitid` int(11) NOT NULL AUTO_INCREMENT,
  `unitid` int(11) NOT NULL,
  `productcatid` int(11) NOT NULL,
  `productnumber` decimal(10,2) NOT NULL,
  `productcatunitdate` date NOT NULL,
  `userid` int(11) NOT NULL,
  `conditions` int(11) NOT NULL DEFAULT '0',
  PRIMARY KEY (`productcatunitid`),
  KEY `productcatid` (`productcatid`),
  KEY `unitid` (`unitid`)
) ENGINE=InnoDB  DEFAULT CHARSET=utf8 AUTO_INCREMENT=6 ;

--
-- Dumping data for table `productcatunit`
--

INSERT INTO `productcatunit` (`productcatunitid`, `unitid`, `productcatid`, `productnumber`, `productcatunitdate`, `userid`, `conditions`) VALUES
(1, 1, 1, '1.00', '2025-12-19', 1, 0),
(2, 1, 2, '1.00', '2025-12-20', 1, 0),
(3, 1, 3, '1.00', '2025-12-20', 1, 0),
(4, 1, 4, '1.00', '2025-12-21', 1, 0),
(5, 1, 5, '1.00', '2025-12-21', 1, 0);

-- --------------------------------------------------------

--
-- Table structure for table `productingredients`
--

CREATE TABLE IF NOT EXISTS `productingredients` (
  `id` int(11) NOT NULL AUTO_INCREMENT,
  `productId` int(11) NOT NULL COMMENT 'from product tabe it is the product that has ingredients',
  `ingridientId` int(11) NOT NULL COMMENT 'from product table it is the ingridient',
  `unitId` int(11) NOT NULL,
  `quantity` decimal(10,2) NOT NULL,
  `userId` int(11) NOT NULL,
  `thedate` date NOT NULL,
  `conditions` tinyint(4) NOT NULL,
  PRIMARY KEY (`id`)
) ENGINE=InnoDB DEFAULT CHARSET=latin1 AUTO_INCREMENT=1 ;

-- --------------------------------------------------------

--
-- Table structure for table `productionexecution`
--

CREATE TABLE IF NOT EXISTS `productionexecution` (
  `id` int(11) NOT NULL AUTO_INCREMENT,
  `orderId` int(11) NOT NULL DEFAULT '0',
  `title` varchar(255) NOT NULL,
  `orderdate` date NOT NULL,
  `taskid` int(11) NOT NULL,
  `productid` int(11) NOT NULL,
  `num` decimal(10,2) NOT NULL,
  `outstoreid` int(11) NOT NULL,
  `wastestoreid` int(11) NOT NULL,
  `rentcost` double NOT NULL,
  `othercost` double NOT NULL,
  `executioncost` double NOT NULL,
  `sysdate` datetime NOT NULL,
  `executed` int(11) NOT NULL DEFAULT '0' COMMENT '0: not execued -- 1:executed',
  `comment` text NOT NULL,
  `sizeid` int(11) NOT NULL DEFAULT '0',
  `colorid` int(11) NOT NULL DEFAULT '0',
  `dailyentryid` int(11) NOT NULL DEFAULT '0',
  PRIMARY KEY (`id`),
  UNIQUE KEY `orderId` (`orderId`)
) ENGINE=InnoDB DEFAULT CHARSET=latin1 AUTO_INCREMENT=1 ;

-- --------------------------------------------------------

--
-- Table structure for table `productionexecutionoutput`
--

CREATE TABLE IF NOT EXISTS `productionexecutionoutput` (
  `id` int(11) NOT NULL AUTO_INCREMENT,
  `exeutionid` int(11) NOT NULL,
  `productid` int(11) NOT NULL,
  `allprice` double NOT NULL,
  `halfprice` double NOT NULL,
  `unitprice` double NOT NULL,
  `num` decimal(10,2) NOT NULL,
  `cost` double NOT NULL,
  `storeid` int(11) NOT NULL,
  `buyPricesHistoryBookIdQuantity` text NOT NULL,
  `sizeid` int(11) NOT NULL DEFAULT '0',
  `colorid` int(11) NOT NULL DEFAULT '0',
  PRIMARY KEY (`id`)
) ENGINE=InnoDB DEFAULT CHARSET=latin1 AUTO_INCREMENT=1 ;

-- --------------------------------------------------------

--
-- Table structure for table `productionexecutionproduct`
--

CREATE TABLE IF NOT EXISTS `productionexecutionproduct` (
  `id` int(11) NOT NULL AUTO_INCREMENT,
  `executionid` int(11) NOT NULL,
  `productid` int(11) NOT NULL,
  `unitid` int(11) NOT NULL,
  `quantity` decimal(10,2) NOT NULL,
  `actualquantity` decimal(10,2) NOT NULL,
  `cost` double NOT NULL,
  `actualcost` double NOT NULL,
  `buyPricesHistoryBookIdQuantity` text NOT NULL,
  `sizeid` int(11) NOT NULL DEFAULT '0',
  `colorid` int(11) NOT NULL DEFAULT '0',
  PRIMARY KEY (`id`)
) ENGINE=InnoDB DEFAULT CHARSET=latin1 AUTO_INCREMENT=1 ;

-- --------------------------------------------------------

--
-- Table structure for table `productionexecutionwaste`
--

CREATE TABLE IF NOT EXISTS `productionexecutionwaste` (
  `id` int(11) NOT NULL AUTO_INCREMENT,
  `executionid` int(11) NOT NULL,
  `productid` int(11) NOT NULL,
  `allprice` double NOT NULL,
  `halfprice` double NOT NULL,
  `unitprice` double NOT NULL,
  `num` decimal(10,2) NOT NULL,
  `storeid` int(11) NOT NULL,
  `buyPricesHistoryBookIdQuantity` text NOT NULL,
  `sizeid` int(11) NOT NULL DEFAULT '0',
  `colorid` int(11) NOT NULL DEFAULT '0',
  PRIMARY KEY (`id`)
) ENGINE=InnoDB DEFAULT CHARSET=latin1 AUTO_INCREMENT=1 ;

-- --------------------------------------------------------

--
-- Table structure for table `productionorder`
--

CREATE TABLE IF NOT EXISTS `productionorder` (
  `productionOrderid` int(11) NOT NULL AUTO_INCREMENT,
  `name` varchar(255) NOT NULL,
  `orderDate` date NOT NULL,
  `branchId` int(11) DEFAULT NULL,
  `startDate` date NOT NULL,
  `endDate` date NOT NULL,
  `productId` int(11) NOT NULL,
  `stageId` int(11) NOT NULL,
  `storeId` int(11) NOT NULL,
  `outQuantity` decimal(10,3) NOT NULL,
  `measureUnitId` int(11) NOT NULL,
  `conditions` int(11) NOT NULL DEFAULT '0' COMMENT '0 for notdel -1 for del',
  `userId` int(11) NOT NULL,
  `orderStatus` int(11) NOT NULL DEFAULT '0' COMMENT '0 for Under implementation - 1 for finished',
  PRIMARY KEY (`productionOrderid`)
) ENGINE=InnoDB DEFAULT CHARSET=utf8 AUTO_INCREMENT=1 ;

-- --------------------------------------------------------

--
-- Table structure for table `productionout`
--

CREATE TABLE IF NOT EXISTS `productionout` (
  `id` int(11) NOT NULL AUTO_INCREMENT,
  `outStore` int(11) NOT NULL,
  `inStore` int(11) NOT NULL,
  `supplier` int(11) NOT NULL,
  `productid` int(11) NOT NULL,
  `sizeid` int(11) NOT NULL,
  `colorid` int(11) NOT NULL,
  `outQuantity` float NOT NULL,
  `outUnitCost` float NOT NULL,
  `outAllCost` float NOT NULL,
  `comment` text CHARACTER SET utf8mb4 COLLATE utf8mb4_unicode_ci,
  `userid` int(11) NOT NULL,
  `sysDate` datetime NOT NULL,
  `del` tinyint(4) NOT NULL,
  `outAllCostTot` float NOT NULL,
  `dailyentryid` int(11) NOT NULL DEFAULT '0',
  PRIMARY KEY (`id`)
) ENGINE=InnoDB DEFAULT CHARSET=latin1 AUTO_INCREMENT=1 ;

-- --------------------------------------------------------

--
-- Table structure for table `productionoutdetails`
--

CREATE TABLE IF NOT EXISTS `productionoutdetails` (
  `id` int(11) NOT NULL AUTO_INCREMENT,
  `productionOutId` int(11) NOT NULL,
  `productid` int(11) NOT NULL,
  `sizeid` int(11) NOT NULL,
  `colorid` int(11) NOT NULL,
  `unitid` int(11) NOT NULL,
  `price` float NOT NULL,
  `quantity` float NOT NULL,
  `inTotalCost` float NOT NULL,
  PRIMARY KEY (`id`)
) ENGINE=InnoDB DEFAULT CHARSET=latin1 AUTO_INCREMENT=1 ;

-- --------------------------------------------------------

--
-- Table structure for table `productionoutmany`
--

CREATE TABLE IF NOT EXISTS `productionoutmany` (
  `id` int(11) NOT NULL AUTO_INCREMENT,
  `outStore` int(11) NOT NULL,
  `inStore` int(11) NOT NULL,
  `supplier` int(11) NOT NULL,
  `comment` text COLLATE utf8mb4_unicode_ci NOT NULL,
  `userid` int(11) NOT NULL,
  `sysDate` datetime NOT NULL,
  `del` tinyint(4) NOT NULL,
  `title` varchar(255) COLLATE utf8mb4_unicode_ci NOT NULL,
  `productionoutmanynum` int(11) NOT NULL DEFAULT '0',
  `dailyentryid` int(11) NOT NULL DEFAULT '0',
  PRIMARY KEY (`id`)
) ENGINE=InnoDB DEFAULT CHARSET=utf8mb4 COLLATE=utf8mb4_unicode_ci AUTO_INCREMENT=1 ;

-- --------------------------------------------------------

--
-- Table structure for table `productionoutmanyinproducts`
--

CREATE TABLE IF NOT EXISTS `productionoutmanyinproducts` (
  `id` int(11) NOT NULL AUTO_INCREMENT,
  `productionoutmanyid` int(11) NOT NULL,
  `productid` int(11) NOT NULL,
  `sizeid` int(11) NOT NULL,
  `colorid` int(11) NOT NULL,
  `prounitid` int(11) NOT NULL,
  `quantity` float NOT NULL,
  `unitpriceraw` float NOT NULL,
  `unitManufPrice` float NOT NULL,
  `inTotalCostUnit` float NOT NULL,
  `inTotalCost` float NOT NULL,
  PRIMARY KEY (`id`)
) ENGINE=InnoDB DEFAULT CHARSET=latin1 AUTO_INCREMENT=1 ;

-- --------------------------------------------------------

--
-- Table structure for table `productionoutmanyoutproducts`
--

CREATE TABLE IF NOT EXISTS `productionoutmanyoutproducts` (
  `id` int(11) NOT NULL AUTO_INCREMENT,
  `productionoutmanyid` int(11) NOT NULL,
  `productid` int(11) NOT NULL,
  `sizeid` int(11) NOT NULL,
  `colorid` int(11) NOT NULL,
  `prounitid` int(11) NOT NULL,
  `quantity` float NOT NULL,
  `unitprice` float NOT NULL,
  `cost` float NOT NULL,
  PRIMARY KEY (`id`)
) ENGINE=InnoDB DEFAULT CHARSET=latin1 AUTO_INCREMENT=1 ;

-- --------------------------------------------------------

--
-- Table structure for table `productionrate`
--

CREATE TABLE IF NOT EXISTS `productionrate` (
  `productionRateId` int(11) NOT NULL AUTO_INCREMENT,
  `name` varchar(255) NOT NULL COMMENT 'equation name',
  `finalName` varchar(255) NOT NULL COMMENT 'equation final product name',
  `userId` int(11) NOT NULL,
  `thedate` date NOT NULL,
  `conditions` int(11) NOT NULL DEFAULT '0' COMMENT '0 for notdel- 1for del',
  `sizeid` int(11) NOT NULL DEFAULT '0',
  `colorid` int(11) NOT NULL DEFAULT '0',
  PRIMARY KEY (`productionRateId`)
) ENGINE=InnoDB DEFAULT CHARSET=utf8 AUTO_INCREMENT=1 ;

-- --------------------------------------------------------

--
-- Table structure for table `productionrateproduct`
--

CREATE TABLE IF NOT EXISTS `productionrateproduct` (
  `productionRateProductId` int(11) NOT NULL AUTO_INCREMENT,
  `productionRateId` int(11) NOT NULL,
  `productId` int(11) NOT NULL,
  `unitId` int(11) NOT NULL,
  `rate` decimal(10,2) NOT NULL,
  `quantity` decimal(10,2) NOT NULL,
  `userId` int(11) NOT NULL,
  `thedate` date NOT NULL,
  `conditions` int(11) NOT NULL DEFAULT '0' COMMENT '0 for notdel- 1for del',
  `sizeid` int(11) NOT NULL DEFAULT '0',
  `colorid` int(11) NOT NULL DEFAULT '0',
  PRIMARY KEY (`productionRateProductId`)
) ENGINE=InnoDB DEFAULT CHARSET=utf8 AUTO_INCREMENT=1 ;

-- --------------------------------------------------------

--
-- Table structure for table `productrecieve`
--

CREATE TABLE IF NOT EXISTS `productrecieve` (
  `productrecieveid` int(11) NOT NULL AUTO_INCREMENT,
  `sparepartid` int(11) NOT NULL,
  `productrecievedate` date NOT NULL,
  `recieptnum` varchar(255) NOT NULL,
  `clientname` varchar(255) NOT NULL,
  `type` int(11) NOT NULL COMMENT '1=>',
  `cost` decimal(10,2) NOT NULL,
  `partsnumber` decimal(10,2) NOT NULL,
  `userid` int(11) NOT NULL,
  PRIMARY KEY (`productrecieveid`)
) ENGINE=InnoDB DEFAULT CHARSET=utf8 AUTO_INCREMENT=1 ;

-- --------------------------------------------------------

--
-- Table structure for table `productrequests`
--

CREATE TABLE IF NOT EXISTS `productrequests` (
  `id` int(11) NOT NULL AUTO_INCREMENT,
  `productid` int(11) NOT NULL,
  `storeid` int(11) NOT NULL,
  `requeststoreid` int(11) NOT NULL COMMENT 'id of store that made the request',
  `productnoreq` int(11) NOT NULL COMMENT 'no of requested pieces',
  `productnoaccept` int(11) NOT NULL COMMENT 'no of accepted pieces',
  `useridadd` int(11) NOT NULL COMMENT 'user who add the request',
  `useridresponse` int(11) NOT NULL COMMENT 'user who respond to the request',
  `status` int(11) NOT NULL DEFAULT '0' COMMENT '0 new - 1 refuse - 2 accept - 3 accept and added to bill',
  `seen` int(11) NOT NULL DEFAULT '0',
  `deleted` int(11) NOT NULL DEFAULT '0' COMMENT '1 deleted - 0 not deleted ',
  PRIMARY KEY (`id`)
) ENGINE=InnoDB DEFAULT CHARSET=latin1 AUTO_INCREMENT=1 ;

-- --------------------------------------------------------

--
-- Table structure for table `productserial`
--

CREATE TABLE IF NOT EXISTS `productserial` (
  `productserailid` int(11) NOT NULL AUTO_INCREMENT,
  `productid` int(11) NOT NULL,
  `serialnumber` varchar(256) NOT NULL,
  `comment` text NOT NULL,
  `startdate` date NOT NULL,
  `enddate` date NOT NULL,
  `billid` int(11) NOT NULL,
  `type` int(11) NOT NULL COMMENT '0 for Buy 1 for returnBuyBill',
  `buybilldetailid` int(11) NOT NULL,
  `don` decimal(10,2) NOT NULL COMMENT 'serial quantity',
  `sellbillid` int(11) NOT NULL,
  `del` int(11) NOT NULL COMMENT '0 for not del 1 for del',
  `storeid` int(11) NOT NULL COMMENT 'store of buy bill where serial exists',
  `sizeid` int(11) NOT NULL DEFAULT '0',
  `colorid` int(11) NOT NULL DEFAULT '0',
  `chassisNo` varchar(25) NOT NULL DEFAULT '',
  `motorNo` varchar(25) NOT NULL DEFAULT '',
  `theColor` varchar(255) NOT NULL DEFAULT '',
  PRIMARY KEY (`productserailid`),
  KEY `productid` (`productid`)
) ENGINE=InnoDB DEFAULT CHARSET=utf8 AUTO_INCREMENT=1 ;

-- --------------------------------------------------------

--
-- Table structure for table `productsetting`
--

CREATE TABLE IF NOT EXISTS `productsetting` (
  `productsettingid` int(11) NOT NULL AUTO_INCREMENT,
  `leastValueAtStore` decimal(10,2) NOT NULL,
  `storeid` int(11) NOT NULL,
  PRIMARY KEY (`productsettingid`),
  KEY `storeid` (`storeid`)
) ENGINE=InnoDB DEFAULT CHARSET=utf8 AUTO_INCREMENT=1 ;

-- --------------------------------------------------------

--
-- Table structure for table `productstore`
--

CREATE TABLE IF NOT EXISTS `productstore` (
  `id` int(11) unsigned NOT NULL AUTO_INCREMENT,
  `productid` int(11) unsigned DEFAULT NULL,
  `storeid` int(11) unsigned DEFAULT NULL,
  `productcatid` int(11) unsigned DEFAULT NULL,
  `limitamount` int(11) unsigned DEFAULT NULL,
  `prostorelimitamount` int(11) unsigned DEFAULT NULL,
  `createddate` datetime DEFAULT NULL,
  `conditions` int(11) unsigned DEFAULT NULL,
  PRIMARY KEY (`id`)
) ENGINE=InnoDB  DEFAULT CHARSET=utf8mb4 COLLATE=utf8mb4_unicode_ci AUTO_INCREMENT=47 ;

--
-- Dumping data for table `productstore`
--

INSERT INTO `productstore` (`id`, `productid`, `storeid`, `productcatid`, `limitamount`, `prostorelimitamount`, `createddate`, `conditions`) VALUES
(1, 1, 1, 1, 0, 0, '2025-12-19 21:54:28', 0),
(2, 2, 1, 1, 0, 0, '2025-12-20 03:15:20', 0),
(3, 3, 1, 1, 0, 0, '2025-12-20 03:15:22', 0),
(4, 4, 1, 1, 0, 0, '2025-12-20 03:15:24', 0),
(5, 5, 1, 1, 0, 0, '2025-12-20 03:22:21', 0),
(6, 6, 1, 1, 0, 0, '2025-12-20 03:26:21', 0),
(7, 7, 1, 1, 0, 0, '2025-12-20 03:29:35', 0),
(8, 8, 1, 2, 0, 0, '2025-12-20 14:59:57', 0),
(9, 9, 1, 2, 0, 0, '2025-12-20 14:59:58', 0),
(10, 10, 1, 2, 0, 0, '2025-12-20 14:59:59', 0),
(11, 11, 1, 2, 0, 0, '2025-12-20 15:00:01', 0),
(12, 12, 1, 2, 0, 0, '2025-12-20 15:00:02', 0),
(13, 13, 1, 2, 0, 0, '2025-12-20 15:00:03', 0),
(14, 14, 1, 2, 0, 0, '2025-12-20 15:00:04', 0),
(15, 15, 1, 3, 0, 0, '2025-12-21 00:03:15', 0),
(16, 16, 1, 3, 0, 0, '2025-12-21 00:03:16', 0),
(17, 17, 1, 3, 0, 0, '2025-12-21 00:03:18', 0),
(18, 18, 1, 3, 0, 0, '2025-12-21 00:03:20', 0),
(19, 19, 1, 3, 0, 0, '2025-12-21 00:03:22', 0),
(20, 20, 1, 3, 0, 0, '2025-12-21 00:03:24', 0),
(21, 21, 1, 3, 0, 0, '2025-12-21 00:03:26', 0),
(22, 22, 1, 3, 0, 0, '2025-12-21 00:03:28', 0),
(23, 23, 1, 3, 0, 0, '2025-12-21 00:03:30', 0),
(24, 24, 1, 3, 0, 0, '2025-12-21 00:03:33', 0),
(25, 25, 1, 3, 0, 0, '2025-12-21 00:03:35', 0),
(26, 26, 1, 3, 0, 0, '2025-12-21 00:03:36', 0),
(27, 27, 1, 3, 0, 0, '2025-12-21 00:03:38', 0),
(28, 28, 1, 3, 0, 0, '2025-12-21 00:03:40', 0),
(29, 29, 1, 3, 0, 0, '2025-12-21 00:03:42', 0),
(30, 30, 1, 3, 0, 0, '2025-12-21 00:03:44', 0),
(31, 31, 1, 4, 0, 0, '2025-12-21 00:07:13', 0),
(32, 32, 1, 5, 0, 0, '2025-12-21 00:09:11', 0),
(33, 33, 1, 3, 0, 0, '2025-12-29 21:42:44', 0),
(34, 34, 1, 3, 0, 0, '2025-12-30 01:17:41', 0),
(35, 35, 1, 3, 0, 0, '2025-12-30 01:17:43', 0),
(36, 36, 1, 3, 0, 0, '2025-12-30 01:17:44', 0),
(37, 37, 1, 1, 0, 0, '2026-05-17 04:33:27', 0),
(38, 37, 2, 1, 0, 0, '2026-05-17 04:33:27', 0),
(39, 38, 1, 1, 0, 0, '2026-05-17 04:33:28', 0),
(40, 38, 2, 1, 0, 0, '2026-05-17 04:33:28', 0),
(41, 39, 1, 1, 0, 0, '2026-05-17 04:33:29', 0),
(42, 39, 2, 1, 0, 0, '2026-05-17 04:33:29', 0),
(43, 43, 1, 1, 0, 0, '2026-06-14 02:45:11', 0),
(44, 43, 2, 1, 0, 0, '2026-06-14 02:45:11', 0),
(45, 44, 1, 1, 0, 0, '2026-06-14 02:45:44', 0),
(46, 44, 2, 1, 0, 0, '2026-06-14 02:45:44', 0);

-- --------------------------------------------------------

--
-- Table structure for table `producttemp`
--

CREATE TABLE IF NOT EXISTS `producttemp` (
  `producttempid` int(11) NOT NULL AUTO_INCREMENT,
  `productName` varchar(256) NOT NULL DEFAULT '',
  `productCatId` int(11) NOT NULL,
  `productBuyPrice` decimal(10,2) NOT NULL,
  `productSellAllPrice` decimal(10,2) NOT NULL,
  `productSellUnitPrice` decimal(10,2) NOT NULL,
  `productSellHalfPrice` decimal(10,2) NOT NULL,
  `productDate` date NOT NULL,
  `conditions` int(1) NOT NULL DEFAULT '0',
  `userId` int(11) NOT NULL,
  `parcode` varchar(256) DEFAULT NULL,
  PRIMARY KEY (`producttempid`),
  KEY `productCatId` (`productCatId`)
) ENGINE=InnoDB DEFAULT CHARSET=utf8 AUTO_INCREMENT=1 ;

-- --------------------------------------------------------

--
-- Table structure for table `producttempunit`
--

CREATE TABLE IF NOT EXISTS `producttempunit` (
  `producttempunitid` int(11) NOT NULL AUTO_INCREMENT,
  `unitid` int(11) NOT NULL,
  `producttempid` int(11) NOT NULL,
  `productnumber` int(11) NOT NULL,
  `producttempunitdate` date NOT NULL,
  `userid` int(11) NOT NULL,
  `conditions` int(11) NOT NULL DEFAULT '0',
  PRIMARY KEY (`producttempunitid`),
  KEY `producttempid` (`producttempid`),
  KEY `unitid` (`unitid`)
) ENGINE=InnoDB DEFAULT CHARSET=utf8 AUTO_INCREMENT=1 ;

-- --------------------------------------------------------

--
-- Table structure for table `productunit`
--

CREATE TABLE IF NOT EXISTS `productunit` (
  `productunitid` int(11) NOT NULL AUTO_INCREMENT,
  `unitid` int(11) NOT NULL,
  `productid` int(11) NOT NULL,
  `productnumber` decimal(10,2) NOT NULL,
  `productunitdate` date NOT NULL,
  `userid` int(11) NOT NULL,
  `conditions` int(11) NOT NULL DEFAULT '0',
  `proUnitParcode` varchar(30) NOT NULL,
  `proUnitSellAllPrice` float NOT NULL,
  `proUnitSellHalfPrice` float NOT NULL,
  `proUnitSellUnitPrice` float NOT NULL,
  `proUnitBuyPrice` float NOT NULL,
  `unitInTax` varchar(150) NOT NULL,
  `proUnitPrice4` float NOT NULL,
  `proUnitPrice5` float NOT NULL,
  `proUnitPrice6` float NOT NULL,
  `proUnitPrice7` float NOT NULL,
  `proUnitPrice8` float NOT NULL,
  `proUnitPrice9` float NOT NULL,
  `proUnitPrice10` float NOT NULL,
  `proUnitPrice11` float NOT NULL,
  `proUnitPrice12` float NOT NULL,
  `proUnitPrice13` float NOT NULL,
  PRIMARY KEY (`productunitid`),
  KEY `productid` (`productid`),
  KEY `unitid` (`unitid`)
) ENGINE=InnoDB  DEFAULT CHARSET=utf8 AUTO_INCREMENT=45 ;

--
-- Dumping data for table `productunit`
--

INSERT INTO `productunit` (`productunitid`, `unitid`, `productid`, `productnumber`, `productunitdate`, `userid`, `conditions`, `proUnitParcode`, `proUnitSellAllPrice`, `proUnitSellHalfPrice`, `proUnitSellUnitPrice`, `proUnitBuyPrice`, `unitInTax`, `proUnitPrice4`, `proUnitPrice5`, `proUnitPrice6`, `proUnitPrice7`, `proUnitPrice8`, `proUnitPrice9`, `proUnitPrice10`, `proUnitPrice11`, `proUnitPrice12`, `proUnitPrice13`) VALUES
(1, 1, 1, '1.00', '2025-12-20', 1, 0, '0000101', 1045, 1100, 1200, 950, '', 0, 0, 0, 0, 0, 0, 0, 0, 0, 0),
(2, 1, 2, '1.00', '2025-12-21', 1, 0, '0000201', 2400, 2550, 2600, 2200, '', 0, 0, 0, 0, 0, 0, 0, 0, 0, 0),
(3, 1, 3, '1.00', '2025-12-20', 1, 0, '0000301', 1000, 0, 0, 900, '', 0, 0, 0, 0, 0, 0, 0, 0, 0, 0),
(4, 1, 4, '1.00', '2025-12-20', 1, 0, '0000401', 1000, 1000, 1000, 900, '', 0, 0, 0, 0, 0, 0, 0, 0, 0, 0),
(5, 1, 5, '1.00', '2025-12-20', 1, 0, '0000501', 1100, 1100, 1200, 950, '', 0, 0, 0, 0, 0, 0, 0, 0, 0, 0),
(6, 1, 6, '1.00', '2025-12-20', 1, 0, '0000601', 2650, 2650, 2650, 0, '', 0, 0, 0, 0, 0, 0, 0, 0, 0, 0),
(7, 1, 7, '1.00', '2025-12-20', 1, 0, '0000701', 2850, 2940, 3050, 2650, '', 0, 0, 0, 0, 0, 0, 0, 0, 0, 0),
(8, 1, 8, '1.00', '2026-06-21', 1, 0, '0000801', 0, 0, 0, 3500, '', 0, 0, 0, 0, 0, 0, 0, 0, 0, 0),
(9, 1, 9, '1.00', '2025-12-20', 1, 0, '0000901', 4350, 4350, 4350, 3900, '', 0, 0, 0, 0, 0, 0, 0, 0, 0, 0),
(10, 1, 10, '1.00', '2025-12-20', 1, 0, '0001001', 4350, 4350, 4350, 3900, '', 0, 0, 0, 0, 0, 0, 0, 0, 0, 0),
(11, 1, 11, '1.00', '2025-12-20', 1, 0, '0001101', 4400, 4400, 4400, 4400, '', 0, 0, 0, 0, 0, 0, 0, 0, 0, 0),
(12, 1, 12, '1.00', '2025-12-20', 1, 0, '0001201', 4650, 4650, 4650, 4650, '', 0, 0, 0, 0, 0, 0, 0, 0, 0, 0),
(13, 1, 13, '1.00', '2025-12-20', 1, 0, '0001301', 4350, 4350, 4350, 4350, '', 0, 0, 0, 0, 0, 0, 0, 0, 0, 0),
(14, 1, 14, '1.00', '2025-12-20', 1, 0, '0001401', 5800, 5800, 5800, 5800, '', 0, 0, 0, 0, 0, 0, 0, 0, 0, 0),
(15, 1, 15, '1.00', '2025-12-21', 1, 0, '0001501', 2350, 2400, 2840, 2150, '', 0, 0, 0, 0, 0, 0, 0, 0, 0, 0),
(16, 1, 16, '1.00', '2025-12-21', 1, 0, '0001601', 2665, 2700, 2800, 2350, '', 0, 0, 0, 0, 0, 0, 0, 0, 0, 0),
(17, 1, 17, '1.00', '2025-12-21', 1, 0, '0001701', 2700, 2750, 2800, 2350, '', 0, 0, 0, 0, 0, 0, 0, 0, 0, 0),
(18, 1, 18, '1.00', '2025-12-21', 1, 0, '0001801', 2900, 2950, 3000, 2500, '', 0, 0, 0, 0, 0, 0, 0, 0, 0, 0),
(19, 1, 19, '1.00', '2025-12-21', 1, 0, '0001901', 2900, 2950, 3000, 2600, '', 0, 0, 0, 0, 0, 0, 0, 0, 0, 0),
(20, 1, 20, '1.00', '2025-12-21', 1, 0, '0002001', 3100, 3150, 3200, 2750, '', 0, 0, 0, 0, 0, 0, 0, 0, 0, 0),
(21, 1, 21, '1.00', '2025-12-21', 1, 0, '0002101', 2850, 3100, 3150, 2300, '', 0, 0, 0, 0, 0, 0, 0, 0, 0, 0),
(22, 1, 22, '1.00', '2025-12-21', 1, 0, '0002201', 3300, 3350, 3400, 2600, '', 0, 0, 0, 0, 0, 0, 0, 0, 0, 0),
(23, 1, 23, '1.00', '2025-12-21', 1, 0, '0002301', 2350, 2500, 2500, 1820, '', 0, 0, 0, 0, 0, 0, 0, 0, 0, 0),
(24, 1, 24, '1.00', '2025-12-21', 1, 0, '0002401', 2500, 2600, 2700, 2150, '', 0, 0, 0, 0, 0, 0, 0, 0, 0, 0),
(25, 1, 25, '1.00', '2025-12-21', 1, 0, '0002501', 2400, 2500, 2500, 2000, '', 0, 0, 0, 0, 0, 0, 0, 0, 0, 0),
(26, 1, 26, '1.00', '2025-12-21', 1, 0, '0002601', 2700, 2800, 2800, 2330, '', 0, 0, 0, 0, 0, 0, 0, 0, 0, 0),
(27, 1, 27, '1.00', '2025-12-21', 1, 0, '0002701', 2450, 2500, 2600, 1820, '', 0, 0, 0, 0, 0, 0, 0, 0, 0, 0),
(28, 1, 28, '1.00', '2025-12-21', 1, 0, '0002801', 2550, 2550, 2600, 2150, '', 0, 0, 0, 0, 0, 0, 0, 0, 0, 0),
(29, 1, 29, '1.00', '2025-12-21', 1, 0, '0002901', 2550, 3060, 3060, 2000, '', 0, 0, 0, 0, 0, 0, 0, 0, 0, 0),
(30, 1, 30, '1.00', '2025-12-21', 1, 0, '0003001', 2650, 3180, 3180, 2330, '', 0, 0, 0, 0, 0, 0, 0, 0, 0, 0),
(31, 1, 31, '1.00', '2025-12-21', 1, 0, '0003101', 1200, 1300, 1350, 850, '', 0, 0, 0, 0, 0, 0, 0, 0, 0, 0),
(32, 1, 32, '1.00', '2025-12-21', 1, 0, '0003201', 425, 450, 450, 250, '', 0, 0, 0, 0, 0, 0, 0, 0, 0, 0),
(33, 1, 33, '1.00', '2025-12-29', 1, 0, '0003301', 1265, 1320, 1320, 1100, '', 0, 0, 0, 0, 0, 0, 0, 0, 0, 0),
(34, 1, 34, '1.00', '2025-12-30', 1, 0, '0003401', 287.5, 300, 300, 250, '', 0, 0, 0, 0, 0, 0, 0, 0, 0, 0),
(35, 1, 35, '1.00', '2025-12-30', 1, 0, '0003501', 345, 360, 360, 300, '', 0, 0, 0, 0, 0, 0, 0, 0, 0, 0),
(36, 1, 36, '1.00', '2025-12-30', 1, 0, '0003601', 402.5, 420, 420, 350, '', 0, 0, 0, 0, 0, 0, 0, 0, 0, 0),
(37, 1, 37, '1.00', '2026-05-17', 1, 0, '0003701', 2500, 2800, 0, 2300, '', 0, 0, 0, 0, 0, 0, 0, 0, 0, 0),
(38, 1, 38, '1.00', '2026-05-17', 1, 0, '0003801', 2500, 2800, 0, 2300, '', 0, 0, 0, 0, 0, 0, 0, 0, 0, 0),
(39, 1, 39, '1.00', '2026-05-17', 1, 0, '0003901', 2500, 2500, 0, 2300, '', 0, 0, 0, 0, 0, 0, 0, 0, 0, 0),
(40, 1, 40, '1.00', '2026-06-13', 1, 0, '0004001', 2300, 2300, 2300, 2300, '', 0, 0, 0, 0, 0, 0, 0, 0, 0, 0),
(41, 1, 41, '1.00', '2026-06-13', 1, 0, '0004101', 2500, 2500, 2500, 2300, '', 0, 0, 0, 0, 0, 0, 0, 0, 0, 0),
(42, 1, 42, '1.00', '2026-06-13', 1, 0, '0004201', 2500, 2500, 2500, 2300, '', 0, 0, 0, 0, 0, 0, 0, 0, 0, 0),
(43, 1, 43, '1.00', '2026-06-14', 1, 0, '0004301', 0, 0, 0, 2300, '', 0, 0, 0, 0, 0, 0, 0, 0, 0, 0),
(44, 1, 44, '1.00', '2026-06-14', 1, 0, '0004401', 0, 0, 0, 2300, '', 0, 0, 0, 0, 0, 0, 0, 0, 0, 0);

-- --------------------------------------------------------

--
-- Table structure for table `project`
--

CREATE TABLE IF NOT EXISTS `project` (
  `id` int(11) NOT NULL AUTO_INCREMENT,
  `name` varchar(255) NOT NULL,
  `totalcontract` decimal(10,2) NOT NULL,
  `image` varchar(255) DEFAULT NULL,
  `detail` text NOT NULL,
  `clientid` int(11) NOT NULL,
  `costcenterid` int(11) NOT NULL,
  `treeid` int(11) NOT NULL,
  `treeproid` int(11) NOT NULL,
  `entryid` int(11) NOT NULL,
  `sysdate` date NOT NULL,
  `del` int(11) NOT NULL DEFAULT '0',
  `finish` int(11) DEFAULT '0' COMMENT '0: not finish 1: finish',
  `projectkindid` int(11) NOT NULL DEFAULT '0',
  `bannerdesigned` int(11) NOT NULL DEFAULT '0',
  `projectsuit` int(11) NOT NULL DEFAULT '0',
  `addeddate` date NOT NULL,
  `expirydate` date NOT NULL,
  `owner_name` varchar(255) DEFAULT NULL,
  `business_type` tinyint(4) DEFAULT '0',
  `supervision_type` tinyint(4) DEFAULT '0',
  `supervision_amount` decimal(10,2) NOT NULL,
  `projectstageids` varchar(255) DEFAULT '0',
  `userid` int(11) NOT NULL DEFAULT '0',
  `projectstagesdata` tinyint(4) DEFAULT '2',
  `projecttimetableitems` tinyint(4) DEFAULT '2',
  `expenses` tinyint(4) DEFAULT '2',
  `income` tinyint(4) DEFAULT '2',
  `showpdf` tinyint(4) DEFAULT NULL,
  `filepdf` varchar(255) DEFAULT NULL,
  PRIMARY KEY (`id`)
) ENGINE=InnoDB DEFAULT CHARSET=latin1 AUTO_INCREMENT=1 ;

-- --------------------------------------------------------

--
-- Table structure for table `projectexchmaterial`
--

CREATE TABLE IF NOT EXISTS `projectexchmaterial` (
  `id` int(11) NOT NULL AUTO_INCREMENT,
  `serilno` varchar(255) NOT NULL,
  `projectid` int(11) NOT NULL,
  `storeid` int(11) NOT NULL,
  `projdate` date NOT NULL,
  `sysdate` date NOT NULL,
  `totalnum` varchar(255) NOT NULL,
  `totalbuyprice` varchar(255) NOT NULL,
  `entryid` int(11) NOT NULL,
  `userid` int(11) NOT NULL DEFAULT '0',
  `supervision_type` int(11) NOT NULL,
  `supervision_amount` int(11) NOT NULL,
  `supplierid` int(11) NOT NULL,
  `finalsupervision` int(11) NOT NULL,
  PRIMARY KEY (`id`)
) ENGINE=InnoDB DEFAULT CHARSET=latin1 AUTO_INCREMENT=1 ;

-- --------------------------------------------------------

--
-- Table structure for table `projectexchmaterialdetail`
--

CREATE TABLE IF NOT EXISTS `projectexchmaterialdetail` (
  `id` int(11) NOT NULL AUTO_INCREMENT,
  `projectexchid` int(11) NOT NULL,
  `productid` int(11) NOT NULL,
  `pronumber` int(11) NOT NULL,
  `probuyprice` int(11) NOT NULL,
  `expensestypeid` int(11) NOT NULL,
  `supervision_amount` int(11) NOT NULL,
  `supervision` int(11) NOT NULL,
  PRIMARY KEY (`id`)
) ENGINE=InnoDB DEFAULT CHARSET=latin1 AUTO_INCREMENT=1 ;

-- --------------------------------------------------------

--
-- Table structure for table `projectexchmaterialdetailreturn`
--

CREATE TABLE IF NOT EXISTS `projectexchmaterialdetailreturn` (
  `id` int(11) NOT NULL AUTO_INCREMENT,
  `projectexchid` int(11) NOT NULL,
  `productid` int(11) NOT NULL,
  `pronumber` int(11) NOT NULL,
  `probuyprice` int(11) NOT NULL,
  `expensestypeid` int(11) NOT NULL,
  `supervision_amount` int(11) NOT NULL,
  `supervision` int(11) NOT NULL,
  PRIMARY KEY (`id`)
) ENGINE=InnoDB DEFAULT CHARSET=latin1 AUTO_INCREMENT=1 ;

-- --------------------------------------------------------

--
-- Table structure for table `projectexchmaterialreturn`
--

CREATE TABLE IF NOT EXISTS `projectexchmaterialreturn` (
  `id` int(11) NOT NULL AUTO_INCREMENT,
  `serilno` varchar(255) NOT NULL,
  `projectid` int(11) NOT NULL,
  `storeid` int(11) NOT NULL,
  `projdate` date NOT NULL,
  `sysdate` date NOT NULL,
  `totalnum` varchar(255) NOT NULL,
  `totalbuyprice` varchar(255) NOT NULL,
  `entryid` int(11) NOT NULL,
  `userid` int(11) NOT NULL DEFAULT '0',
  `supervision_type` int(11) NOT NULL,
  `supervision_amount` int(11) NOT NULL,
  `supplierid` int(11) NOT NULL,
  `finalsupervision` int(11) NOT NULL,
  PRIMARY KEY (`id`)
) ENGINE=InnoDB DEFAULT CHARSET=latin1 AUTO_INCREMENT=1 ;

-- --------------------------------------------------------

--
-- Table structure for table `projectkind`
--

CREATE TABLE IF NOT EXISTS `projectkind` (
  `projectkindid` int(11) NOT NULL AUTO_INCREMENT,
  `projectkindname` varchar(256) DEFAULT NULL,
  `projectkinddate` datetime NOT NULL,
  `userid` int(11) NOT NULL,
  `conditions` int(1) NOT NULL,
  `projectkindcomment` text CHARACTER SET utf8mb4 COLLATE utf8mb4_unicode_ci,
  PRIMARY KEY (`projectkindid`)
) ENGINE=InnoDB DEFAULT CHARSET=utf8 AUTO_INCREMENT=1 ;

-- --------------------------------------------------------

--
-- Table structure for table `properties`
--

CREATE TABLE IF NOT EXISTS `properties` (
  `propertyid` int(11) NOT NULL AUTO_INCREMENT,
  `propertyname` varchar(255) NOT NULL,
  `propertyparent` int(11) NOT NULL,
  `propertydefault` int(11) NOT NULL DEFAULT '0',
  `propertyurl` varchar(255) NOT NULL,
  `propertyname_en` varchar(255) DEFAULT '',
  PRIMARY KEY (`propertyid`)
) ENGINE=InnoDB  DEFAULT CHARSET=utf8 AUTO_INCREMENT=688 ;

--
-- Dumping data for table `properties`
--

INSERT INTO `properties` (`propertyid`, `propertyname`, `propertyparent`, `propertydefault`, `propertyurl`, `propertyname_en`) VALUES
(1, 'خصائص عامه', 0, 1, '', ''),
(2, 'القائمه', 1, 1, 'menuurController.php', ''),
(3, 'اعدادات المنتج', 1, 1, 'productsettingController.php', ''),
(4, 'مجموعات المستخدمين', 1, 1, 'usergroupController.php', ''),
(5, 'المستخدمين', 1, 1, 'userController.php', ''),
(6, 'شركات الشحن', 1, 1, 'shippercompaniesController.php', ''),
(7, 'بوليصه الشحن', 1, 1, 'policyController.php', ''),
(8, 'راس المال', 1, 1, 'capitalController.php', ''),
(9, 'الشركاء', 1, 1, '', ''),
(10, 'الشركاء', 9, 1, 'partnerController.php', ''),
(11, 'مسحوبات الشركاء', 9, 1, 'partnerwithdrawalController.php', ''),
(12, 'الأصول الثابتة', 1, 1, 'assetController.php', ''),
(13, 'انواع الاصول الثابتة', 1, 1, 'assetTypeController.php', ''),
(14, 'العملاء', 1, 1, '', ''),
(15, 'اداره العملاء', 14, 1, 'clientController.php', ''),
(16, 'ايصال سداد عميل', 14, 1, 'clientPayedDeptController.php', ''),
(17, 'معالجه حساب عميل', 14, 1, 'clientDeficitController.php', ''),
(18, 'تقرير مديونيه العميل', 14, 1, 'clientReportsController.php', ''),
(19, 'الموردين', 1, 1, '', ''),
(23, 'اداره الموردين', 19, 1, 'supplierController.php', ''),
(24, 'سداد ديون مورد', 19, 1, 'supplierPayedDeptController.php', ''),
(25, 'معالجه عجز مورد', 19, 1, 'supplierDeficitController.php', ''),
(26, 'تقرير الدÙعات لمورد', 19, 1, 'supplierReportsController.php', ''),
(27, 'تقرير مديونيه مورد', 19, 1, 'supplierReportsController.php', ''),
(28, 'نقل قاعده البيانات', 1, 1, 'transferdatabaseController.php', ''),
(29, 'نسخه احتياطيه', 1, 1, 'backupController.php', ''),
(30, 'ارشÙه', 1, 1, 'archiveController.php', ''),
(31, 'اداره الÙواتير', 0, 1, '', ''),
(32, 'الÙاتوره', 31, 1, 'billsettingsController.php', ''),
(33, 'Ùاتوره مشتريات', 31, 1, '', ''),
(34, 'اضاÙه Ùاتوره شراء', 33, 1, 'buyBillController.php', ''),
(35, 'عرض مردودات المشتريات', 33, 1, 'returnBuyBillController.php', ''),
(36, 'عرض Ùواتير المشتريات والمردودات', 33, 1, 'buyAndReturnBillController.php', ''),
(37, 'Ùاتوره المبيعات', 31, 1, '', ''),
(38, 'اضاÙه Ùاتوره مبيعات', 37, 1, 'sellbillController.php', ''),
(39, 'عرض مردودات المبيعات', 37, 1, 'returnsellbillController.php', ''),
(40, 'عرض المبيعات والمردودات', 37, 1, 'sellbillandruternController.php', ''),
(41, 'المنتجات', 0, 1, '', ''),
(42, 'تصنيÙات المنتجات', 41, 1, 'productCatController.php', ''),
(43, 'المنتجات', 41, 1, 'productController.php', ''),
(44, 'طباعه السيريال', 43, 1, 'printbillserailController.php', ''),
(45, 'وحدات القياس', 41, 1, 'unitController.php', ''),
(46, 'قطع الغيار', 41, 1, 'sparePartController.php', ''),
(47, 'الصيانه', 0, 1, '', ''),
(48, 'استلام منتج', 47, 1, 'productRecieveController.php', ''),
(49, 'المصروÙات والايرادات', 0, 1, '', ''),
(50, 'الخزن', 49, 1, '', ''),
(51, 'الخزن', 50, 1, 'saveController.php', ''),
(52, 'التحويل بين الخزن', 50, 1, 'transfermoneyController.php', ''),
(53, 'معالجه عجز  خزنه', 50, 1, 'settlementsaveController.php', ''),
(54, 'اداره البنوك', 49, 1, '', ''),
(55, 'البنوك', 54, 1, 'bankController.php', ''),
(56, 'حسابات البنوك', 54, 1, 'bankaccountController.php', ''),
(57, 'الشيكات', 49, 1, '', ''),
(58, 'الايداعات', 57, 1, 'depositcheckController.php', ''),
(59, 'المسحوبات', 57, 1, 'checkwithdrawalController.php', ''),
(60, 'الكمبيالات', 49, 1, 'kempialaController.php', ''),
(61, 'انواع المصروÙات', 49, 1, 'expensesTypeController.php', ''),
(62, 'المصروÙات', 49, 1, 'expensesController.php', ''),
(63, 'المخازن', 0, 1, '', ''),
(64, 'المخازن', 63, 1, 'storeController.php', ''),
(65, 'التحويل بين المخازن', 63, 1, 'storemovementController.php', ''),
(66, 'تسوية مخزن', 63, 1, 'settlementstoreController.php', ''),
(67, 'التقارير', 0, 1, '', ''),
(68, 'تقرير يوميه الخزنه', 67, 1, 'savedailyController.php', ''),
(69, 'رصيد المخازن', 67, 1, 'storedetailController.php', ''),
(70, 'تقرير حركه المخازن', 67, 1, 'storereportController.php', ''),
(71, 'تقرير ارباح مده', 67, 1, 'profitreportController.php', ''),
(72, 'تقرير حسابات مجمعة', 67, 1, 'balancereportController.php', ''),
(73, 'تقرير المنتجات بالمخزن اقل من الحد الأدنى', 67, 1, 'productlimitreportController.php', ''),
(74, 'تقرير مبيعات مبسط', 67, 1, 'productsellsreportController.php', ''),
(75, 'تقرير حركه المستخدمين', 67, 1, 'movementmanageController.php', ''),
(76, 'تقرير الأصناÙ بكل الأسعار ', 67, 1, 'productReportsController.php', ''),
(77, 'تقرير الأصناÙ شراء ', 67, 1, 'productReportsController.php', ''),
(78, 'تقرير ارباح تصنيÙ', 67, 1, 'profitproductcatController.php', ''),
(79, 'تقرير ارباح منتج', 67, 1, 'profitproductController.php', ''),
(80, 'تقرير باركود لصنÙ', 67, 1, 'productserailreportController.php', ''),
(82, 'إعادة الجرد', 41, 1, 'inventoryController.php', ''),
(83, 'تحويل نقدي', 49, 1, 'cashTransferController.php', ''),
(84, 'تقرير المصروÙات', 67, 1, 'expensesReportController.php', ''),
(85, 'إعدادات البرنامج', 1, 1, 'programsettingsController.php', ''),
(87, 'تقرير عملاء ومنتجات', 67, 1, 'clientsAndProductsReportController.php', ''),
(89, 'تقرير Ùواتير المبيعات', 37, 1, 'sellBillReportsController.php', ''),
(90, 'تقرير مردودات المبيعات', 37, 1, 'ReturnSellBillReportsController.php', ''),
(91, 'تقرير الموردين', 67, 1, 'supplierReportsController.php', ''),
(92, 'تقرير عملاء مÙصل', 67, 1, 'clientReportsController.php?do=all', ''),
(93, 'التحويل بين اكثر من مخزن', 63, 1, 'otherstoremovementController.php', ''),
(96, 'اداره الموظÙين', 0, 1, '', ''),
(97, 'الموظÙين', 96, 1, 'employeeController.php', ''),
(98, 'الحواÙز او الخصومات', 96, 1, 'employeePersonalController.php', ''),
(99, 'المرتبات', 96, 1, 'salaryReportController.php', ''),
(100, 'تقرير نسبه بائع', 31, 1, 'userratereportController.php', ''),
(105, 'طباعه الباركود لمخزن او تصنيÙ ', 41, 1, 'storeparcodeController.php', ''),
(123, 'الاشعارات', 67, 1, 'noticesController.php', ''),
(124, 'الشيكات المؤجله ', 57, 0, 'datedCheckedController.php', ''),
(125, 'تقرير حركه منتج ', 67, 1, 'productmovmentController.php', ''),
(126, 'التصنيع', 0, 1, '', ''),
(127, 'معادلات الانتاج', 126, 1, 'productionRateController.php', ''),
(128, 'مراكز الانتاج', 126, 1, 'workstationController.php', ''),
(129, 'اعداد العمليات', 126, 1, 'settingOperationController.php', ''),
(130, 'اعداد المراحل', 126, 1, 'stageController.php', ''),
(131, 'امر انتاج', 126, 1, 'productionOrderController.php', ''),
(133, 'الشركات - المناطق', 14, 1, 'clientareaController.php', ''),
(134, 'تقرير يوميه يوم', 67, 1, 'cashflowsController.php', ''),
(135, ' تقرير ربحيه الÙواتير', 67, 1, 'invoicesearningsreportController.php', ''),
(136, 'كارت صنÙ', 67, 1, 'productcardController.php', ''),
(137, 'كشÙ حساب مورد', 67, 1, 'supplierReportsnewController.php', ''),
(138, 'كشÙ حساب عميل', 67, 1, 'clientReportsnewController.php', ''),
(139, 'تقرير العملاء بالمناطق/ الشركات', 67, 1, 'clientReportsbyareaController.php', ''),
(140, 'انواع الايرادات', 49, 1, 'incomeTypeController.php', ''),
(141, 'الايرادات', 49, 1, 'incomeController.php', ''),
(142, 'تقرير Ùواتير المشتريات', 33, 1, 'buyBillreportController.php', ''),
(143, 'تقرير Ùواتير مردودات المشتريات', 33, 1, 'returnBillreportController.php', ''),
(144, 'تقرير قائمة اسعار البضاعة', 67, 1, 'storedetailpriceController.php', ''),
(145, 'تقرير المشتريات', 67, 1, 'productBuyreportController.php', ''),
(146, 'المنتجات الراكدة Ùى التصنيÙات', 67, 1, 'catsellrateReportController.php', ''),
(147, 'المركز المالى', 67, 1, 'FinancialPositionController.php', ''),
(148, 'تقرير المبيعات والمردودات', 37, 1, 'sellBillReportsController.php?do=sellandreturnreport', ''),
(149, 'مراكز التكلÙه', 1, 1, 'costcenterController.php', ''),
(150, 'حسابات', 0, 1, '', ''),
(151, 'دليل الحسابات', 150, 1, 'accountstree.php', ''),
(152, 'قيد يومية', 150, 1, 'dailyentry.php', ''),
(153, 'دÙتر الأستاذ العام', 150, 1, 'generalledger.php', ''),
(154, 'دÙتر الأستاذ المساعد', 150, 1, 'assistantledger.php', ''),
(155, 'ميزان المراجعة', 150, 1, 'trialbalance.php', ''),
(156, 'تقرير المتاجرة', 150, 1, 'tradingreport.php', ''),
(157, 'تقرير الأرباح و الخسائر', 150, 1, 'profitandlossreport.php', ''),
(158, 'الميزانية العمومية', 150, 1, 'thebalancesheet.php', ''),
(159, 'تقرير حقوق الملكية', 150, 1, 'propertyrightsreport.php', ''),
(160, 'عروض الاسعار', 0, 1, 'priceoffersController.php', ''),
(161, 'عروض الاسعار', 160, 1, 'priceoffersController.php', ''),
(162, 'بصريات', 0, 1, '#', ''),
(163, 'الورش', 162, 1, 'workshop.php', ''),
(164, 'Ùواتير', 162, 1, 'bills.php', ''),
(165, 'النقل', 162, 0, 'workshoptransport.php', ''),
(166, 'العملاء', 0, 0, '', ''),
(167, 'إدارة العملاء', 166, 0, 'clientController.php', ''),
(168, 'إيصال سداد عميل', 166, 0, 'clientPayedDeptController.php', ''),
(169, 'معالجه حساب عميل', 166, 0, 'clientDeficitController.php', ''),
(170, 'تقرير مديونية العميل', 166, 0, 'clientReportsController.php', ''),
(171, 'تقرير مبيعات عميل', 166, 0, 'clientReportsController.php?do=clientShowforsellonly', ''),
(172, 'الشركات - المناطق', 166, 0, 'clientareaController.php', ''),
(173, 'المشروعات', 0, 0, '', ''),
(174, 'المشروعات', 173, 0, 'projectController.php', ''),
(175, 'عمليات على المشروع', 173, 0, '', ''),
(176, 'صرÙ مواد', 175, 0, 'projectoperationController.php', ''),
(177, 'مرتجع مواد', 175, 0, 'projectoperationControllerreturn.php', ''),
(178, 'صرÙ مصروÙ', 175, 0, 'expenseexchange.php', ''),
(179, 'تقارير المشروعات', 173, 0, 'projectReportController.php', ''),
(180, 'إدارة مراكز التكلÙة', 149, 0, 'costcenterController.php', ''),
(181, 'تقرير مراكز التكلÙة', 149, 0, 'costcenterReportController.php', ''),
(182, 'شركات التأمين', 1, 0, 'insurancecompany.php', ''),
(183, 'تقارير المبيعات', 0, 0, '', ''),
(187, 'العهد', 0, 0, '', ''),
(188, 'إدارة العهد', 187, 0, 'bind.php', ''),
(189, 'تسوية العهد', 187, 0, 'bindsettlement.php', ''),
(190, 'تقرير العهد', 187, 0, 'bindsettlement.php?do=showreport', ''),
(191, 'العيادات', 162, 0, 'rb_clinics.php', ''),
(192, 'الاستقبال', 162, 0, 'rb_kashf.php', ''),
(193, 'الكشÙ', 162, 0, 'rb_doc_kashf.php', ''),
(194, 'الÙروع', 1, 0, 'branchesController.php', ''),
(195, 'طباعة قيد يومية', 152, 1, 'propertiesController.php', ''),
(196, 'قيد يومية مجمع', 150, 0, 'dailyentrymany.php', ''),
(197, 'ايصالات قبض', 198, 0, 'clientreceiptController.php', ''),
(198, 'إيصالات', 0, 0, '', ''),
(199, 'إيصالات دÙع', 198, 0, 'supPayController.php', ''),
(200, 'تقارير التأمين', 183, 1, 'reports.php', ''),
(201, 'تقارير', 96, 0, '', ''),
(202, 'تقرير الموظÙين', 201, 0, 'employeereport.php', ''),
(203, 'مسيرات الراتب', 96, 0, 'marchSalaReport.php', ''),
(205, 'مرتجعات Ùواتير ', 162, 1, 'billsreturn.php', ''),
(206, 'تقرير الدخول', 201, 0, 'presenceReport.php', ''),
(207, 'تقرير مبيعات', 67, 0, 'salesreport.php', ''),
(208, 'تقرير Ùواتير المبيعات', 67, 0, 'salesreportbills.php', ''),
(209, 'تقرير الشبكات', 183, 0, 'networkreport.php', ''),
(210, 'الايجارات', 0, 0, 'rents.php', ''),
(211, 'منتجات', 210, 0, 'rentproducts.php', ''),
(212, 'Ùاتوره ايجار', 210, 0, 'rentbill.php', ''),
(213, 'تقارير', 210, 1, 'reports', ''),
(214, 'تاريخ المنتج', 213, 1, 'rentproduct_history.php', ''),
(215, 'تقرير المتاخرات', 213, 1, 'rentdelays.php', ''),
(216, 'تقرير غير مؤجر', 213, 0, 'rentava.php', ''),
(217, 'متاح عند تاريخ', 213, 0, 'rentproduct_ava.php', ''),
(218, 'تقرير مؤجر من الخارج', 213, 0, 'rentproduct_out.php', ''),
(219, 'تقرير المؤجر Ùى يوم', 213, 0, 'rentproduct_rented.php', ''),
(220, 'تقرير تسليم Ùى يوم', 213, 0, 'rentproduct_delivered.php', ''),
(221, 'بحث عام الصيانة', 67, 0, 'generalSearch.php', ''),
(227, 'تقرير مجمع لطرق الدÙع ', 183, 1, 'reports.php?do=paymethod', ''),
(228, 'شبكات الدÙع', 1, 1, 'paymentnetworks.php', ''),
(231, 'طلب منتج من مخزن أخر', 162, 1, 'productrequest.php', ''),
(232, 'اضاÙة منتج بمقاسات او الوان', 43, 1, 'productController.php?do=addoptic', ''),
(233, 'اضاÙة منتجات من اكسل', 43, 1, 'productController.php?do=uploadexcel', ''),
(234, 'طلبات اخري من الÙروع ', 162, 1, 'otherrequests.php', ''),
(235, 'ارسال بريد الكترونى بالنواقص', 41, 1, 'productmail.php', ''),
(243, 'تقرير بدون مقابل', 67, 0, 'freesales.php', ''),
(244, 'اضاÙة 2', 164, 1, 'bills.php?do=addview2', ''),
(250, 'تقرير عملاء بالمنتجات', 67, 1, 'clientsWithProductsReport.php', ''),
(252, 'تقرير مبيعات بالخصومات المÙصلة', 67, 1, 'saleswithdetaileddiscount.php', ''),
(253, 'تقرير ترتيب العملاء بصاÙى المبيعات', 67, 1, 'orderClientsWithSelles.php', ''),
(256, 'اذن تحميل بين المخازن', 63, 1, 'storetransferrequestController.php', ''),
(257, 'اذن ارتجاع بين المخازن', 63, 1, 'storeAskedRefluxController.php', ''),
(258, 'تقرير عملاء بدون Ùواتير', 67, 1, 'clientsWithoutBills.php', ''),
(259, 'المحاÙظات', 166, 1, 'governmentController.php', ''),
(260, 'تقرير مديونيات عملاء مجمع', 67, 1, 'clientdebt.php', ''),
(261, 'تقرير بمدÙوعات العملاء مجمع', 67, 1, 'clientpayments.php', ''),
(262, 'تقرير مبيعات بالمناطق', 67, 1, 'sellingReportByArea.php', ''),
(263, 'المحاÙظات', 14, 1, 'governmentController.php', ''),
(264, 'تقرير سائق', 162, 1, 'driveropticreport.php', ''),
(265, 'تقرير نسب الخصومات', 67, 1, 'disountreport.php', ''),
(266, 'المقاسات', 1, 1, 'sizecalculator.php', ''),
(267, 'Ùاتورة شراء', 162, 1, 'bills.php?do=buybill', ''),
(268, 'تقرير مشتريات مورد', 67, 1, 'buyreport.php', ''),
(269, 'تقرير مبيعات بنوع السعر', 67, 1, 'sellreportpricetype.php', ''),
(274, 'تقرير يومية الخزنة بالبصريات', 67, 1, 'savedailyController.php?do=showdailywithoptic', ''),
(275, 'تقرير سداد ديون عميل بصاريات', 14, 1, 'clientPayedDeptReportController.php', ''),
(278, 'السداد على Ùاتورة بصريات للعميل', 166, 1, 'clientPayedDeptBillsController.php', ''),
(279, 'تقرير حركة المخازن مÙصل', 67, 1, 'salesNumbersReport.php', ''),
(280, 'تقرير حركة المخازن مÙصل', 201, 0, 'salesNumbersReport.php', ''),
(281, 'تقرير السداد على Ùاتوره للعميل', 67, 0, 'clientPayedDeptBillsController.php?do=show', ''),
(282, 'تقرير ربحية عميل', 67, 0, 'clientProfitsController.php', ''),
(283, 'تقرير ربحيه مخزن', 67, 0, 'storeProfiteController.php?do=all', ''),
(284, 'تقرير العملاء', 67, 0, 'clientReportsController.php?do=all', ''),
(285, 'تقرير ميزانية مدة', 67, 0, 'balancereportController.php', ''),
(286, 'تقرير مبيعات منتج لعميل', 67, 0, 'clientsAndsellProductsReportController.php', ''),
(287, 'تقرير البضاعه بكل الاسعار', 67, 0, 'storedetailpriceController.php', ''),
(288, 'تقرير موردين ومنتجات', 67, 0, 'suppliersAndProductsReportController.php?do=all', ''),
(289, 'التدÙقات النقديه', 67, 0, 'cashflowsController.php', ''),
(290, 'تقرير التصنيÙات الرئيسيه', 67, 0, 'productsellsreportController.php?do=showmain', ''),
(291, 'تقرير صلاحية صنÙ', 67, 0, 'productserailreportController.php', ''),
(292, 'صاÙى تحويلات المخزن', 67, 0, 'netStoreTransfer.php', ''),
(293, 'المطاعم', 0, 0, '', ''),
(294, 'الصالات', 293, 0, 'restauranthall.php', ''),
(295, 'الطاولات', 293, 0, 'restauranttable.php', ''),
(296, 'Ùاتورة', 293, 0, 'sellbillController.php?do=addresBill', ''),
(297, 'تالÙ مواد تشغيل', 63, 0, 'restaurantRawDestruction.php', ''),
(298, 'تقرير شامل للÙواتير', 67, 1, 'allReportsOnOne.php', ''),
(299, 'طباعة المطبخ', 293, 0, 'restaurantKitchenPrinter.php', ''),
(300, 'السداد على Ùاتورة بصريات للعميل', 14, 1, 'clientPayedDeptBillsController.php', ''),
(301, 'تقرير القيمة المضاÙة', 67, 0, 'salesreportbillsvat.php', ''),
(302, 'تقرير التصنيÙات الشامل', 67, 0, 'fullCategoryReport.php', ''),
(303, 'تقرير الأوردرات', 293, 0, 'ordersreport.php', ''),
(304, 'معالجة خصومات قاعدة البيانات', 293, 0, 'resetdiscount.php', ''),
(305, 'حركة حساب', 54, 0, 'bankAccountOpController.php', ''),
(307, 'تصنيع', 0, 0, '', ''),
(308, 'معادلة الإنتاج', 307, 0, 'productionEquationController.php', ''),
(309, 'أمر شغل', 307, 0, 'taskOrderController.php', ''),
(310, 'أمر إنتاج', 307, 0, 'productionExecutionController.php', ''),
(311, 'إعدادات التصنيع المبسط', 307, 0, 'simpleManufactureSettingsController.php', ''),
(312, 'أوردرات الدليÙرى', 293, 0, 'orderstatusreport.php', ''),
(313, 'تقرير أوردرات سائق', 293, 0, 'orderdeliveryreport.php', ''),
(314, 'تقرير التكلÙة', 307, 1, 'productionExecutionReportController.php', ''),
(315, 'تقرير التكلÙة مجمع', 307, 1, 'productionExecutionCombinedReportController.php', ''),
(316, 'تقرير صلاحية منتج', 67, 0, 'productserailreportController.php?do=showvalidity', ''),
(317, 'تقارير*', 0, 0, '', ''),
(318, 'تقرير ارباح عمومية *', 317, 0, 'quickprofitreports.php', ''),
(319, 'تقرير ارباح يوم *', 317, 0, 'quickprofitreports.php?do=day', ''),
(320, 'تقرير ارباح محزن باليوم *', 317, 0, 'quickprofitreports.php?do=storeday', ''),
(321, 'تقرير ارباح منتج باليوم *', 317, 0, 'quickprofitreports.php?do=productday', ''),
(322, 'تقرير ارباح تصنيÙ باليوم *', 317, 0, 'quickprofitreports.php?do=catday', ''),
(323, 'تقرير ارباح التصنيÙات باليوم *', 317, 0, 'quickprofitreports.php?do=allcatday', ''),
(324, 'تقرير ارباح عميل باليوم *', 317, 0, 'quickprofitreports.php?do=clientday', ''),
(325, 'الطابعات', 293, 0, 'restaurantprinters.php', ''),
(326, 'تقرير مبيعات عملاء بالمنتج', 67, 0, 'salesreportofclientsbyproduct.php', ''),
(327, 'اعادة جرد بالباركود', 41, 0, 'inventorybybarcodeController.php', ''),
(328, 'عرض الÙواتير مجمع', 67, 0, 'salesreportbills.php?do=showbills', ''),
(329, 'عرض الÙواتير مجمع', 37, 0, 'salesreportbills.php?do=showbills', ''),
(330, 'الوان و مقاسات', 41, 0, 'sizecolorController.php', ''),
(331, 'تقارير', 166, 0, '', ''),
(332, 'تقرير عملاء ومنتجات', 331, 0, 'clientsAndProductsReportController.php', ''),
(333, 'تقرير عميل مÙصل', 331, 0, 'clientReportsController.php?do=all', ''),
(334, 'كشÙ حساب عميل', 331, 0, 'clientReportsnewController.php?do=clientShowbure', ''),
(335, 'تقارير العملاء بالمناطق / الشركات', 331, 0, 'clientReportsbyareaController.php', ''),
(336, 'تقرير عملاء بالمنتجات', 331, 0, 'clientsWithProductsReport.php', ''),
(337, 'تقرير ترتيب العملاء بصاÙى المبيعات', 331, 0, 'orderClientsWithSelles.php', ''),
(338, 'تقريرالعملاء بدون Ùواتير', 331, 0, 'clientsWithoutBills.php', ''),
(339, 'تقرير مديونيات عملاء مجمع', 331, 0, 'clientdebt.php', ''),
(340, 'تقرير بمدÙوعات العملاء مجمع', 331, 0, 'clientpayments.php', ''),
(341, 'تقرير سداد ديون عميل بصريات', 331, 1, 'clientPayedDeptReportController.php', ''),
(342, 'تقرير ربحية عميل', 331, 0, 'clientProfitsController.php', ''),
(343, 'تقرير مديونيه العميل', 331, 0, 'clientReportsController.php?do=show', ''),
(344, 'تقرير معالجه حساب عميل', 331, 0, 'clientDeficitController.php?do=show', ''),
(345, 'تقرير مبيعات عميل ', 331, 0, 'clientReportsController.php?do=clientShowforsellonly', ''),
(346, 'تقرير عملاء ومنتجات', 360, 1, 'clientsAndProductsReportController.php', ''),
(347, 'تقرير عميل مÙصل', 360, 1, 'clientReportsController.php?do=all', ''),
(348, 'كشÙ حساب عميل', 360, 1, 'clientReportsnewController.php?do=clientShowbure', ''),
(349, 'تقارير العملاء بالمناطق / الشركات', 360, 1, 'clientReportsbyareaController.php', ''),
(350, 'تقرير عملاء بالمنتجات', 360, 1, 'clientsWithProductsReport.php', ''),
(351, 'تقرير ترتيب العملاء بصاÙى المبيعات', 360, 1, 'orderClientsWithSelles.php', ''),
(352, 'تقريرالعملاء بدون Ùواتير', 360, 1, 'clientsWithoutBills.php', ''),
(353, 'تقرير مديونيات عملاء مجمع', 360, 1, 'clientdebt.php', ''),
(354, 'تقرير بمدÙوعات العملاء مجمع', 360, 1, 'clientpayments.php', ''),
(355, 'تقرير سداد ديون عميل بصاريات', 360, 1, 'clientPayedDeptReportController.php', ''),
(356, 'تقرير ربحية عميل', 360, 1, 'clientProfitsController.php', ''),
(357, 'تقرير مديونيه العميل', 360, 1, 'clientReportsController.php?do=show', ''),
(358, 'تقرير معالجه حساب عميل', 360, 1, 'clientDeficitController.php?do=show', ''),
(359, 'تقرير مبيعات عميل', 360, 1, 'clientReportsController.php?do=clientShowforsellonly', ''),
(360, 'تقارير', 14, 0, '', ''),
(361, 'تقارير', 19, 0, 'supplierReportsController.php?do=all', ''),
(362, 'كشÙ حساب مورد', 361, 1, 'supplierReportsnewController.php', ''),
(363, 'تقرير مشتريات مورد', 361, 0, 'buyreport.php', ''),
(364, 'تقرير موردين ومنتجات', 361, 0, 'suppliersAndProductsReportController.php?do=all', ''),
(365, 'تقارير', 41, 0, '', ''),
(366, 'تقرير المنتجات بالمخزن اقل من الحد الأدنى', 365, 0, 'productlimitreportController.php', ''),
(367, 'تقرير الأصناÙ بكل الأسعار', 365, 0, 'productReportsController.php?do=reportWithAllPrices', ''),
(368, 'تقرير الأصناÙ شراء', 365, 0, 'productReportsController.php?do=reportWithBuyPrice', ''),
(369, 'تقرير أرباح صنÙ', 365, 0, 'profitproductcatController.php', ''),
(370, 'تقرير أرباح منتج', 365, 0, 'profitproductController.php', ''),
(371, 'تقرير منتج بالباركود', 365, 0, 'productserailreportController.php?do=show', ''),
(372, 'تقرير حركه منتج', 365, 0, 'productmovmentController.php', ''),
(373, 'تقرير قائمة اسعار البضاعة', 365, 0, 'storedetailpriceController.php', ''),
(374, 'تقرير التصنيÙات الرئيسية', 365, 0, 'productsellsreportController.php?do=showmain', ''),
(375, 'تقرير كارت الصنÙ', 365, 0, 'productcardController.php', ''),
(376, 'تقرير مشتريات منتج', 365, 0, 'productBuyreportController.php', ''),
(377, 'تقرير المنتجات الراكدة Ùى التصنيÙات', 365, 0, 'catsellrateReportController.php', ''),
(378, 'تقرير عملاء ومنتجات', 365, 0, 'clientsAndProductsReportController.php', ''),
(379, 'تقرير عملاء بالمنتجات', 365, 0, 'clientsWithProductsReport.php', ''),
(380, 'تقرير موردين ومنتجات', 365, 0, 'suppliersAndProductsReportController.php?do=all', ''),
(381, 'تقارير', 63, 0, '', ''),
(382, 'رصيد المخازن', 381, 0, 'storedetailController.php', ''),
(383, 'تقرير حركة المخازن', 381, 0, 'storereportController.php', ''),
(384, 'تقرير ربحيه مخزن', 381, 0, 'storeProfiteController.php?do=all', ''),
(385, 'صاÙى تحويلات المخزن', 381, 0, 'netStoreTransfer.php', ''),
(386, 'تقرير حركة المخازن مÙصل', 381, 0, 'salesNumbersReport.php', ''),
(387, 'تقرير المنتجات بالمخزن اقل من الحد الأدنى', 381, 0, 'productlimitreportController.php', ''),
(388, 'تقارير', 50, 0, '', ''),
(389, 'تقرير يومية الخزنة', 388, 0, 'savedailyController.php', ''),
(390, 'تقرير يومية الخزنة', 388, 0, 'savedailyController.php?do=show2', ''),
(391, 'تقرير يوميه يوم', 388, 0, 'cashflowsController.php', ''),
(392, 'تقرير حسابات مجمعة', 388, 0, 'balancereportController.php', ''),
(393, 'تقارير', 31, 0, '', ''),
(394, 'تقرير Ùواتير المشتريات', 393, 0, 'buyBillreportController.php?do=show', ''),
(395, 'تقرير Ùواتير مردودات المشتريات', 393, 0, 'returnBillreportController.php?do=show', ''),
(396, 'تقرير Ùواتير المبيعات', 393, 0, 'sellBillReportsController.php?do=show', ''),
(397, 'تقرير Ùواتير مردودات المبيعات', 393, 0, 'ReturnSellBillReportsController.php?do=show', ''),
(398, 'تقرير المبيعات و المردود', 393, 0, 'sellBillReportsController.php?do=sellandreturnreport', ''),
(399, 'تقرير نسب بائع ', 393, 0, 'userratereportController.php?do=show', ''),
(400, 'تقرير شامل للÙواتير', 393, 0, 'allReportsOnOne.php', ''),
(401, 'اعدادات المتجر اون لاين', 1, 0, 'onlinestoresetting.php', ''),
(402, 'تقارير عامة', 0, 0, '', ''),
(403, 'تقرير حركه المستخدمين', 402, 0, 'movementmanageController.php', ''),
(404, 'تقرير المصروÙات', 49, 0, 'expensesReportController.php', ''),
(405, 'تقرير بدون مقابل', 402, 0, 'freesales.php', ''),
(406, 'تقرير نسب الخصومات', 402, 0, 'disountreport.php', ''),
(407, 'تقرير ميزانيه مده', 402, 0, 'balancereportController.php', ''),
(408, 'تقرير القيمه المضاÙه', 402, 0, 'salesreportbillsvat.php', ''),
(409, 'تقرير التصنيÙات الشامله', 402, 0, 'fullCategoryReport.php', ''),
(410, 'تقرير ارباح مدة', 402, 0, 'profitreportController.php', ''),
(411, 'تقرير ارباح الÙواتير Ùى مده', 402, 0, 'invoicesearningsreportController.php', ''),
(412, 'تقرير مديونيات عملاء مجمع بالترتيب الأبجدي', 14, 0, 'orderedClientController.php', ''),
(413, 'تقييم المخازن بكل الاسعار', 63, 0, 'storeEvaluationAtAllPrices.php', ''),
(414, 'نوع العميل', 1, 1, 'typeClientController.php', ''),
(417, 'تقرير نسب بائعين', 67, 0, 'usersratesreportsController.php', ''),
(418, 'عرض العملاء بالنوع', 14, 0, 'clientController.php?do=showByType', ''),
(419, 'قائمة الدخل عن مدة', 67, 0, 'incomeStatmentForPeriod.php', ''),
(420, 'تقرير مدÙوعات عملاء بالمناطق', 67, 0, 'clientReportsbyareaNewController.php', ''),
(421, 'طباعه باركود مÙصل', 41, 0, 'productController.php?do=showbarcodedetailed', ''),
(422, 'اعدادات GT4', 1, 1, 'gt4setting.php', ''),
(423, 'تقرير النقدى والاجل', 67, 0, 'report.php', ''),
(424, 'اضاÙة اقساط للعميل', 14, 1, 'premiumController.php', ''),
(425, 'تقرير اقساط عملاء', 14, 0, 'premiumReportController.php', ''),
(426, 'تقرير الاقساط المؤجله للعملاء', 14, 0, 'premiumReportDelayController.php', ''),
(427, 'تقرير جميع اقساط العملاء', 14, 0, 'allpremiumReportController.php', ''),
(428, 'اقساط', 14, 0, 'premiumautomaticController.php', ''),
(429, 'متابعة العملاء', 14, 0, 'comentclientController.php', ''),
(430, 'مراجعة الÙواتير', 393, 0, 'salesreportbills.php?do=reviewbills', ''),
(431, 'تقرير العملاء بنوع العميل / المناطق', 67, 1, 'clientReportsbyareabytypeClientController.php', ''),
(432, 'ديون العملاء بعد المراجعة', 14, 0, 'clientdebtmessdiscoverer.php', ''),
(433, 'رصيد المخازن مقاسات والوان', 381, 0, 'storedetailController.php?do=showsizeandcolor', ''),
(434, 'استعلام المخازن', 67, 1, 'storeinquiriesreportController.php', ''),
(436, 'تست للحسابات', 1, 1, 'automationtest.php', ''),
(437, 'تقرير مديونيات العملاء', 67, 0, 'debtclientController.php', ''),
(438, 'Ùواتير معلقه', 31, 0, 'sellbillController.php?do=showoffers', ''),
(439, 'الÙايده', 1, 1, 'FaidaController.php', ''),
(440, 'تقرير تنزيلات اون لاين', 67, 1, 'onlineDownloadsController.php', ''),
(441, 'حضور موظÙ', 201, 1, 'employeeAttendance.php?do=attendanceReport', ''),
(442, 'نوع المورد', 1, 1, 'typeSupplierController.php', ''),
(443, 'انظمة الحضور', 96, 0, 'employeeAttendanceSystems.php', ''),
(444, 'مجموعات الموظÙين', 96, 0, 'employeegroups.php', ''),
(445, 'مجموعات الموظÙين الÙرعية', 96, 0, 'employeesubgroups.php', ''),
(446, 'تقÙيل يوم', 96, 0, 'employeeendday.php', ''),
(447, 'احصائيات تصنيÙات المنتجات', 365, 0, 'catandproductstatistics.php?do=cat', ''),
(448, 'احصائيات المنتجات', 365, 0, 'catandproductstatistics.php?do=pro', ''),
(449, 'تقرير المدير للÙايده', 1, 0, 'FaidaDireController.php', ''),
(450, 'Ùرن عيش', 0, 0, '', ''),
(451, 'Ùاتورة الصرÙ', 450, 0, 'tamweenbill.php', ''),
(452, 'صرÙ التموين', 450, 0, 'tamweenda3mstatus.php?do=showtamween', ''),
(453, 'يومية بالعدد Ùى Ùترة معينة', 450, 0, 'tamweenreports.php', ''),
(454, 'كشÙ حساب عميل باعداد العيش Ùى Ùترة', 450, 0, 'tamweenreports.php?do=clientda3minperiod', ''),
(455, 'تقرير بواقى', 450, 0, 'tamweenreports.php?do=clientremain', ''),
(456, 'تقرير Ùواتير الحجز', 393, 0, 'salesreportbills.php?do=billReservation', ''),
(457, 'Ùرق العيش', 450, 0, 'tamweenda3mstatus.php', ''),
(458, 'نسب الخصومات على الÙواتير', 31, 0, 'sellbillController.php?do=discountcontrol', ''),
(459, 'تقرير سيريلات لم تباع', 67, 0, 'buyBillreportController.php?do=notSoldSerials', ''),
(460, 'تقرير تصنيÙات المصروÙات', 49, 0, 'expensesReportController.php?do=showByType', ''),
(461, 'البلاي ستيشن', 293, 0, 'restaurantplaystation.php', ''),
(462, 'حجز البلاي ستيشن', 293, 0, 'restaurantplaystationpaly.php', ''),
(463, 'تقرير نسبة المناديب على التحصيلات', 67, 0, 'clientPayedDeptController.php?do=mandobreport', ''),
(464, 'باقات البلاي ستيشن', 293, 0, 'playStationCardController.php', ''),
(465, 'معالجة حساب بنكى', 54, 0, 'bankAccountDeficitController.php', ''),
(466, 'تقرير مشروعات مÙصل', 173, 0, 'projectreportControllerdetail.php', ''),
(467, 'تقرير صرÙ مواد ومرتجع مواد', 173, 0, 'projectreportControllerdetail2.php', ''),
(468, 'احصائيات', 0, 0, '', ''),
(469, 'احصائيات *', 468, 0, 'chartserp.php', ''),
(470, 'احصائيات عميل', 468, 0, 'chartserp.php?do=chartsclients', ''),
(471, 'احصائيات المنتجات', 468, 0, 'chartserp.php?do=chartsproducts', ''),
(472, 'احصائيات المبيعات', 468, 0, 'chartserp.php?do=chartssellbill', ''),
(473, 'احصائيات التصنيÙات', 468, 0, 'chartserp.php?do=chartscategories', ''),
(474, 'ادارة الاستلام', 47, 0, 'billreceiptController.php', ''),
(475, 'ادارة الÙحص', 47, 0, 'checkReportController.php?do=all', ''),
(476, 'ادارة الصيانة الخارجية', 47, 0, 'externalMaintenanceGoReport.php?do=all', ''),
(477, 'خواص المراحل', 47, 0, 'stagepropertyController.php', ''),
(478, 'ايصال استلام', 47, 0, 'receiptController.php', ''),
(479, 'ادارة التسليم', 47, 0, 'deleveryReportController.php?do=all', ''),
(480, 'الارشيÙ', 47, 0, 'maintennanceArchiveController.php?do=all', ''),
(481, 'انواع معالجة حساب بنكى', 54, 0, 'bankAccountDeficitKindController.php', ''),
(482, 'تقرير مخزون', 67, 0, 'stockReportsController.php', ''),
(483, 'تقرير عميل و مورد', 67, 0, 'reportClientAndSupplier.php', ''),
(484, 'التحويل بين الشركاء', 9, 0, 'partnerTransferBetweenController.php', ''),
(485, 'انواع معالجه عجز', 50, 0, 'settlementKindSaveController.php', ''),
(486, 'تقرير الاقساط مجمع', 14, 0, 'premiumReportNewController.php', ''),
(487, 'يومية البلاى ستيشن', 293, 0, 'restaurantplaystation.php?do=dayReport', ''),
(488, 'انواع المشروعات', 173, 0, 'projectKindController.php', ''),
(489, 'تصنيÙات المطاعم', 293, 0, 'cateResturantController.php', ''),
(490, 'السداد على Ùاتورة بيع للعميل', 14, 1, 'clientPayedDeptSellBillsController.php', ''),
(491, 'نظام المتدربين', 0, 0, 'نظام المتدربين', ''),
(492, 'المتدربين', 491, 0, 'studentController.php', ''),
(493, 'تخصصات المتدربين', 491, 0, 'studentSubjectsController.php', ''),
(494, 'اضاÙة المتدربين للتخصصات', 491, 0, 'studentsAddSubject.php', ''),
(495, 'حضور المتدربين', 491, 0, 'studentAbsence.php', ''),
(496, 'الاختبارات', 491, 0, 'studentsExamsController.php', ''),
(497, 'انظمة الدÙع', 491, 0, 'studentsPaymentSystems.php', ''),
(498, 'الدÙع', 491, 0, 'studentsPay.php', ''),
(499, 'اعدادات النظام', 491, 0, 'studentSettings.php', ''),
(500, 'تقارير النظام', 491, 0, 'studentsReports.php', ''),
(501, 'تقرير المتدربين', 491, 0, 'studentsReportdetails.php?do=students', ''),
(502, 'تقرير تخصصات المتدربين', 491, 0, 'studentsReportdetails.php?do=studentsubjects', ''),
(503, 'تقرير الاختبارات', 491, 0, 'studentsReportdetails.php?do=studentsexams', ''),
(504, 'تقرير الدÙع', 491, 0, 'studentsReportdetails.php?do=studentspays', '');
INSERT INTO `properties` (`propertyid`, `propertyname`, `propertyparent`, `propertydefault`, `propertyurl`, `propertyname_en`) VALUES
(505, 'تقرير الحضور', 491, 0, 'studentsReportdetails.php?do=studentabsences', ''),
(506, 'تقرير مبيعات السيارات', 67, 0, 'autoSalesReport.php', ''),
(507, 'العملات', 1, 0, 'currencyController.php', ''),
(508, 'قائمة الدخل', 67, 0, 'incomelist.php', ''),
(509, 'التحويل بين البنوك', 54, 0, 'transferBtweenBankAccounts.php', ''),
(510, 'اوامر الشراء', 31, 0, 'buyBillController.php?do=showoffers', ''),
(511, 'نظام الصيانه', 0, 1, 'نظام الصيانه', ''),
(512, 'العملاء', 511, 0, 'maintenanceclients.php', ''),
(513, 'الموردين', 511, 0, 'maintenancesuppliers.php', ''),
(514, 'المنتجات.', 511, 0, 'maintenanceproducts.php', ''),
(515, 'الضمانات', 511, 0, 'maintenances.php', ''),
(516, 'ارسال الضمانات', 511, 0, 'maintenancesends.php', ''),
(517, 'استلام الضمانات', 511, 0, 'maintenancereceipts.php', ''),
(518, 'التسليم للعميل', 511, 0, 'maintenancedeliverys.php', ''),
(519, 'تقرير اجمالى العمليات عن مده', 67, 0, 'operationstotalreport.php', ''),
(520, 'تقرير مديونية Ùواتير العملاء بالمناطق', 67, 0, 'reportprovinces.php', ''),
(521, 'تقرير عرض استهلاك معين لطلب النواقص', 67, 0, 'salesreport.php?do=consumption', ''),
(522, 'شرح البسيط', 1, 1, 'youtubeController.php', ''),
(523, 'تقرير الموردين بالنوع', 361, 0, 'typesupplierReportController.php', ''),
(524, 'تقرير الموظÙين اليومي', 201, 0, 'employeedailyreport.php', ''),
(525, 'تقرير الغائبين', 201, 0, 'absentReportController.php', ''),
(526, 'اظهار المنتج بالاسم', 41, 0, 'productbycodename.php', ''),
(527, 'قائمة الدخل', 150, 1, 'profitandlossreport.php?do=incomeList', ''),
(528, 'الÙواتير المحÙوظة', 31, 1, 'billTemplateController.php', ''),
(529, 'الÙواتير الالكترونيه', 37, 1, 'electronicinvoice.php', ''),
(530, 'الحد الادنى للمنتجات Ùى المخازن', 63, 0, 'productstore.php', ''),
(531, 'اعادة جرد تاريخ الصلاحية', 381, 0, 'inventoryexpirationController.php', ''),
(532, 'العطلات', 96, 0, 'employeeHolidays.php', ''),
(533, 'علامة مرتبطه', 14, 0, 'associatedtag.php', ''),
(534, 'نظام المهام', 1, 1, '', ''),
(535, 'إعدادات المهام', 534, 1, 'tasksSettings.php', ''),
(536, 'انواع المهام', 534, 1, 'taskstypes.php', ''),
(537, 'المهمات', 534, 1, 'tasksController.php', ''),
(538, 'عمليات الÙواتير', 31, 1, 'billoperationsControl.php', ''),
(539, 'مشاريع خارجيه', 0, 1, 'مشاريع خارجيه', ''),
(540, 'اضاÙة منÙذين للمشروع', 539, 0, 'executors.php', ''),
(541, 'تقرير ارباح Ùواتير', 539, 0, 'executorsreport.php', ''),
(542, 'تقرير المنÙذين', 539, 0, 'executorsuserreport.php', ''),
(543, 'مركز تدريب', 0, 1, 'مركز تدريب', ''),
(544, 'دورة تدريبية', 543, 0, 'trainingcourse.php', ''),
(545, 'اضاÙة متدرب للدوره', 543, 0, 'addtraineecourse.php', ''),
(546, 'تقرير الدورة التدريبية', 543, 0, 'coursereport.php', ''),
(547, 'تقرير اعادة مدة الطلب', 67, 0, 'orderperiodreport.php', ''),
(548, 'تصنيع مبسط', 307, 0, 'productionOutController.php', ''),
(549, 'نظام العقارات والوحدات', 0, 1, 'نظام العقارات والوحدات', ''),
(550, 'العقارات والوحدات', 549, 0, 'realestateunits.php', ''),
(551, 'الصيانة ', 549, 0, 'expensesController.php', ''),
(552, 'الايجارات من الملاك', 549, 0, 'realestateunitsowners.php', ''),
(553, 'تأجير الوحدات للمستأجرين', 549, 0, 'realestateunitsrenters.php', ''),
(554, 'تنبيهات العقارات والوحدات', 549, 0, 'realestateunitsalertsrents.php', ''),
(555, 'تنبيهات القطع الÙارغه', 549, 0, 'realestateunitsalertsemptys.php', ''),
(556, 'تقرير العقارات والوحدات', 549, 0, 'realestateunitsreports.php', ''),
(557, 'الدÙعات والتحصيلات المتاخره', 549, 0, 'realestatepayments.php', ''),
(558, 'تقرير متوسط ​​الايرادات', 549, 0, 'realestateaveragerevenue.php', ''),
(559, 'نوع السياره', 41, 0, 'vehicletype.php', ''),
(560, 'الشركه المنتجه للصنÙ', 41, 0, 'companyproduces.php', ''),
(561, 'القيد الاÙتتاحى', 150, 0, 'dailyentry.php?do=openingentry', ''),
(562, 'تقرير عملاء و مصروÙات', 67, 0, 'clientsexpensereport.php', ''),
(563, 'تصنيع خارجى', 307, 0, 'productionOutManyController.php', ''),
(564, 'تقرير تصنيÙات مبيعات ومردود', 293, 0, 'salesreturnsratingsreport.php', ''),
(565, 'ميزان المراجعة الشهرى', 150, 0, 'monthlytrialbalance.php', ''),
(566, 'تقرير مشتريات بدون مقابل', 67, 0, 'freebuys.php', ''),
(567, 'تسكين المخازن', 63, 0, 'storeHousingController.php', ''),
(568, 'طلب مرتجع بضاعه', 63, 0, 'mechandiseReturnRequest.php', ''),
(569, 'مطابقة حساب العميل', 166, 0, 'customerAccountMatching.php', ''),
(570, 'مدينون الشجرة (حسابات مÙتوحة)', 150, 1, 'supplierControllerOpen.php', ''),
(571, 'موظÙ او طبيب', 150, 1, 'employeedoctorController.php', ''),
(572, 'التحويل من حساب عميل إلى عميل آخر', 14, 1, 'transferclientccountsController.php', ''),
(573, 'الارصدة الاÙتتاحية', 150, 1, 'dailyentry.php?do=openingbalance', ''),
(574, 'طرق المعرÙة', 1, 1, 'knownWaysController.php', ''),
(575, 'تقرير طرق المعرÙة', 393, 1, 'knownwaysreportController.php', ''),
(576, 'سداد ديون مورد مجمع من اكسل', 19, 1, 'supplierPayedDeptController.php?do=addexcel', ''),
(577, 'تحصيلات مجمعة بالاكسل', 16, 1, 'clientPayedDeptController.php?do=addexcel', ''),
(578, 'تقرير Ùواتير مÙصلة لمورد', 19, 1, 'supplierReportsController.php?do=supplierShowforbuyonly', ''),
(579, 'عملاء المشروعات', 173, 0, 'projectclientsController.php', ''),
(580, 'مراحل المشروع', 173, 0, 'projectstagesController.php', ''),
(581, 'بيانات مراحل المشروع', 173, 0, 'projectstagesdataController.php', ''),
(582, 'التقرير اليومى للمشروع', 173, 0, 'projectdailyreportController.php', ''),
(583, 'طلبات الخامات للمشروع', 173, 0, 'projectmaterialController.php', ''),
(584, 'تقرير حساب المشروعات', 173, 0, 'projectsaccountreport.php', ''),
(585, 'تقرير مبيعات من بضاعة مورد', 67, 1, 'supplierSalesReportController.php', ''),
(586, 'تقرير تدÙق النقدية بالخزنة', 67, 1, 'cashSaveFlowController.php', ''),
(587, 'تقرير مبيعات مجمع مخازن او تصنيÙات', 67, 0, 'salesreportcatstore.php', ''),
(588, 'تقÙيل الخزنة', 50, 1, 'saveCloseController.php', ''),
(589, 'تقرير الرحلات', 67, 1, 'tripsReport.php', ''),
(590, 'تقرير الوسطاء', 67, 1, 'tripsReport.php?do=referrers', ''),
(591, 'تقرير إجمالي مبيعات الموردين', 67, 1, 'supplierSalesReportController.php?do=total', ''),
(592, 'حضور موظÙين من ملÙ اكسل', 96, 1, 'EmployeeAttendanceExcelController.php', ''),
(593, 'حضور الموظÙين', 96, 1, 'EmployeeAttendanceController.php', ''),
(594, 'نظام عدد التمرينات', 0, 1, 'trainersSystem.pgp', ''),
(595, 'المدربين', 594, 0, 'trainersController.php', ''),
(596, 'اشتراك المدربين', 594, 0, 'trainersSubscription.php', ''),
(597, 'تقرير المتدربين', 594, 0, 'trainersReports.php', ''),
(598, ' انظمة الدÙع ', 594, 0, 'trainersPaymentSystems.php', ''),
(599, 'اعدادات نظام المدربين', 594, 0, 'trainersSettings.php', ''),
(600, 'تقرير ترتيب الموردين بصاÙي المشتريات', 361, 0, 'orderSuppliersWithBuy.php', ''),
(601, 'تقرير مشتريات عميل', 67, 0, 'clientbuysController.php', ''),
(602, 'اغلاق حساب', 166, 0, 'closingAccountController.php', ''),
(603, 'الجمعيات', 0, 1, '#', ''),
(604, 'الجمعية', 603, 1, 'charityController.php', ''),
(605, 'المستÙيدين', 603, 1, 'beneficiariesController.php', ''),
(606, 'الإعانات', 603, 1, 'subventionController.php', ''),
(607, 'صرÙ إعانة', 603, 1, 'subventionPayController.php', ''),
(608, 'تقرير مراية النقديه و البنوك', 67, 1, 'mirrorReportOnCashAndBanks.php', ''),
(609, 'تصنيÙات اونلاين', 41, 1, 'onlineCatController.php', ''),
(610, 'Ùلاتر البحث', 41, 1, 'searchFiltersController.php', ''),
(611, 'مرتجعات دÙعات على Ùاتورة مردود بيع للعميل', 14, 0, 'clientPayedDeptSellBillsController.php?do=ret', ''),
(612, 'زيارات المندوبين', 0, 1, 'visitsDelegates', ''),
(613, 'الزيارات', 612, 1, 'visitsController.php', ''),
(614, 'تسجيل حضور', 612, 1, 'visitsController.php?do=recordattendance', ''),
(615, 'حالات الزياره', 612, 1, 'visitcases.php', ''),
(616, 'أنواع الخزن', 50, 0, 'saveTypeController.php', ''),
(617, 'تقرير أنواع الخزن', 388, 0, 'saveTypeReportController.php', ''),
(618, 'Ùواتير النقدى الآجل', 393, 0, 'salesreportbills.php?do=laterNakdiPayment', ''),
(619, 'اضاÙة مستÙيدين من ملÙ اكسل', 605, 1, 'beneficiariesController.php?do=addexcel', ''),
(620, 'بحث المستÙيدين', 605, 1, 'beneficiariesController.php?do=search', ''),
(621, 'تقرير تصÙية الخزن', 67, 1, 'saveReportController.php', ''),
(622, 'أنواع المساعدات', 603, 1, 'aidTypeController.php', ''),
(623, 'Ùاتورة شركات الشحن', 31, 1, 'shippingcompanyinvoices.php', ''),
(624, 'تحديث البرنامج', 1, 1, 'versionController.php', ''),
(625, 'Ùواتير النقدى الآجل بيع', 393, 0, 'salesreportbills.php?do=laterNakdiPaymentSell', ''),
(626, 'Ùواتير النقدى الآجل مردود', 393, 0, 'salesreportbills.php?do=laterNakdiPaymentRet', ''),
(627, 'تقرير أعمار الديون', 67, 1, 'debtHistoryReportController.php', ''),
(628, 'تقرير إجماليات الموظÙين', 201, 1, 'employeereport.php?do=totals', ''),
(629, 'التقرير اليومي', 67, 1, 'dailyReportController.php', ''),
(630, 'تقرير ربحية Ùرع', 67, 0, 'branchProfitabilityReport.php', ''),
(631, 'تقرير أعمار ديون الموردين', 67, 1, 'debtHistoryReportController.php?do=supplier', ''),
(632, 'نظام المطالبة', 0, 0, 'نظام المطالبة', ''),
(633, 'المطالبة', 632, 0, 'claimController.php', ''),
(634, 'تحصيل المطالبه', 632, 0, 'claimdebtController.php', ''),
(635, 'تقرير حركة للخزنه مجمع', 388, 0, 'savedailyController.php?do=joined', ''),
(636, 'تحصيل من مورد', 19, 1, 'supplierPayedDeptController.php?do=getmoney', ''),
(637, 'المراكز', 603, 1, 'charityCenterController.php', ''),
(638, 'تقرير المراكز', 603, 1, 'charityCenterController.php?do=report', ''),
(639, 'تقرير نسب البائعين بنوع السعر', 31, 1, 'userratereportController.php?do=showWithPriceTypes', ''),
(640, 'المنجر اون لاين', 0, 0, '', ''),
(641, 'سلايدر', 640, 1, 'sliders.php', ''),
(642, 'الصÙحات', 640, 1, 'pages.php', ''),
(643, 'تصنيÙات الاونلاين', 640, 1, 'productCatOnlineController.php', ''),
(644, 'العملاء', 640, 1, '', ''),
(645, 'المنتجات المÙضلة', 640, 1, 'wishList.php', ''),
(646, 'السلة', 640, 1, 'sellbillController.php?do=showoffers', ''),
(647, 'الطلبات', 640, 1, 'sellbillController.php?do=show', ''),
(648, 'استيراد السيارات', 0, 1, '', ''),
(649, 'عقود الاستيراد', 648, 1, 'importContractController.php', ''),
(650, 'تقارير', 648, 1, '', ''),
(651, 'تقرير تحصيلات السيارات', 650, 1, 'carPaymentsReportController.php', ''),
(652, 'البوردينج', 640, 1, 'boarding.php', ''),
(653, 'اعدادات المتجر', 640, 1, 'onlinestoremainsetting.php', ''),
(654, 'الإعلانات', 640, 1, 'ads.php', ''),
(655, 'عرض مرتجعات دÙعات على Ùاتورة مردود بيع للعميل', 14, 1, 'clientPayedDeptSellBillsController.php?do=showret', ''),
(656, 'الملÙات', 648, 1, 'fileController.php', ''),
(657, 'الطابعات', 31, 1, 'billprinters.php', ''),
(658, 'العقارات', 0, 1, '', ''),
(659, 'معاملات تجاري', 658, 1, 'transactionsCommercialController.php', ''),
(660, 'معاملات سكني', 658, 1, 'transactionsResidentialController.php', ''),
(661, 'معاملات Ùيلل', 658, 1, 'transactionsVillaController.php', ''),
(662, 'معاملات بيع', 658, 1, 'transactionsSalesController.php', ''),
(663, 'تقرير معاملات العقارات', 658, 1, 'transactionsReportEstateController.php', ''),
(664, 'مرÙقات الشحن', 648, 1, 'shippingFilesController.php', ''),
(665, 'تتبع مسار السيارات', 648, 1, 'carTrackingController.php', ''),
(666, 'الحصائل الدولارية', 648, 1, 'dollarEarningsController.php', ''),
(667, 'العلامة المرتبطة', 648, 1, 'associatedtag.php', ''),
(668, 'طلبات الاتصال', 640, 1, 'contactusController.php', ''),
(669, 'الاشعارات للمتجر', 640, 1, 'notificationsController.php', ''),
(670, 'المحاÙظات', 640, 1, 'governmentController.php', ''),
(671, 'المدن', 640, 1, 'clientareaController.php', ''),
(672, 'العناوين', 640, 1, 'clientAddressesController.php', ''),
(673, 'الÙاتورة الالكترونيه السعوديه', 0, 1, 'الÙاتورة الالكترونيه السعوديه', ''),
(674, 'اعدادات الÙاتورة الالكترونيه ', 673, 1, 'saudiElectronIcinvoiceController.php', ''),
(675, 'كشÙ حساب مورد مÙصل', 67, 1, 'supplierReportsnewController.php?do=supplierShowDetail', ''),
(676, 'كشÙ حساب مورد مÙصل', 361, 1, 'supplierReportsnewController.php?do=supplierShowDetail', ''),
(677, 'كشÙ حساب عميل مÙصل', 331, 1, 'clientReportsnewController.php?do=clientShowDetail', ''),
(678, 'كشÙ حساب عميل مÙصل', 360, 1, 'clientReportsnewController.php?do=clientShowDetail', ''),
(679, 'كشÙ حساب عميل مÙصل', 67, 1, 'clientReportsnewController.php?do=clientShowDetail', ''),
(680, 'استيراد كميات المخزون', 41, 1, 'productController.php?do=importStock', ''),
(681, 'الشركه المنتجه للصنÙ', 640, 1, 'companyproduces.php', ''),
(682, 'كوبونات الخصم', 640, 1, 'couponscontroller.php', ''),
(683, 'المراجعين', 648, 1, 'carReviewerController.php', 'Reviewers'),
(684, 'مراجعة العمليات', 648, 1, 'carReviewController.php', 'Review Operations'),
(685, 'طرق الدÙع', 640, 1, 'paymentMethodsController.php', 'Payment Methods'),
(686, 'السيارات', 648, 1, 'carController.php', 'Cars'),
(687, 'رقم الشاسيه', 648, 1, 'carChasisController.php', 'Chasis No');

-- --------------------------------------------------------

--
-- Table structure for table `quickprofitclient`
--

CREATE TABLE IF NOT EXISTS `quickprofitclient` (
  `id` int(11) NOT NULL AUTO_INCREMENT,
  `clientId` int(11) NOT NULL,
  `theDate` date NOT NULL,
  `sellVal` decimal(15,2) NOT NULL,
  `sellCostBuyPrice` decimal(15,2) NOT NULL,
  `sellCostLastBuyPrice` decimal(15,2) NOT NULL,
  `sellCostMeanBuyPrice` decimal(15,2) NOT NULL,
  `sellCostLastBuyPricewithDiscount` decimal(15,2) NOT NULL,
  `sellCostMeanBuyPricewithDiscount` decimal(15,2) NOT NULL,
  `sellCostOverAllAveragePrice` decimal(15,2) NOT NULL,
  `returnSellVal` decimal(15,2) NOT NULL,
  `returnSellCostBuyPrice` decimal(15,2) NOT NULL,
  `returnSellCostLastBuyPrice` decimal(15,2) NOT NULL,
  `returnSellCostMeanBuyPrice` decimal(15,2) NOT NULL,
  `returnSellCostLastBuyPricewithDiscount` decimal(15,2) NOT NULL,
  `returnSellCostMeanBuyPricewithDiscount` decimal(15,2) NOT NULL,
  `returnSellCostOverAllAveragePrice` decimal(15,2) NOT NULL,
  `debtLimit` decimal(10,2) NOT NULL DEFAULT '0.00',
  `sellCostLastBuyPricewithTax` decimal(15,2) NOT NULL,
  `sellCostMeanBuyPricewithTax` decimal(15,2) NOT NULL,
  `returnSellCostLastBuyPricewithTax` decimal(15,2) NOT NULL,
  `returnSellCostMeanBuyPricewithTax` decimal(15,2) NOT NULL,
  PRIMARY KEY (`id`),
  UNIQUE KEY `uq_quickprofitclient` (`clientId`,`theDate`)
) ENGINE=InnoDB  DEFAULT CHARSET=latin1 AUTO_INCREMENT=365 ;

--
-- Dumping data for table `quickprofitclient`
--

INSERT INTO `quickprofitclient` (`id`, `clientId`, `theDate`, `sellVal`, `sellCostBuyPrice`, `sellCostLastBuyPrice`, `sellCostMeanBuyPrice`, `sellCostLastBuyPricewithDiscount`, `sellCostMeanBuyPricewithDiscount`, `sellCostOverAllAveragePrice`, `returnSellVal`, `returnSellCostBuyPrice`, `returnSellCostLastBuyPrice`, `returnSellCostMeanBuyPrice`, `returnSellCostLastBuyPricewithDiscount`, `returnSellCostMeanBuyPricewithDiscount`, `returnSellCostOverAllAveragePrice`, `debtLimit`, `sellCostLastBuyPricewithTax`, `sellCostMeanBuyPricewithTax`, `returnSellCostLastBuyPricewithTax`, `returnSellCostMeanBuyPricewithTax`) VALUES
(1, 1, '2025-12-29', '0.00', '0.00', '0.00', '0.00', '0.00', '0.00', '0.00', '0.00', '0.00', '0.00', '0.00', '0.00', '0.00', '0.00', '0.00', '0.00', '0.00', '0.00', '0.00'),
(2, 2, '2025-12-29', '3665400.00', '3354200.00', '3364700.00', '3359450.00', '3364700.00', '3359450.00', '3364700.00', '0.00', '0.00', '0.00', '0.00', '0.00', '0.00', '0.00', '0.00', '3359450.00', '3359450.00', '0.00', '0.00'),
(13, 3, '2025-12-29', '423310.00', '343100.00', '343100.00', '343100.00', '343100.00', '343100.00', '343100.00', '0.00', '0.00', '0.00', '0.00', '0.00', '0.00', '0.00', '0.00', '343100.00', '343100.00', '0.00', '0.00'),
(19, 4, '2025-12-29', '218200.00', '183300.00', '184800.00', '184050.00', '184800.00', '184050.00', '184800.00', '0.00', '0.00', '0.00', '0.00', '0.00', '0.00', '0.00', '0.00', '184050.00', '184050.00', '0.00', '0.00'),
(25, 5, '2025-12-29', '637800.00', '539500.00', '540450.00', '539975.00', '540450.00', '539975.00', '540450.00', '0.00', '0.00', '0.00', '0.00', '0.00', '0.00', '0.00', '0.00', '539975.00', '539975.00', '0.00', '0.00'),
(32, 6, '2025-12-29', '56550.00', '46950.00', '47250.00', '47100.00', '47250.00', '47100.00', '47250.00', '0.00', '0.00', '0.00', '0.00', '0.00', '0.00', '0.00', '0.00', '47100.00', '47100.00', '0.00', '0.00'),
(33, 7, '2025-12-29', '326550.00', '254660.00', '254660.00', '254660.00', '254660.00', '254660.00', '254660.00', '0.00', '0.00', '0.00', '0.00', '0.00', '0.00', '0.00', '0.00', '254660.00', '254660.00', '0.00', '0.00'),
(42, 8, '2025-12-29', '1051100.00', '943250.00', '943250.00', '943250.00', '943250.00', '943250.00', '943250.00', '0.00', '0.00', '0.00', '0.00', '0.00', '0.00', '0.00', '0.00', '943250.00', '943250.00', '0.00', '0.00'),
(61, 9, '2025-12-29', '252250.00', '221400.00', '221400.00', '221400.00', '221400.00', '221400.00', '221400.00', '0.00', '0.00', '0.00', '0.00', '0.00', '0.00', '0.00', '0.00', '221400.00', '221400.00', '0.00', '0.00'),
(66, 10, '2025-12-29', '220000.00', '180000.00', '190000.00', '185000.00', '190000.00', '185000.00', '190000.00', '0.00', '0.00', '0.00', '0.00', '0.00', '0.00', '0.00', '0.00', '185000.00', '185000.00', '0.00', '0.00'),
(67, 10, '2025-12-30', '532930.00', '453800.00', '469800.00', '461800.00', '469800.00', '461800.00', '469800.00', '17350.00', '15650.00', '15650.00', '15650.00', '15650.00', '15650.00', '15650.00', '0.00', '461800.00', '461800.00', '15650.00', '15650.00'),
(77, 11, '2025-12-30', '28450.00', '24350.00', '24650.00', '24500.00', '24650.00', '24500.00', '24650.00', '0.00', '0.00', '0.00', '0.00', '0.00', '0.00', '0.00', '0.00', '24500.00', '24500.00', '0.00', '0.00'),
(78, 12, '2025-12-30', '327000.00', '293500.00', '293500.00', '293500.00', '293500.00', '293500.00', '293500.00', '0.00', '0.00', '0.00', '0.00', '0.00', '0.00', '0.00', '0.00', '293500.00', '293500.00', '0.00', '0.00'),
(79, 13, '2025-12-30', '321899.00', '260410.00', '261010.00', '260710.00', '261010.00', '260710.00', '261010.00', '11800.00', '10400.00', '10400.00', '10400.00', '10400.00', '10400.00', '10400.00', '0.00', '260710.00', '260710.00', '10400.00', '10400.00'),
(89, 14, '2025-12-30', '84650.00', '70750.00', '70750.00', '70750.00', '70750.00', '70750.00', '70750.00', '0.00', '0.00', '0.00', '0.00', '0.00', '0.00', '0.00', '0.00', '70750.00', '70750.00', '0.00', '0.00'),
(91, 15, '2025-12-30', '1247115.00', '1017100.00', '1017100.00', '1017100.00', '1017100.00', '1017100.00', '1017100.00', '0.00', '0.00', '0.00', '0.00', '0.00', '0.00', '0.00', '0.00', '1017100.00', '1017100.00', '0.00', '0.00'),
(99, 17, '2025-12-30', '95550.00', '81450.00', '81450.00', '81450.00', '81450.00', '81450.00', '81450.00', '0.00', '0.00', '0.00', '0.00', '0.00', '0.00', '0.00', '0.00', '81450.00', '81450.00', '0.00', '0.00'),
(102, 16, '2025-12-30', '251800.00', '230250.00', '230300.00', '230275.00', '230300.00', '230275.00', '230300.00', '0.00', '0.00', '0.00', '0.00', '0.00', '0.00', '0.00', '0.00', '230275.00', '230275.00', '0.00', '0.00'),
(106, 18, '2025-12-30', '909800.00', '748560.00', '748560.00', '748560.00', '748560.00', '748560.00', '748560.00', '11350.00', '10000.00', '10000.00', '10000.00', '10000.00', '10000.00', '10000.00', '0.00', '748560.00', '748560.00', '10000.00', '10000.00'),
(119, 26, '2025-12-30', '234600.00', '204000.00', '204000.00', '204000.00', '204000.00', '204000.00', '204000.00', '0.00', '0.00', '0.00', '0.00', '0.00', '0.00', '0.00', '0.00', '204000.00', '204000.00', '0.00', '0.00'),
(120, 22, '2025-12-30', '67900.00', '60800.00', '60800.00', '60800.00', '60800.00', '60800.00', '60800.00', '0.00', '0.00', '0.00', '0.00', '0.00', '0.00', '0.00', '0.00', '60800.00', '60800.00', '0.00', '0.00'),
(122, 20, '2025-12-30', '239500.00', '203000.00', '203000.00', '203000.00', '203000.00', '203000.00', '203000.00', '0.00', '0.00', '0.00', '0.00', '0.00', '0.00', '0.00', '0.00', '203000.00', '203000.00', '0.00', '0.00'),
(126, 25, '2025-12-30', '67300.00', '56150.00', '56300.00', '56225.00', '56300.00', '56225.00', '56300.00', '0.00', '0.00', '0.00', '0.00', '0.00', '0.00', '0.00', '0.00', '56225.00', '56225.00', '0.00', '0.00'),
(130, 24, '2025-12-30', '1012250.00', '907620.00', '907620.00', '907620.00', '907620.00', '907620.00', '907620.00', '0.00', '0.00', '0.00', '0.00', '0.00', '0.00', '0.00', '0.00', '907620.00', '907620.00', '0.00', '0.00'),
(137, 23, '2025-12-30', '134200.00', '109250.00', '109250.00', '109250.00', '109250.00', '109250.00', '109250.00', '0.00', '0.00', '0.00', '0.00', '0.00', '0.00', '0.00', '0.00', '109250.00', '109250.00', '0.00', '0.00'),
(143, 21, '2025-12-30', '83600.00', '73100.00', '73100.00', '73100.00', '73100.00', '73100.00', '73100.00', '0.00', '0.00', '0.00', '0.00', '0.00', '0.00', '0.00', '0.00', '73100.00', '73100.00', '0.00', '0.00'),
(148, 19, '2025-12-30', '443200.00', '377600.00', '377900.00', '377750.00', '377900.00', '377750.00', '377900.00', '57700.00', '46250.00', '46550.00', '46400.00', '46550.00', '46400.00', '46550.00', '0.00', '377750.00', '377750.00', '46400.00', '46400.00'),
(149, 1, '2025-12-30', '41450.00', '35900.00', '36000.00', '35950.00', '36000.00', '35950.00', '36000.00', '0.00', '0.00', '0.00', '0.00', '0.00', '0.00', '0.00', '0.00', '35950.00', '35950.00', '0.00', '0.00'),
(150, 28, '2025-12-30', '61600.00', '46500.00', '46500.00', '46500.00', '46500.00', '46500.00', '46500.00', '0.00', '0.00', '0.00', '0.00', '0.00', '0.00', '0.00', '0.00', '46500.00', '46500.00', '0.00', '0.00'),
(152, 32, '2025-12-30', '35600.00', '28780.00', '28780.00', '28780.00', '28780.00', '28780.00', '28780.00', '0.00', '0.00', '0.00', '0.00', '0.00', '0.00', '0.00', '0.00', '28780.00', '28780.00', '0.00', '0.00'),
(155, 31, '2025-12-30', '61800.00', '57950.00', '57950.00', '57950.00', '57950.00', '57950.00', '57950.00', '0.00', '0.00', '0.00', '0.00', '0.00', '0.00', '0.00', '0.00', '57950.00', '57950.00', '0.00', '0.00'),
(158, 30, '2025-12-30', '104850.00', '81130.00', '81130.00', '81130.00', '81130.00', '81130.00', '81130.00', '0.00', '0.00', '0.00', '0.00', '0.00', '0.00', '0.00', '0.00', '81130.00', '81130.00', '0.00', '0.00'),
(170, 29, '2025-12-30', '46900.00', '40950.00', '40950.00', '40950.00', '40950.00', '40950.00', '40950.00', '0.00', '0.00', '0.00', '0.00', '0.00', '0.00', '0.00', '0.00', '40950.00', '40950.00', '0.00', '0.00'),
(175, 27, '2025-12-30', '153250.00', '125480.00', '125480.00', '125480.00', '125480.00', '125480.00', '125480.00', '0.00', '0.00', '0.00', '0.00', '0.00', '0.00', '0.00', '0.00', '125480.00', '125480.00', '0.00', '0.00'),
(182, 33, '2025-12-30', '44800.00', '39450.00', '39800.00', '39625.00', '39800.00', '39625.00', '39800.00', '0.00', '0.00', '0.00', '0.00', '0.00', '0.00', '0.00', '0.00', '39625.00', '39625.00', '0.00', '0.00'),
(183, 21, '2026-01-06', '5200.00', '4650.00', '4650.00', '4650.00', '4650.00', '4650.00', '4650.00', '0.00', '0.00', '0.00', '0.00', '0.00', '0.00', '0.00', '0.00', '4650.00', '4650.00', '0.00', '0.00'),
(184, 8, '2026-01-07', '37200.00', '33400.00', '33400.00', '33400.00', '33400.00', '33400.00', '33400.00', '0.00', '0.00', '0.00', '0.00', '0.00', '0.00', '0.00', '0.00', '33400.00', '33400.00', '0.00', '0.00'),
(185, 6, '2026-01-14', '6100.00', '5300.00', '5300.00', '5300.00', '5300.00', '5300.00', '5300.00', '0.00', '0.00', '0.00', '0.00', '0.00', '0.00', '0.00', '0.00', '5300.00', '5300.00', '0.00', '0.00'),
(186, 20, '2026-01-17', '2000.00', '1250.00', '1250.00', '1250.00', '1250.00', '1250.00', '1250.00', '0.00', '0.00', '0.00', '0.00', '0.00', '0.00', '0.00', '0.00', '1250.00', '1250.00', '0.00', '0.00'),
(187, 8, '2026-01-18', '0.00', '0.00', '0.00', '0.00', '0.00', '0.00', '0.00', '13000.00', '8500.00', '8500.00', '8500.00', '8500.00', '8500.00', '8500.00', '0.00', '0.00', '0.00', '8500.00', '8500.00'),
(188, 2, '2026-01-18', '0.00', '0.00', '0.00', '0.00', '0.00', '0.00', '0.00', '12000.00', '11000.00', '11000.00', '11000.00', '11000.00', '11000.00', '11000.00', '0.00', '0.00', '0.00', '11000.00', '11000.00'),
(189, 6, '2026-01-18', '5100.00', '4400.00', '4400.00', '4400.00', '4400.00', '4400.00', '4400.00', '0.00', '0.00', '0.00', '0.00', '0.00', '0.00', '0.00', '0.00', '4400.00', '4400.00', '0.00', '0.00'),
(190, 1, '2026-01-18', '0.00', '5300.00', '5300.00', '5300.00', '5300.00', '5300.00', '5300.00', '0.00', '0.00', '0.00', '0.00', '0.00', '0.00', '0.00', '0.00', '5300.00', '5300.00', '0.00', '0.00'),
(191, 27, '2026-01-18', '18100.00', '12180.00', '12180.00', '12180.00', '12180.00', '12180.00', '12180.00', '0.00', '0.00', '0.00', '0.00', '0.00', '0.00', '0.00', '0.00', '12180.00', '12180.00', '0.00', '0.00'),
(192, 21, '2026-01-20', '15200.00', '13450.00', '13450.00', '13450.00', '13450.00', '13450.00', '13450.00', '0.00', '0.00', '0.00', '0.00', '0.00', '0.00', '0.00', '0.00', '13450.00', '13450.00', '0.00', '0.00'),
(193, 16, '2026-01-23', '0.00', '0.00', '0.00', '0.00', '0.00', '0.00', '0.00', '4350.00', '3900.00', '3900.00', '3900.00', '3900.00', '3900.00', '3900.00', '0.00', '0.00', '0.00', '3900.00', '3900.00'),
(194, 1, '2026-01-23', '6800.00', '11300.00', '11300.00', '11300.00', '11300.00', '11300.00', '11300.00', '0.00', '0.00', '0.00', '0.00', '0.00', '0.00', '0.00', '0.00', '11300.00', '11300.00', '0.00', '0.00'),
(195, 9, '2026-01-24', '28275.00', '18500.00', '18500.00', '18500.00', '18500.00', '18500.00', '18500.00', '0.00', '0.00', '0.00', '0.00', '0.00', '0.00', '0.00', '0.00', '18500.00', '18500.00', '0.00', '0.00'),
(196, 21, '2026-01-24', '15400.00', '13700.00', '13700.00', '13700.00', '13700.00', '13700.00', '13700.00', '0.00', '0.00', '0.00', '0.00', '0.00', '0.00', '0.00', '0.00', '13700.00', '13700.00', '0.00', '0.00'),
(197, 7, '2026-01-25', '19500.00', '14100.00', '14100.00', '14100.00', '14100.00', '14100.00', '14100.00', '0.00', '0.00', '0.00', '0.00', '0.00', '0.00', '0.00', '0.00', '14100.00', '14100.00', '0.00', '0.00'),
(198, 13, '2026-01-26', '6600.00', '5400.00', '5700.00', '5550.00', '5700.00', '5550.00', '5700.00', '0.00', '0.00', '0.00', '0.00', '0.00', '0.00', '0.00', '0.00', '5550.00', '5550.00', '0.00', '0.00'),
(199, 17, '2026-01-27', '0.00', '0.00', '0.00', '0.00', '0.00', '0.00', '0.00', '44200.00', '39900.00', '39900.00', '39900.00', '39900.00', '39900.00', '39900.00', '0.00', '0.00', '0.00', '39900.00', '39900.00'),
(200, 15, '2026-01-27', '131500.00', '119850.00', '119850.00', '119850.00', '119850.00', '119850.00', '119850.00', '0.00', '0.00', '0.00', '0.00', '0.00', '0.00', '0.00', '0.00', '119850.00', '119850.00', '0.00', '0.00'),
(201, 15, '2026-01-29', '396500.00', '325200.00', '325200.00', '325200.00', '325200.00', '325200.00', '325200.00', '0.00', '0.00', '0.00', '0.00', '0.00', '0.00', '0.00', '0.00', '325200.00', '325200.00', '0.00', '0.00'),
(203, 1, '2026-01-29', '15000.00', '13250.00', '13250.00', '13250.00', '13250.00', '13250.00', '13250.00', '0.00', '0.00', '0.00', '0.00', '0.00', '0.00', '0.00', '0.00', '13250.00', '13250.00', '0.00', '0.00'),
(206, 9, '2026-02-02', '12000.00', '0.00', '0.00', '0.00', '0.00', '0.00', '0.00', '0.00', '0.00', '0.00', '0.00', '0.00', '0.00', '0.00', '0.00', '0.00', '0.00', '0.00', '0.00'),
(207, 15, '2026-02-05', '0.00', '0.00', '0.00', '0.00', '0.00', '0.00', '0.00', '133500.00', '85500.00', '85500.00', '85500.00', '85500.00', '85500.00', '85500.00', '0.00', '0.00', '0.00', '85500.00', '85500.00'),
(208, 7, '2026-02-05', '21200.00', '16600.00', '16600.00', '16600.00', '16600.00', '16600.00', '16600.00', '0.00', '0.00', '0.00', '0.00', '0.00', '0.00', '0.00', '0.00', '16600.00', '16600.00', '0.00', '0.00'),
(209, 34, '2026-02-05', '6750.00', '4250.00', '4250.00', '4250.00', '4250.00', '4250.00', '4250.00', '0.00', '0.00', '0.00', '0.00', '0.00', '0.00', '0.00', '0.00', '4250.00', '4250.00', '0.00', '0.00'),
(210, 2, '2026-02-07', '165000.00', '142500.00', '142500.00', '142500.00', '142500.00', '142500.00', '142500.00', '0.00', '0.00', '0.00', '0.00', '0.00', '0.00', '0.00', '0.00', '142500.00', '142500.00', '0.00', '0.00'),
(211, 34, '2026-02-07', '30700.00', '24250.00', '24250.00', '24250.00', '24250.00', '24250.00', '24250.00', '0.00', '0.00', '0.00', '0.00', '0.00', '0.00', '0.00', '0.00', '24250.00', '24250.00', '0.00', '0.00'),
(212, 34, '2026-02-09', '75950.00', '61400.00', '61400.00', '61400.00', '61400.00', '61400.00', '61400.00', '0.00', '0.00', '0.00', '0.00', '0.00', '0.00', '0.00', '0.00', '61400.00', '61400.00', '0.00', '0.00'),
(214, 12, '2026-02-09', '106600.00', '86950.00', '86950.00', '86950.00', '86950.00', '86950.00', '86950.00', '0.00', '0.00', '0.00', '0.00', '0.00', '0.00', '0.00', '0.00', '86950.00', '86950.00', '0.00', '0.00'),
(217, 21, '2026-02-11', '16600.00', '14500.00', '14500.00', '14500.00', '14500.00', '14500.00', '14500.00', '0.00', '0.00', '0.00', '0.00', '0.00', '0.00', '0.00', '0.00', '14500.00', '14500.00', '0.00', '0.00'),
(218, 1, '2026-02-12', '28200.00', '27450.00', '27450.00', '27450.00', '27450.00', '27450.00', '27450.00', '0.00', '0.00', '0.00', '0.00', '0.00', '0.00', '0.00', '0.00', '27450.00', '27450.00', '0.00', '0.00'),
(219, 21, '2026-02-12', '32950.00', '29000.00', '29000.00', '29000.00', '29000.00', '29000.00', '29000.00', '0.00', '0.00', '0.00', '0.00', '0.00', '0.00', '0.00', '0.00', '29000.00', '29000.00', '0.00', '0.00'),
(220, 34, '2026-02-14', '5500.00', '4660.00', '4660.00', '4660.00', '4660.00', '4660.00', '4660.00', '0.00', '0.00', '0.00', '0.00', '0.00', '0.00', '0.00', '0.00', '4660.00', '4660.00', '0.00', '0.00'),
(221, 6, '2026-02-14', '112500.00', '79900.00', '80500.00', '80200.00', '80500.00', '80200.00', '80500.00', '0.00', '0.00', '0.00', '0.00', '0.00', '0.00', '0.00', '0.00', '80200.00', '80200.00', '0.00', '0.00'),
(223, 33, '2026-02-18', '5100.00', '4150.00', '4150.00', '4150.00', '4150.00', '4150.00', '4150.00', '0.00', '0.00', '0.00', '0.00', '0.00', '0.00', '0.00', '0.00', '4150.00', '4150.00', '0.00', '0.00'),
(224, 7, '2026-02-18', '41600.00', '33200.00', '33200.00', '33200.00', '33200.00', '33200.00', '33200.00', '0.00', '0.00', '0.00', '0.00', '0.00', '0.00', '0.00', '0.00', '33200.00', '33200.00', '0.00', '0.00'),
(226, 10, '2026-02-21', '145000.00', '132500.00', '132500.00', '132500.00', '132500.00', '132500.00', '132500.00', '0.00', '0.00', '0.00', '0.00', '0.00', '0.00', '0.00', '0.00', '132500.00', '132500.00', '0.00', '0.00'),
(227, 21, '2026-02-22', '15600.00', '13950.00', '13950.00', '13950.00', '13950.00', '13950.00', '13950.00', '0.00', '0.00', '0.00', '0.00', '0.00', '0.00', '0.00', '0.00', '13950.00', '13950.00', '0.00', '0.00'),
(228, 20, '2026-02-22', '171400.00', '135000.00', '135000.00', '135000.00', '135000.00', '135000.00', '135000.00', '0.00', '0.00', '0.00', '0.00', '0.00', '0.00', '0.00', '0.00', '135000.00', '135000.00', '0.00', '0.00'),
(229, 15, '2026-02-23', '6600.00', '5300.00', '5300.00', '5300.00', '5300.00', '5300.00', '5300.00', '0.00', '0.00', '0.00', '0.00', '0.00', '0.00', '0.00', '0.00', '5300.00', '5300.00', '0.00', '0.00'),
(230, 1, '2026-02-23', '0.00', '2350.00', '2350.00', '2350.00', '2350.00', '2350.00', '2350.00', '0.00', '0.00', '0.00', '0.00', '0.00', '0.00', '0.00', '0.00', '2350.00', '2350.00', '0.00', '0.00'),
(231, 7, '2026-02-26', '6300.00', '5800.00', '5800.00', '5800.00', '5800.00', '5800.00', '5800.00', '0.00', '0.00', '0.00', '0.00', '0.00', '0.00', '0.00', '0.00', '5800.00', '5800.00', '0.00', '0.00'),
(232, 1, '2026-02-26', '3900.00', '12550.00', '12550.00', '12550.00', '12550.00', '12550.00', '12550.00', '0.00', '0.00', '0.00', '0.00', '0.00', '0.00', '0.00', '0.00', '12550.00', '12550.00', '0.00', '0.00'),
(235, 3, '2026-02-26', '5150.00', '3200.00', '3200.00', '3200.00', '3200.00', '3200.00', '3200.00', '0.00', '0.00', '0.00', '0.00', '0.00', '0.00', '0.00', '0.00', '3200.00', '3200.00', '0.00', '0.00'),
(236, 34, '2026-02-27', '9050.00', '5750.00', '5750.00', '5750.00', '5750.00', '5750.00', '5750.00', '0.00', '0.00', '0.00', '0.00', '0.00', '0.00', '0.00', '0.00', '5750.00', '5750.00', '0.00', '0.00'),
(237, 13, '2026-03-01', '285700.00', '269100.00', '269100.00', '269100.00', '269100.00', '269100.00', '269100.00', '0.00', '0.00', '0.00', '0.00', '0.00', '0.00', '0.00', '0.00', '269100.00', '269100.00', '0.00', '0.00'),
(238, 35, '2026-03-02', '381225.00', '322100.00', '322100.00', '322100.00', '322100.00', '322100.00', '322100.00', '0.00', '0.00', '0.00', '0.00', '0.00', '0.00', '0.00', '0.00', '322100.00', '322100.00', '0.00', '0.00'),
(241, 13, '2026-03-03', '52500.00', '47800.00', '47800.00', '47800.00', '47800.00', '47800.00', '47800.00', '0.00', '0.00', '0.00', '0.00', '0.00', '0.00', '0.00', '0.00', '47800.00', '47800.00', '0.00', '0.00'),
(242, 4, '2026-03-03', '6300.00', '5300.00', '5300.00', '5300.00', '5300.00', '5300.00', '5300.00', '0.00', '0.00', '0.00', '0.00', '0.00', '0.00', '0.00', '0.00', '5300.00', '5300.00', '0.00', '0.00'),
(243, 7, '2026-03-03', '54600.00', '43300.00', '43300.00', '43300.00', '43300.00', '43300.00', '43300.00', '0.00', '0.00', '0.00', '0.00', '0.00', '0.00', '0.00', '0.00', '43300.00', '43300.00', '0.00', '0.00'),
(244, 21, '2026-03-04', '5200.00', '4650.00', '4650.00', '4650.00', '4650.00', '4650.00', '4650.00', '0.00', '0.00', '0.00', '0.00', '0.00', '0.00', '0.00', '0.00', '4650.00', '4650.00', '0.00', '0.00'),
(245, 1, '2026-03-04', '1900.00', '1100.00', '1100.00', '1100.00', '1100.00', '1100.00', '1100.00', '0.00', '0.00', '0.00', '0.00', '0.00', '0.00', '0.00', '0.00', '1100.00', '1100.00', '0.00', '0.00'),
(246, 36, '2026-03-04', '69000.00', '57000.00', '57000.00', '57000.00', '57000.00', '57000.00', '57000.00', '0.00', '0.00', '0.00', '0.00', '0.00', '0.00', '0.00', '0.00', '57000.00', '57000.00', '0.00', '0.00'),
(247, 6, '2026-03-09', '0.00', '0.00', '0.00', '0.00', '0.00', '0.00', '0.00', '53700.00', '38100.00', '38350.00', '38225.00', '38350.00', '38225.00', '38350.00', '0.00', '0.00', '0.00', '38225.00', '38225.00'),
(248, 16, '2026-03-09', '13050.00', '11700.00', '11700.00', '11700.00', '11700.00', '11700.00', '11700.00', '0.00', '0.00', '0.00', '0.00', '0.00', '0.00', '0.00', '0.00', '11700.00', '11700.00', '0.00', '0.00'),
(249, 30, '2026-03-10', '27000.00', '17000.00', '17000.00', '17000.00', '17000.00', '17000.00', '17000.00', '0.00', '0.00', '0.00', '0.00', '0.00', '0.00', '0.00', '0.00', '17000.00', '17000.00', '0.00', '0.00'),
(250, 4, '2026-03-12', '6300.00', '5300.00', '5300.00', '5300.00', '5300.00', '5300.00', '5300.00', '0.00', '0.00', '0.00', '0.00', '0.00', '0.00', '0.00', '0.00', '5300.00', '5300.00', '0.00', '0.00'),
(251, 8, '2026-03-12', '7800.00', '0.00', '0.00', '0.00', '0.00', '0.00', '0.00', '0.00', '0.00', '0.00', '0.00', '0.00', '0.00', '0.00', '0.00', '0.00', '0.00', '0.00', '0.00'),
(252, 1, '2026-03-12', '3200.00', '2650.00', '2650.00', '2650.00', '2650.00', '2650.00', '2650.00', '0.00', '0.00', '0.00', '0.00', '0.00', '0.00', '0.00', '0.00', '2650.00', '2650.00', '0.00', '0.00'),
(253, 8, '2026-03-15', '0.00', '0.00', '0.00', '0.00', '0.00', '0.00', '0.00', '178200.00', '153950.00', '153950.00', '153950.00', '153950.00', '153950.00', '153950.00', '0.00', '0.00', '0.00', '153950.00', '153950.00'),
(254, 21, '2026-03-17', '25600.00', '22750.00', '22750.00', '22750.00', '22750.00', '22750.00', '22750.00', '0.00', '0.00', '0.00', '0.00', '0.00', '0.00', '0.00', '0.00', '22750.00', '22750.00', '0.00', '0.00'),
(255, 1, '2026-03-21', '0.00', '128650.00', '128650.00', '128650.00', '128650.00', '128650.00', '128650.00', '0.00', '0.00', '0.00', '0.00', '0.00', '0.00', '0.00', '0.00', '128650.00', '128650.00', '0.00', '0.00'),
(256, 8, '2026-03-24', '58800.00', '42400.00', '42400.00', '42400.00', '42400.00', '42400.00', '42400.00', '0.00', '0.00', '0.00', '0.00', '0.00', '0.00', '0.00', '0.00', '42400.00', '42400.00', '0.00', '0.00'),
(257, 2, '2026-03-26', '165000.00', '142500.00', '142500.00', '142500.00', '142500.00', '142500.00', '142500.00', '0.00', '0.00', '0.00', '0.00', '0.00', '0.00', '0.00', '0.00', '142500.00', '142500.00', '0.00', '0.00'),
(258, 8, '2026-03-30', '44050.00', '39550.00', '39550.00', '39550.00', '39550.00', '39550.00', '39550.00', '0.00', '0.00', '0.00', '0.00', '0.00', '0.00', '0.00', '0.00', '39550.00', '39550.00', '0.00', '0.00'),
(259, 1, '2026-03-30', '0.00', '3550.00', '3600.00', '3575.00', '3600.00', '3575.00', '3600.00', '0.00', '0.00', '0.00', '0.00', '0.00', '0.00', '0.00', '0.00', '3575.00', '3575.00', '0.00', '0.00'),
(260, 37, '2026-04-01', '24000.00', '18000.00', '19000.00', '18500.00', '19000.00', '18500.00', '19000.00', '0.00', '0.00', '0.00', '0.00', '0.00', '0.00', '0.00', '0.00', '18500.00', '18500.00', '0.00', '0.00'),
(261, 7, '2026-04-05', '44000.00', '34080.00', '34080.00', '34080.00', '34080.00', '34080.00', '34080.00', '0.00', '0.00', '0.00', '0.00', '0.00', '0.00', '0.00', '0.00', '34080.00', '34080.00', '0.00', '0.00'),
(262, 8, '2026-04-05', '33300.00', '26400.00', '26400.00', '26400.00', '26400.00', '26400.00', '26400.00', '0.00', '0.00', '0.00', '0.00', '0.00', '0.00', '0.00', '0.00', '26400.00', '26400.00', '0.00', '0.00'),
(263, 38, '2026-04-07', '6500.00', '4250.00', '4250.00', '4250.00', '4250.00', '4250.00', '4250.00', '0.00', '0.00', '0.00', '0.00', '0.00', '0.00', '0.00', '0.00', '4250.00', '4250.00', '0.00', '0.00'),
(264, 1, '2026-04-11', '4350.00', '3900.00', '3900.00', '3900.00', '3900.00', '3900.00', '3900.00', '0.00', '0.00', '0.00', '0.00', '0.00', '0.00', '0.00', '0.00', '3900.00', '3900.00', '0.00', '0.00'),
(265, 7, '2026-04-12', '18050.00', '12650.00', '12650.00', '12650.00', '12650.00', '12650.00', '12650.00', '0.00', '0.00', '0.00', '0.00', '0.00', '0.00', '0.00', '0.00', '12650.00', '12650.00', '0.00', '0.00'),
(266, 21, '2026-04-12', '11000.00', '9300.00', '9300.00', '9300.00', '9300.00', '9300.00', '9300.00', '0.00', '0.00', '0.00', '0.00', '0.00', '0.00', '0.00', '0.00', '9300.00', '9300.00', '0.00', '0.00'),
(267, 15, '2026-04-12', '154500.00', '132000.00', '132000.00', '132000.00', '132000.00', '132000.00', '132000.00', '0.00', '0.00', '0.00', '0.00', '0.00', '0.00', '0.00', '0.00', '132000.00', '132000.00', '0.00', '0.00'),
(268, 36, '2026-04-14', '375000.00', '285000.00', '285000.00', '285000.00', '285000.00', '285000.00', '285000.00', '0.00', '0.00', '0.00', '0.00', '0.00', '0.00', '0.00', '0.00', '285000.00', '285000.00', '0.00', '0.00'),
(269, 1, '2026-04-15', '10000.00', '8300.00', '8300.00', '8300.00', '8300.00', '8300.00', '8300.00', '0.00', '0.00', '0.00', '0.00', '0.00', '0.00', '0.00', '0.00', '8300.00', '8300.00', '0.00', '0.00'),
(270, 9, '2026-04-16', '51500.00', '44000.00', '44000.00', '44000.00', '44000.00', '44000.00', '44000.00', '0.00', '0.00', '0.00', '0.00', '0.00', '0.00', '0.00', '0.00', '44000.00', '44000.00', '0.00', '0.00'),
(271, 15, '2026-04-16', '113765.00', '63800.00', '63800.00', '63800.00', '63800.00', '63800.00', '63800.00', '0.00', '0.00', '0.00', '0.00', '0.00', '0.00', '0.00', '0.00', '63800.00', '63800.00', '0.00', '0.00'),
(272, 13, '2026-04-16', '33800.00', '28300.00', '28300.00', '28300.00', '28300.00', '28300.00', '28300.00', '0.00', '0.00', '0.00', '0.00', '0.00', '0.00', '0.00', '0.00', '28300.00', '28300.00', '0.00', '0.00'),
(273, 7, '2026-04-16', '57700.00', '42350.00', '42350.00', '42350.00', '42350.00', '42350.00', '42350.00', '0.00', '0.00', '0.00', '0.00', '0.00', '0.00', '0.00', '0.00', '42350.00', '42350.00', '0.00', '0.00'),
(276, 13, '2026-04-17', '60500.00', '50800.00', '50800.00', '50800.00', '50800.00', '50800.00', '50800.00', '0.00', '0.00', '0.00', '0.00', '0.00', '0.00', '0.00', '0.00', '50800.00', '50800.00', '0.00', '0.00'),
(278, 7, '2026-04-17', '4000.00', '0.00', '0.00', '0.00', '0.00', '0.00', '0.00', '0.00', '0.00', '0.00', '0.00', '0.00', '0.00', '0.00', '0.00', '0.00', '0.00', '0.00', '0.00'),
(279, 18, '2026-04-19', '144600.00', '121900.00', '121900.00', '121900.00', '121900.00', '121900.00', '121900.00', '5300.00', '4480.00', '4480.00', '4480.00', '4480.00', '4480.00', '4480.00', '0.00', '121900.00', '121900.00', '4480.00', '4480.00'),
(280, 19, '2026-04-19', '125400.00', '106750.00', '106750.00', '106750.00', '106750.00', '106750.00', '106750.00', '0.00', '0.00', '0.00', '0.00', '0.00', '0.00', '0.00', '0.00', '106750.00', '106750.00', '0.00', '0.00'),
(282, 8, '2026-04-19', '20500.00', '0.00', '0.00', '0.00', '0.00', '0.00', '0.00', '0.00', '0.00', '0.00', '0.00', '0.00', '0.00', '0.00', '0.00', '0.00', '0.00', '0.00', '0.00'),
(283, 8, '2026-04-23', '44200.00', '20400.00', '20400.00', '20400.00', '20400.00', '20400.00', '20400.00', '0.00', '0.00', '0.00', '0.00', '0.00', '0.00', '0.00', '0.00', '20400.00', '20400.00', '0.00', '0.00'),
(284, 34, '2026-04-23', '20500.00', '0.00', '0.00', '0.00', '0.00', '0.00', '0.00', '0.00', '0.00', '0.00', '0.00', '0.00', '0.00', '0.00', '0.00', '0.00', '0.00', '0.00', '0.00'),
(285, 30, '2026-04-24', '34800.00', '28680.00', '28680.00', '28680.00', '28680.00', '28680.00', '28680.00', '0.00', '0.00', '0.00', '0.00', '0.00', '0.00', '0.00', '0.00', '28680.00', '28680.00', '0.00', '0.00'),
(286, 18, '2026-04-26', '177600.00', '139520.00', '139520.00', '139520.00', '139520.00', '139520.00', '139520.00', '0.00', '0.00', '0.00', '0.00', '0.00', '0.00', '0.00', '0.00', '139520.00', '139520.00', '0.00', '0.00'),
(287, 39, '2026-04-27', '46000.00', '5200.00', '5200.00', '5200.00', '5200.00', '5200.00', '5200.00', '0.00', '0.00', '0.00', '0.00', '0.00', '0.00', '0.00', '0.00', '5200.00', '5200.00', '0.00', '0.00'),
(288, 8, '2026-04-27', '36800.00', '24400.00', '24400.00', '24400.00', '24400.00', '24400.00', '24400.00', '0.00', '0.00', '0.00', '0.00', '0.00', '0.00', '0.00', '0.00', '24400.00', '24400.00', '0.00', '0.00'),
(289, 27, '2026-04-28', '14400.00', '11020.00', '11020.00', '11020.00', '11020.00', '11020.00', '11020.00', '0.00', '0.00', '0.00', '0.00', '0.00', '0.00', '0.00', '0.00', '11020.00', '11020.00', '0.00', '0.00'),
(290, 30, '2026-04-28', '16800.00', '12240.00', '12240.00', '12240.00', '12240.00', '12240.00', '12240.00', '0.00', '0.00', '0.00', '0.00', '0.00', '0.00', '0.00', '0.00', '12240.00', '12240.00', '0.00', '0.00'),
(291, 7, '2026-04-28', '109700.00', '76950.00', '76950.00', '76950.00', '76950.00', '76950.00', '76950.00', '0.00', '0.00', '0.00', '0.00', '0.00', '0.00', '0.00', '0.00', '76950.00', '76950.00', '0.00', '0.00'),
(292, 6, '2026-04-28', '5600.00', '4000.00', '4000.00', '4000.00', '4000.00', '4000.00', '4000.00', '0.00', '0.00', '0.00', '0.00', '0.00', '0.00', '0.00', '0.00', '4000.00', '4000.00', '0.00', '0.00'),
(293, 6, '2026-04-29', '5900.00', '4660.00', '4660.00', '4660.00', '4660.00', '4660.00', '4660.00', '0.00', '0.00', '0.00', '0.00', '0.00', '0.00', '0.00', '0.00', '4660.00', '4660.00', '0.00', '0.00'),
(294, 3, '2026-05-04', '10400.00', '8800.00', '8800.00', '8800.00', '8800.00', '8800.00', '8800.00', '0.00', '0.00', '0.00', '0.00', '0.00', '0.00', '0.00', '0.00', '8800.00', '8800.00', '0.00', '0.00'),
(295, 8, '2026-05-05', '51700.00', '26400.00', '26400.00', '26400.00', '26400.00', '26400.00', '26400.00', '0.00', '0.00', '0.00', '0.00', '0.00', '0.00', '0.00', '0.00', '26400.00', '26400.00', '0.00', '0.00'),
(296, 7, '2026-05-06', '5400.00', '850.00', '850.00', '850.00', '850.00', '850.00', '850.00', '0.00', '0.00', '0.00', '0.00', '0.00', '0.00', '0.00', '0.00', '850.00', '850.00', '0.00', '0.00'),
(297, 34, '2026-05-06', '6750.00', '4250.00', '4250.00', '4250.00', '4250.00', '4250.00', '4250.00', '0.00', '0.00', '0.00', '0.00', '0.00', '0.00', '0.00', '0.00', '4250.00', '4250.00', '0.00', '0.00'),
(298, 13, '2026-05-06', '1800.00', '1000.00', '1000.00', '1000.00', '1000.00', '1000.00', '1000.00', '0.00', '0.00', '0.00', '0.00', '0.00', '0.00', '0.00', '0.00', '1000.00', '1000.00', '0.00', '0.00'),
(299, 27, '2026-05-06', '17700.00', '11920.00', '11920.00', '11920.00', '11920.00', '11920.00', '11920.00', '0.00', '0.00', '0.00', '0.00', '0.00', '0.00', '0.00', '0.00', '11920.00', '11920.00', '0.00', '0.00'),
(300, 4, '2026-05-09', '47150.00', '35850.00', '36200.00', '36025.00', '36200.00', '36025.00', '36200.00', '0.00', '0.00', '0.00', '0.00', '0.00', '0.00', '0.00', '0.00', '36025.00', '36025.00', '0.00', '0.00'),
(301, 6, '2026-05-09', '0.00', '0.00', '0.00', '0.00', '0.00', '0.00', '0.00', '2800.00', '2000.00', '2000.00', '2000.00', '2000.00', '2000.00', '2000.00', '0.00', '0.00', '0.00', '2000.00', '2000.00'),
(302, 40, '2026-05-12', '162600.00', '114820.00', '114820.00', '114820.00', '114820.00', '114820.00', '114820.00', '0.00', '0.00', '0.00', '0.00', '0.00', '0.00', '0.00', '0.00', '114820.00', '114820.00', '0.00', '0.00'),
(303, 8, '2026-05-12', '17500.00', '4400.00', '4400.00', '4400.00', '4400.00', '4400.00', '4400.00', '0.00', '0.00', '0.00', '0.00', '0.00', '0.00', '0.00', '0.00', '4400.00', '4400.00', '0.00', '0.00'),
(304, 18, '2026-05-12', '145000.00', '116200.00', '116200.00', '116200.00', '116200.00', '116200.00', '116200.00', '0.00', '0.00', '0.00', '0.00', '0.00', '0.00', '0.00', '0.00', '116200.00', '116200.00', '0.00', '0.00'),
(305, 39, '2026-05-12', '49500.00', '43400.00', '43400.00', '43400.00', '43400.00', '43400.00', '43400.00', '0.00', '0.00', '0.00', '0.00', '0.00', '0.00', '0.00', '0.00', '43400.00', '43400.00', '0.00', '0.00'),
(306, 39, '2026-05-13', '98500.00', '86800.00', '86800.00', '86800.00', '86800.00', '86800.00', '86800.00', '0.00', '0.00', '0.00', '0.00', '0.00', '0.00', '0.00', '0.00', '86800.00', '86800.00', '0.00', '0.00'),
(307, 8, '2026-05-14', '24700.00', '21200.00', '21200.00', '21200.00', '21200.00', '21200.00', '21200.00', '0.00', '0.00', '0.00', '0.00', '0.00', '0.00', '0.00', '0.00', '21200.00', '21200.00', '0.00', '0.00'),
(308, 3, '2026-05-14', '15600.00', '10200.00', '10200.00', '10200.00', '10200.00', '10200.00', '10200.00', '0.00', '0.00', '0.00', '0.00', '0.00', '0.00', '0.00', '0.00', '10200.00', '10200.00', '0.00', '0.00'),
(309, 8, '2026-05-18', '8200.00', '0.00', '0.00', '0.00', '0.00', '0.00', '0.00', '0.00', '0.00', '0.00', '0.00', '0.00', '0.00', '0.00', '0.00', '0.00', '0.00', '0.00', '0.00'),
(310, 7, '2026-05-18', '118550.00', '79250.00', '79250.00', '79250.00', '79250.00', '79250.00', '79250.00', '0.00', '0.00', '0.00', '0.00', '0.00', '0.00', '0.00', '0.00', '79250.00', '79250.00', '0.00', '0.00'),
(311, 1, '2026-05-19', '17200.00', '15900.00', '15900.00', '15900.00', '15900.00', '15900.00', '15900.00', '0.00', '0.00', '0.00', '0.00', '0.00', '0.00', '0.00', '0.00', '15900.00', '15900.00', '0.00', '0.00'),
(312, 30, '2026-05-19', '26550.00', '23400.00', '23400.00', '23400.00', '23400.00', '23400.00', '23400.00', '0.00', '0.00', '0.00', '0.00', '0.00', '0.00', '0.00', '0.00', '23400.00', '23400.00', '0.00', '0.00'),
(313, 41, '2026-05-19', '46500.00', '33980.00', '33980.00', '33980.00', '33980.00', '33980.00', '33980.00', '0.00', '0.00', '0.00', '0.00', '0.00', '0.00', '0.00', '0.00', '33980.00', '33980.00', '0.00', '0.00'),
(314, 42, '2026-05-19', '46500.00', '33980.00', '33980.00', '33980.00', '33980.00', '33980.00', '33980.00', '0.00', '0.00', '0.00', '0.00', '0.00', '0.00', '0.00', '0.00', '33980.00', '33980.00', '0.00', '0.00'),
(315, 16, '2026-05-20', '92700.00', '35100.00', '35100.00', '35100.00', '35100.00', '35100.00', '35100.00', '0.00', '0.00', '0.00', '0.00', '0.00', '0.00', '0.00', '0.00', '35100.00', '35100.00', '0.00', '0.00'),
(316, 3, '2026-05-20', '455000.00', '340500.00', '340500.00', '340500.00', '340500.00', '340500.00', '340500.00', '0.00', '0.00', '0.00', '0.00', '0.00', '0.00', '0.00', '0.00', '340500.00', '340500.00', '0.00', '0.00'),
(317, 35, '2026-05-21', '436200.00', '366000.00', '366000.00', '366000.00', '366000.00', '366000.00', '366000.00', '4800.00', '4300.00', '4300.00', '4300.00', '4300.00', '4300.00', '4300.00', '0.00', '366000.00', '366000.00', '4300.00', '4300.00'),
(319, 19, '2026-05-21', '37600.00', '28200.00', '28200.00', '28200.00', '28200.00', '28200.00', '28200.00', '0.00', '0.00', '0.00', '0.00', '0.00', '0.00', '0.00', '0.00', '28200.00', '28200.00', '0.00', '0.00'),
(320, 8, '2026-05-21', '6650.00', '5800.00', '5800.00', '5800.00', '5800.00', '5800.00', '5800.00', '0.00', '0.00', '0.00', '0.00', '0.00', '0.00', '0.00', '0.00', '5800.00', '5800.00', '0.00', '0.00'),
(321, 21, '2026-05-23', '54500.00', '39600.00', '39600.00', '39600.00', '39600.00', '39600.00', '39600.00', '0.00', '0.00', '0.00', '0.00', '0.00', '0.00', '0.00', '0.00', '39600.00', '39600.00', '0.00', '0.00'),
(322, 15, '2026-05-24', '342000.00', '216100.00', '216100.00', '216100.00', '216100.00', '216100.00', '216100.00', '0.00', '0.00', '0.00', '0.00', '0.00', '0.00', '0.00', '0.00', '216100.00', '216100.00', '0.00', '0.00'),
(323, 1, '2026-05-25', '5350.00', '4650.00', '4650.00', '4650.00', '4650.00', '4650.00', '4650.00', '0.00', '0.00', '0.00', '0.00', '0.00', '0.00', '0.00', '0.00', '4650.00', '4650.00', '0.00', '0.00'),
(324, 1, '2026-05-30', '11150.00', '9250.00', '9250.00', '9250.00', '9250.00', '9250.00', '9250.00', '0.00', '0.00', '0.00', '0.00', '0.00', '0.00', '0.00', '0.00', '9250.00', '9250.00', '0.00', '0.00'),
(326, 3, '2026-05-30', '0.00', '5200.00', '5200.00', '5200.00', '5200.00', '5200.00', '5200.00', '0.00', '0.00', '0.00', '0.00', '0.00', '0.00', '0.00', '0.00', '5200.00', '5200.00', '0.00', '0.00'),
(327, 10, '2026-05-30', '8000.00', '0.00', '0.00', '0.00', '0.00', '0.00', '0.00', '0.00', '0.00', '0.00', '0.00', '0.00', '0.00', '0.00', '0.00', '0.00', '0.00', '0.00', '0.00'),
(329, 18, '2026-05-31', '173500.00', '142500.00', '142500.00', '142500.00', '142500.00', '142500.00', '142500.00', '0.00', '0.00', '0.00', '0.00', '0.00', '0.00', '0.00', '0.00', '142500.00', '142500.00', '0.00', '0.00'),
(332, 1, '2026-06-01', '29000.00', '27700.00', '27700.00', '27700.00', '27700.00', '27700.00', '27700.00', '0.00', '0.00', '0.00', '0.00', '0.00', '0.00', '0.00', '0.00', '27700.00', '27700.00', '0.00', '0.00'),
(333, 18, '2026-06-04', '193500.00', '151800.00', '151800.00', '151800.00', '151800.00', '151800.00', '151800.00', '0.00', '0.00', '0.00', '0.00', '0.00', '0.00', '0.00', '0.00', '151800.00', '151800.00', '0.00', '0.00'),
(335, 11, '2026-06-04', '2500.00', '2300.00', '2300.00', '2300.00', '2300.00', '2300.00', '2300.00', '0.00', '0.00', '0.00', '0.00', '0.00', '0.00', '0.00', '0.00', '2300.00', '2300.00', '0.00', '0.00'),
(336, 23, '2026-06-04', '6500.00', '4250.00', '4250.00', '4250.00', '4250.00', '4250.00', '4250.00', '0.00', '0.00', '0.00', '0.00', '0.00', '0.00', '0.00', '0.00', '4250.00', '4250.00', '0.00', '0.00'),
(337, 25, '2026-06-04', '30000.00', '24300.00', '24400.00', '24350.00', '24400.00', '24350.00', '24400.00', '0.00', '0.00', '0.00', '0.00', '0.00', '0.00', '0.00', '0.00', '24350.00', '24350.00', '0.00', '0.00'),
(338, 37, '2026-06-04', '18300.00', '1100.00', '1100.00', '1100.00', '1100.00', '1100.00', '1100.00', '0.00', '0.00', '0.00', '0.00', '0.00', '0.00', '0.00', '0.00', '1100.00', '1100.00', '0.00', '0.00'),
(339, 8, '2026-06-04', '32000.00', '13200.00', '13200.00', '13200.00', '13200.00', '13200.00', '13200.00', '0.00', '0.00', '0.00', '0.00', '0.00', '0.00', '0.00', '0.00', '13200.00', '13200.00', '0.00', '0.00'),
(340, 21, '2026-06-05', '10300.00', '8750.00', '8750.00', '8750.00', '8750.00', '8750.00', '8750.00', '0.00', '0.00', '0.00', '0.00', '0.00', '0.00', '0.00', '0.00', '8750.00', '8750.00', '0.00', '0.00'),
(341, 5, '2026-06-05', '66250.00', '57500.00', '57500.00', '57500.00', '57500.00', '57500.00', '57500.00', '0.00', '0.00', '0.00', '0.00', '0.00', '0.00', '0.00', '0.00', '57500.00', '57500.00', '0.00', '0.00'),
(342, 11, '2026-06-05', '5000.00', '4600.00', '4600.00', '4600.00', '4600.00', '4600.00', '4600.00', '0.00', '0.00', '0.00', '0.00', '0.00', '0.00', '0.00', '0.00', '4600.00', '4600.00', '0.00', '0.00'),
(343, 43, '2026-06-06', '2600.00', '2300.00', '2300.00', '2300.00', '2300.00', '2300.00', '2300.00', '0.00', '0.00', '0.00', '0.00', '0.00', '0.00', '0.00', '0.00', '2300.00', '2300.00', '0.00', '0.00'),
(344, 25, '2026-06-06', '0.00', '0.00', '0.00', '0.00', '0.00', '0.00', '0.00', '8800.00', '3900.00', '3900.00', '3900.00', '3900.00', '3900.00', '3900.00', '0.00', '0.00', '0.00', '3900.00', '3900.00'),
(345, 8, '2026-06-06', '100200.00', '64650.00', '64650.00', '64650.00', '64650.00', '64650.00', '64650.00', '0.00', '0.00', '0.00', '0.00', '0.00', '0.00', '0.00', '0.00', '64650.00', '64650.00', '0.00', '0.00'),
(346, 21, '2026-06-06', '19900.00', '17100.00', '17100.00', '17100.00', '17100.00', '17100.00', '17100.00', '0.00', '0.00', '0.00', '0.00', '0.00', '0.00', '0.00', '0.00', '17100.00', '17100.00', '0.00', '0.00'),
(347, 16, '2026-06-07', '110900.00', '57100.00', '57100.00', '57100.00', '57100.00', '57100.00', '57100.00', '0.00', '0.00', '0.00', '0.00', '0.00', '0.00', '0.00', '0.00', '57100.00', '57100.00', '0.00', '0.00'),
(348, 7, '2026-06-07', '31600.00', '20000.00', '20000.00', '20000.00', '20000.00', '20000.00', '20000.00', '0.00', '0.00', '0.00', '0.00', '0.00', '0.00', '0.00', '0.00', '20000.00', '20000.00', '0.00', '0.00'),
(349, 35, '2026-06-08', '144000.00', '109000.00', '109000.00', '109000.00', '109000.00', '109000.00', '109000.00', '0.00', '0.00', '0.00', '0.00', '0.00', '0.00', '0.00', '0.00', '109000.00', '109000.00', '0.00', '0.00'),
(350, 41, '2026-06-08', '28500.00', '20000.00', '20000.00', '20000.00', '20000.00', '20000.00', '20000.00', '0.00', '0.00', '0.00', '0.00', '0.00', '0.00', '0.00', '0.00', '20000.00', '20000.00', '0.00', '0.00'),
(351, 3, '2026-06-09', '115450.00', '77400.00', '77400.00', '77400.00', '77400.00', '77400.00', '77400.00', '0.00', '0.00', '0.00', '0.00', '0.00', '0.00', '0.00', '0.00', '77400.00', '77400.00', '0.00', '0.00'),
(352, 35, '2026-06-09', '318900.00', '242800.00', '242800.00', '242800.00', '242800.00', '242800.00', '242800.00', '0.00', '0.00', '0.00', '0.00', '0.00', '0.00', '0.00', '0.00', '242800.00', '242800.00', '0.00', '0.00'),
(353, 7, '2026-06-09', '26400.00', '15600.00', '15600.00', '15600.00', '15600.00', '15600.00', '15600.00', '0.00', '0.00', '0.00', '0.00', '0.00', '0.00', '0.00', '0.00', '15600.00', '15600.00', '0.00', '0.00'),
(354, 19, '2026-06-10', '49600.00', '39500.00', '39500.00', '39500.00', '39500.00', '39500.00', '39500.00', '0.00', '0.00', '0.00', '0.00', '0.00', '0.00', '0.00', '0.00', '39500.00', '39500.00', '0.00', '0.00'),
(355, 21, '2026-06-11', '0.00', '0.00', '0.00', '0.00', '0.00', '0.00', '0.00', '5200.00', '4400.00', '4400.00', '4400.00', '4400.00', '4400.00', '4400.00', '0.00', '0.00', '0.00', '4400.00', '4400.00'),
(356, 9, '2026-06-13', '69400.00', '58300.00', '58300.00', '58300.00', '58300.00', '58300.00', '58300.00', '0.00', '0.00', '0.00', '0.00', '0.00', '0.00', '0.00', '0.00', '58300.00', '58300.00', '0.00', '0.00'),
(357, 35, '2026-06-16', '0.00', '0.00', '0.00', '0.00', '0.00', '0.00', '0.00', '3050.00', '2650.00', '2650.00', '2650.00', '2650.00', '2650.00', '2650.00', '0.00', '0.00', '0.00', '2650.00', '2650.00'),
(358, 23, '2026-06-17', '277000.00', '246000.00', '246000.00', '246000.00', '246000.00', '246000.00', '245998.00', '0.00', '0.00', '0.00', '0.00', '0.00', '0.00', '0.00', '0.00', '246000.00', '246000.00', '0.00', '0.00'),
(359, 18, '2026-06-20', '231900.00', '131600.00', '131600.00', '131600.00', '131600.00', '131600.00', '131600.00', '0.00', '0.00', '0.00', '0.00', '0.00', '0.00', '0.00', '0.00', '131600.00', '131600.00', '0.00', '0.00'),
(360, 19, '2026-06-20', '67000.00', '56000.00', '56000.00', '56000.00', '56000.00', '56000.00', '56000.00', '0.00', '0.00', '0.00', '0.00', '0.00', '0.00', '0.00', '0.00', '56000.00', '56000.00', '0.00', '0.00'),
(361, 7, '2026-06-20', '59200.00', '48350.00', '48350.00', '48350.00', '48350.00', '48350.00', '48350.00', '0.00', '0.00', '0.00', '0.00', '0.00', '0.00', '0.00', '0.00', '48350.00', '48350.00', '0.00', '0.00'),
(362, 24, '2026-06-21', '148500.00', '127500.00', '127500.00', '127500.00', '127500.00', '127500.00', '127500.00', '0.00', '0.00', '0.00', '0.00', '0.00', '0.00', '0.00', '0.00', '127500.00', '127500.00', '0.00', '0.00');

-- --------------------------------------------------------

--
-- Table structure for table `quickprofitday`
--

CREATE TABLE IF NOT EXISTS `quickprofitday` (
  `id` int(11) NOT NULL AUTO_INCREMENT,
  `theDate` date NOT NULL,
  `sellVal` decimal(15,2) NOT NULL,
  `sellCostBuyPrice` decimal(15,2) NOT NULL,
  `sellCostLastBuyPrice` decimal(15,2) NOT NULL,
  `sellCostMeanBuyPrice` decimal(15,2) NOT NULL,
  `sellCostLastBuyPricewithDiscount` decimal(15,2) NOT NULL,
  `sellCostMeanBuyPricewithDiscount` decimal(15,2) NOT NULL,
  `sellCostOverAllAveragePrice` decimal(15,2) NOT NULL,
  `returnSellVal` decimal(15,2) NOT NULL,
  `returnSellCostBuyPrice` decimal(15,2) NOT NULL,
  `returnSellCostLastBuyPrice` decimal(15,2) NOT NULL,
  `returnSellCostMeanBuyPrice` decimal(15,2) NOT NULL,
  `returnSellCostLastBuyPricewithDiscount` decimal(15,2) NOT NULL,
  `returnSellCostMeanBuyPricewithDiscount` decimal(15,2) NOT NULL,
  `returnSellCostOverAllAveragePrice` decimal(15,2) NOT NULL,
  `sellCostLastBuyPricewithTax` decimal(15,2) NOT NULL,
  `sellCostMeanBuyPricewithTax` decimal(15,2) NOT NULL,
  `returnSellCostLastBuyPricewithTax` decimal(15,2) NOT NULL,
  `returnSellCostMeanBuyPricewithTax` decimal(15,2) NOT NULL,
  PRIMARY KEY (`id`),
  UNIQUE KEY `theDate` (`theDate`)
) ENGINE=InnoDB  DEFAULT CHARSET=latin1 AUTO_INCREMENT=215 ;

--
-- Dumping data for table `quickprofitday`
--

INSERT INTO `quickprofitday` (`id`, `theDate`, `sellVal`, `sellCostBuyPrice`, `sellCostLastBuyPrice`, `sellCostMeanBuyPrice`, `sellCostLastBuyPricewithDiscount`, `sellCostMeanBuyPricewithDiscount`, `sellCostOverAllAveragePrice`, `returnSellVal`, `returnSellCostBuyPrice`, `returnSellCostLastBuyPrice`, `returnSellCostMeanBuyPrice`, `returnSellCostLastBuyPricewithDiscount`, `returnSellCostMeanBuyPricewithDiscount`, `returnSellCostOverAllAveragePrice`, `sellCostLastBuyPricewithTax`, `sellCostMeanBuyPricewithTax`, `returnSellCostLastBuyPricewithTax`, `returnSellCostMeanBuyPricewithTax`) VALUES
(1, '2025-12-29', '6851160.00', '6066360.00', '6089610.00', '6077985.00', '6089610.00', '6077985.00', '6089610.00', '0.00', '0.00', '0.00', '0.00', '0.00', '0.00', '0.00', '6077985.00', '6077985.00', '0.00', '0.00'),
(67, '2025-12-30', '6631994.00', '5627830.00', '5645680.00', '5636755.00', '5645680.00', '5636755.00', '5645680.00', '98200.00', '82300.00', '82600.00', '82450.00', '82600.00', '82450.00', '82600.00', '5636755.00', '5636755.00', '82450.00', '82450.00'),
(68, '2026-01-06', '5200.00', '4650.00', '4650.00', '4650.00', '4650.00', '4650.00', '4650.00', '0.00', '0.00', '0.00', '0.00', '0.00', '0.00', '0.00', '4650.00', '4650.00', '0.00', '0.00'),
(69, '2026-01-07', '37200.00', '33400.00', '33400.00', '33400.00', '33400.00', '33400.00', '33400.00', '0.00', '0.00', '0.00', '0.00', '0.00', '0.00', '0.00', '33400.00', '33400.00', '0.00', '0.00'),
(70, '2026-01-14', '6100.00', '5300.00', '5300.00', '5300.00', '5300.00', '5300.00', '5300.00', '0.00', '0.00', '0.00', '0.00', '0.00', '0.00', '0.00', '5300.00', '5300.00', '0.00', '0.00'),
(71, '2026-01-17', '2000.00', '1250.00', '1250.00', '1250.00', '1250.00', '1250.00', '1250.00', '0.00', '0.00', '0.00', '0.00', '0.00', '0.00', '0.00', '1250.00', '1250.00', '0.00', '0.00'),
(72, '2026-01-18', '5100.00', '9700.00', '9700.00', '9700.00', '9700.00', '9700.00', '9700.00', '25000.00', '19500.00', '19500.00', '19500.00', '19500.00', '19500.00', '19500.00', '9700.00', '9700.00', '19500.00', '19500.00'),
(73, '2026-01-20', '15200.00', '13450.00', '13450.00', '13450.00', '13450.00', '13450.00', '13450.00', '0.00', '0.00', '0.00', '0.00', '0.00', '0.00', '0.00', '13450.00', '13450.00', '0.00', '0.00'),
(74, '2026-01-23', '6800.00', '11300.00', '11300.00', '11300.00', '11300.00', '11300.00', '11300.00', '4350.00', '3900.00', '3900.00', '3900.00', '3900.00', '3900.00', '3900.00', '11300.00', '11300.00', '3900.00', '3900.00'),
(75, '2026-01-24', '43675.00', '32200.00', '32200.00', '32200.00', '32200.00', '32200.00', '32200.00', '0.00', '0.00', '0.00', '0.00', '0.00', '0.00', '0.00', '32200.00', '32200.00', '0.00', '0.00'),
(77, '2026-01-25', '19500.00', '14100.00', '14100.00', '14100.00', '14100.00', '14100.00', '14100.00', '0.00', '0.00', '0.00', '0.00', '0.00', '0.00', '0.00', '14100.00', '14100.00', '0.00', '0.00'),
(78, '2026-01-26', '6600.00', '5400.00', '5700.00', '5550.00', '5700.00', '5550.00', '5700.00', '0.00', '0.00', '0.00', '0.00', '0.00', '0.00', '0.00', '5550.00', '5550.00', '0.00', '0.00'),
(79, '2026-01-27', '131500.00', '119850.00', '119850.00', '119850.00', '119850.00', '119850.00', '119850.00', '44200.00', '39900.00', '39900.00', '39900.00', '39900.00', '39900.00', '39900.00', '119850.00', '119850.00', '39900.00', '39900.00'),
(81, '2026-01-29', '411500.00', '338450.00', '338450.00', '338450.00', '338450.00', '338450.00', '338450.00', '0.00', '0.00', '0.00', '0.00', '0.00', '0.00', '0.00', '338450.00', '338450.00', '0.00', '0.00'),
(86, '2026-02-02', '12000.00', '0.00', '0.00', '0.00', '0.00', '0.00', '0.00', '0.00', '0.00', '0.00', '0.00', '0.00', '0.00', '0.00', '0.00', '0.00', '0.00', '0.00'),
(87, '2026-02-05', '27950.00', '20850.00', '20850.00', '20850.00', '20850.00', '20850.00', '20850.00', '133500.00', '85500.00', '85500.00', '85500.00', '85500.00', '85500.00', '85500.00', '20850.00', '20850.00', '85500.00', '85500.00'),
(88, '2026-02-07', '195700.00', '166750.00', '166750.00', '166750.00', '166750.00', '166750.00', '166750.00', '0.00', '0.00', '0.00', '0.00', '0.00', '0.00', '0.00', '166750.00', '166750.00', '0.00', '0.00'),
(90, '2026-02-09', '182550.00', '148350.00', '148350.00', '148350.00', '148350.00', '148350.00', '148350.00', '0.00', '0.00', '0.00', '0.00', '0.00', '0.00', '0.00', '148350.00', '148350.00', '0.00', '0.00'),
(95, '2026-02-11', '16600.00', '14500.00', '14500.00', '14500.00', '14500.00', '14500.00', '14500.00', '0.00', '0.00', '0.00', '0.00', '0.00', '0.00', '0.00', '14500.00', '14500.00', '0.00', '0.00'),
(96, '2026-02-12', '27950.00', '27450.00', '27450.00', '27450.00', '27450.00', '27450.00', '27450.00', '0.00', '0.00', '0.00', '0.00', '0.00', '0.00', '0.00', '27450.00', '27450.00', '0.00', '0.00'),
(97, '2026-02-14', '4900.00', '4660.00', '4660.00', '4660.00', '4660.00', '4660.00', '4660.00', '0.00', '0.00', '0.00', '0.00', '0.00', '0.00', '0.00', '4660.00', '4660.00', '0.00', '0.00'),
(100, '2026-02-18', '4300.00', '4150.00', '4150.00', '4150.00', '4150.00', '4150.00', '4150.00', '0.00', '0.00', '0.00', '0.00', '0.00', '0.00', '0.00', '4150.00', '4150.00', '0.00', '0.00'),
(103, '2026-02-21', '145000.00', '132500.00', '132500.00', '132500.00', '132500.00', '132500.00', '132500.00', '0.00', '0.00', '0.00', '0.00', '0.00', '0.00', '0.00', '132500.00', '132500.00', '0.00', '0.00'),
(104, '2026-02-22', '187000.00', '148950.00', '148950.00', '148950.00', '148950.00', '148950.00', '148950.00', '0.00', '0.00', '0.00', '0.00', '0.00', '0.00', '0.00', '148950.00', '148950.00', '0.00', '0.00'),
(106, '2026-02-23', '6600.00', '7650.00', '7650.00', '7650.00', '7650.00', '7650.00', '7650.00', '0.00', '0.00', '0.00', '0.00', '0.00', '0.00', '0.00', '7650.00', '7650.00', '0.00', '0.00'),
(108, '2026-02-26', '15350.00', '21550.00', '21550.00', '21550.00', '21550.00', '21550.00', '21550.00', '0.00', '0.00', '0.00', '0.00', '0.00', '0.00', '0.00', '21550.00', '21550.00', '0.00', '0.00'),
(113, '2026-02-27', '9050.00', '5750.00', '5750.00', '5750.00', '5750.00', '5750.00', '5750.00', '0.00', '0.00', '0.00', '0.00', '0.00', '0.00', '0.00', '5750.00', '5750.00', '0.00', '0.00'),
(114, '2026-03-01', '285700.00', '269100.00', '269100.00', '269100.00', '269100.00', '269100.00', '269100.00', '0.00', '0.00', '0.00', '0.00', '0.00', '0.00', '0.00', '269100.00', '269100.00', '0.00', '0.00'),
(115, '2026-03-02', '381225.00', '322100.00', '322100.00', '322100.00', '322100.00', '322100.00', '322100.00', '0.00', '0.00', '0.00', '0.00', '0.00', '0.00', '0.00', '322100.00', '322100.00', '0.00', '0.00'),
(118, '2026-03-03', '113400.00', '96400.00', '96400.00', '96400.00', '96400.00', '96400.00', '96400.00', '0.00', '0.00', '0.00', '0.00', '0.00', '0.00', '0.00', '96400.00', '96400.00', '0.00', '0.00'),
(121, '2026-03-04', '76100.00', '62750.00', '62750.00', '62750.00', '62750.00', '62750.00', '62750.00', '0.00', '0.00', '0.00', '0.00', '0.00', '0.00', '0.00', '62750.00', '62750.00', '0.00', '0.00'),
(122, '2026-03-09', '13050.00', '11700.00', '11700.00', '11700.00', '11700.00', '11700.00', '11700.00', '53700.00', '38100.00', '38350.00', '38225.00', '38350.00', '38225.00', '38350.00', '11700.00', '11700.00', '38225.00', '38225.00'),
(124, '2026-03-10', '27000.00', '17000.00', '17000.00', '17000.00', '17000.00', '17000.00', '17000.00', '0.00', '0.00', '0.00', '0.00', '0.00', '0.00', '0.00', '17000.00', '17000.00', '0.00', '0.00'),
(125, '2026-03-12', '17300.00', '7950.00', '7950.00', '7950.00', '7950.00', '7950.00', '7950.00', '0.00', '0.00', '0.00', '0.00', '0.00', '0.00', '0.00', '7950.00', '7950.00', '0.00', '0.00'),
(128, '2026-03-15', '0.00', '0.00', '0.00', '0.00', '0.00', '0.00', '0.00', '178200.00', '153950.00', '153950.00', '153950.00', '153950.00', '153950.00', '153950.00', '0.00', '0.00', '153950.00', '153950.00'),
(129, '2026-03-17', '25600.00', '22750.00', '22750.00', '22750.00', '22750.00', '22750.00', '22750.00', '0.00', '0.00', '0.00', '0.00', '0.00', '0.00', '0.00', '22750.00', '22750.00', '0.00', '0.00'),
(130, '2026-03-21', '0.00', '128650.00', '128650.00', '128650.00', '128650.00', '128650.00', '128650.00', '0.00', '0.00', '0.00', '0.00', '0.00', '0.00', '0.00', '128650.00', '128650.00', '0.00', '0.00'),
(131, '2026-03-24', '58800.00', '42400.00', '42400.00', '42400.00', '42400.00', '42400.00', '42400.00', '0.00', '0.00', '0.00', '0.00', '0.00', '0.00', '0.00', '42400.00', '42400.00', '0.00', '0.00'),
(132, '2026-03-26', '165000.00', '142500.00', '142500.00', '142500.00', '142500.00', '142500.00', '142500.00', '0.00', '0.00', '0.00', '0.00', '0.00', '0.00', '0.00', '142500.00', '142500.00', '0.00', '0.00'),
(133, '2026-03-30', '44050.00', '43100.00', '43150.00', '43125.00', '43150.00', '43125.00', '43150.00', '0.00', '0.00', '0.00', '0.00', '0.00', '0.00', '0.00', '43125.00', '43125.00', '0.00', '0.00'),
(134, '2026-04-01', '24000.00', '18000.00', '19000.00', '18500.00', '19000.00', '18500.00', '19000.00', '0.00', '0.00', '0.00', '0.00', '0.00', '0.00', '0.00', '18500.00', '18500.00', '0.00', '0.00'),
(135, '2026-04-05', '77300.00', '60480.00', '60480.00', '60480.00', '60480.00', '60480.00', '60480.00', '0.00', '0.00', '0.00', '0.00', '0.00', '0.00', '0.00', '60480.00', '60480.00', '0.00', '0.00'),
(137, '2026-04-07', '6500.00', '4250.00', '4250.00', '4250.00', '4250.00', '4250.00', '4250.00', '0.00', '0.00', '0.00', '0.00', '0.00', '0.00', '0.00', '4250.00', '4250.00', '0.00', '0.00'),
(138, '2026-04-11', '4350.00', '3900.00', '3900.00', '3900.00', '3900.00', '3900.00', '3900.00', '0.00', '0.00', '0.00', '0.00', '0.00', '0.00', '0.00', '3900.00', '3900.00', '0.00', '0.00'),
(139, '2026-04-12', '183550.00', '153950.00', '153950.00', '153950.00', '153950.00', '153950.00', '153950.00', '0.00', '0.00', '0.00', '0.00', '0.00', '0.00', '0.00', '153950.00', '153950.00', '0.00', '0.00'),
(140, '2026-04-14', '375000.00', '285000.00', '285000.00', '285000.00', '285000.00', '285000.00', '285000.00', '0.00', '0.00', '0.00', '0.00', '0.00', '0.00', '0.00', '285000.00', '285000.00', '0.00', '0.00'),
(141, '2026-04-15', '10000.00', '8300.00', '8300.00', '8300.00', '8300.00', '8300.00', '8300.00', '0.00', '0.00', '0.00', '0.00', '0.00', '0.00', '0.00', '8300.00', '8300.00', '0.00', '0.00'),
(142, '2026-04-16', '256765.00', '178450.00', '178450.00', '178450.00', '178450.00', '178450.00', '178450.00', '0.00', '0.00', '0.00', '0.00', '0.00', '0.00', '0.00', '178450.00', '178450.00', '0.00', '0.00'),
(148, '2026-04-17', '64500.00', '50800.00', '50800.00', '50800.00', '50800.00', '50800.00', '50800.00', '0.00', '0.00', '0.00', '0.00', '0.00', '0.00', '0.00', '50800.00', '50800.00', '0.00', '0.00'),
(151, '2026-04-19', '290500.00', '228650.00', '228650.00', '228650.00', '228650.00', '228650.00', '228650.00', '5300.00', '4480.00', '4480.00', '4480.00', '4480.00', '4480.00', '4480.00', '228650.00', '228650.00', '4480.00', '4480.00'),
(152, '2026-04-23', '64700.00', '20400.00', '20400.00', '20400.00', '20400.00', '20400.00', '20400.00', '0.00', '0.00', '0.00', '0.00', '0.00', '0.00', '0.00', '20400.00', '20400.00', '0.00', '0.00'),
(153, '2026-04-24', '34800.00', '28680.00', '28680.00', '28680.00', '28680.00', '28680.00', '28680.00', '0.00', '0.00', '0.00', '0.00', '0.00', '0.00', '0.00', '28680.00', '28680.00', '0.00', '0.00'),
(154, '2026-04-26', '177600.00', '139520.00', '139520.00', '139520.00', '139520.00', '139520.00', '139520.00', '0.00', '0.00', '0.00', '0.00', '0.00', '0.00', '0.00', '139520.00', '139520.00', '0.00', '0.00'),
(155, '2026-04-27', '82800.00', '29600.00', '29600.00', '29600.00', '29600.00', '29600.00', '29600.00', '0.00', '0.00', '0.00', '0.00', '0.00', '0.00', '0.00', '29600.00', '29600.00', '0.00', '0.00'),
(156, '2026-04-28', '146500.00', '104210.00', '104210.00', '104210.00', '104210.00', '104210.00', '104210.00', '0.00', '0.00', '0.00', '0.00', '0.00', '0.00', '0.00', '104210.00', '104210.00', '0.00', '0.00'),
(157, '2026-04-29', '5900.00', '4660.00', '4660.00', '4660.00', '4660.00', '4660.00', '4660.00', '0.00', '0.00', '0.00', '0.00', '0.00', '0.00', '0.00', '4660.00', '4660.00', '0.00', '0.00'),
(158, '2026-05-04', '10400.00', '8800.00', '8800.00', '8800.00', '8800.00', '8800.00', '8800.00', '0.00', '0.00', '0.00', '0.00', '0.00', '0.00', '0.00', '8800.00', '8800.00', '0.00', '0.00'),
(159, '2026-05-05', '51700.00', '26400.00', '26400.00', '26400.00', '26400.00', '26400.00', '26400.00', '0.00', '0.00', '0.00', '0.00', '0.00', '0.00', '0.00', '26400.00', '26400.00', '0.00', '0.00'),
(160, '2026-05-06', '31650.00', '18020.00', '18020.00', '18020.00', '18020.00', '18020.00', '18020.00', '0.00', '0.00', '0.00', '0.00', '0.00', '0.00', '0.00', '18020.00', '18020.00', '0.00', '0.00'),
(164, '2026-05-09', '47150.00', '35850.00', '36200.00', '36025.00', '36200.00', '36025.00', '36200.00', '2800.00', '2000.00', '2000.00', '2000.00', '2000.00', '2000.00', '2000.00', '36025.00', '36025.00', '2000.00', '2000.00'),
(166, '2026-05-12', '374600.00', '278820.00', '278820.00', '278820.00', '278820.00', '278820.00', '278820.00', '0.00', '0.00', '0.00', '0.00', '0.00', '0.00', '0.00', '278820.00', '278820.00', '0.00', '0.00'),
(170, '2026-05-13', '98500.00', '86800.00', '86800.00', '86800.00', '86800.00', '86800.00', '86800.00', '0.00', '0.00', '0.00', '0.00', '0.00', '0.00', '0.00', '86800.00', '86800.00', '0.00', '0.00'),
(171, '2026-05-14', '40300.00', '31400.00', '31400.00', '31400.00', '31400.00', '31400.00', '31400.00', '0.00', '0.00', '0.00', '0.00', '0.00', '0.00', '0.00', '31400.00', '31400.00', '0.00', '0.00'),
(173, '2026-05-18', '126750.00', '79250.00', '79250.00', '79250.00', '79250.00', '79250.00', '79250.00', '0.00', '0.00', '0.00', '0.00', '0.00', '0.00', '0.00', '79250.00', '79250.00', '0.00', '0.00'),
(174, '2026-05-19', '136750.00', '107260.00', '107260.00', '107260.00', '107260.00', '107260.00', '107260.00', '0.00', '0.00', '0.00', '0.00', '0.00', '0.00', '0.00', '107260.00', '107260.00', '0.00', '0.00'),
(178, '2026-05-20', '547700.00', '375600.00', '375600.00', '375600.00', '375600.00', '375600.00', '375600.00', '0.00', '0.00', '0.00', '0.00', '0.00', '0.00', '0.00', '375600.00', '375600.00', '0.00', '0.00'),
(180, '2026-05-21', '480450.00', '400000.00', '400000.00', '400000.00', '400000.00', '400000.00', '400000.00', '4800.00', '4300.00', '4300.00', '4300.00', '4300.00', '4300.00', '4300.00', '400000.00', '400000.00', '4300.00', '4300.00'),
(184, '2026-05-23', '54500.00', '39600.00', '39600.00', '39600.00', '39600.00', '39600.00', '39600.00', '0.00', '0.00', '0.00', '0.00', '0.00', '0.00', '0.00', '39600.00', '39600.00', '0.00', '0.00'),
(185, '2026-05-24', '342000.00', '216100.00', '216100.00', '216100.00', '216100.00', '216100.00', '216100.00', '0.00', '0.00', '0.00', '0.00', '0.00', '0.00', '0.00', '216100.00', '216100.00', '0.00', '0.00'),
(186, '2026-05-25', '5350.00', '4650.00', '4650.00', '4650.00', '4650.00', '4650.00', '4650.00', '0.00', '0.00', '0.00', '0.00', '0.00', '0.00', '0.00', '4650.00', '4650.00', '0.00', '0.00'),
(187, '2026-05-30', '19150.00', '14450.00', '14450.00', '14450.00', '14450.00', '14450.00', '14450.00', '0.00', '0.00', '0.00', '0.00', '0.00', '0.00', '0.00', '14450.00', '14450.00', '0.00', '0.00'),
(192, '2026-05-31', '173500.00', '142500.00', '142500.00', '142500.00', '142500.00', '142500.00', '142500.00', '0.00', '0.00', '0.00', '0.00', '0.00', '0.00', '0.00', '142500.00', '142500.00', '0.00', '0.00'),
(195, '2026-06-01', '29000.00', '27700.00', '27700.00', '27700.00', '27700.00', '27700.00', '27700.00', '0.00', '0.00', '0.00', '0.00', '0.00', '0.00', '0.00', '27700.00', '27700.00', '0.00', '0.00'),
(196, '2026-06-04', '282800.00', '196950.00', '197050.00', '197000.00', '197050.00', '197000.00', '197050.00', '0.00', '0.00', '0.00', '0.00', '0.00', '0.00', '0.00', '197000.00', '197000.00', '0.00', '0.00'),
(197, '2026-06-05', '76550.00', '66250.00', '66250.00', '66250.00', '66250.00', '66250.00', '66250.00', '0.00', '0.00', '0.00', '0.00', '0.00', '0.00', '0.00', '66250.00', '66250.00', '0.00', '0.00'),
(198, '2026-06-06', '122700.00', '84050.00', '84050.00', '84050.00', '84050.00', '84050.00', '84050.00', '8800.00', '3900.00', '3900.00', '3900.00', '3900.00', '3900.00', '3900.00', '84050.00', '84050.00', '3900.00', '3900.00'),
(202, '2026-06-07', '142500.00', '77100.00', '77100.00', '77100.00', '77100.00', '77100.00', '77100.00', '0.00', '0.00', '0.00', '0.00', '0.00', '0.00', '0.00', '77100.00', '77100.00', '0.00', '0.00'),
(204, '2026-06-08', '172500.00', '129000.00', '129000.00', '129000.00', '129000.00', '129000.00', '129000.00', '0.00', '0.00', '0.00', '0.00', '0.00', '0.00', '0.00', '129000.00', '129000.00', '0.00', '0.00'),
(205, '2026-06-09', '172750.00', '117800.00', '117800.00', '117800.00', '117800.00', '117800.00', '117800.00', '0.00', '0.00', '0.00', '0.00', '0.00', '0.00', '0.00', '117800.00', '117800.00', '0.00', '0.00'),
(206, '2026-06-10', '49600.00', '39500.00', '39500.00', '39500.00', '39500.00', '39500.00', '39500.00', '0.00', '0.00', '0.00', '0.00', '0.00', '0.00', '0.00', '39500.00', '39500.00', '0.00', '0.00'),
(207, '2026-06-11', '0.00', '0.00', '0.00', '0.00', '0.00', '0.00', '0.00', '5200.00', '4400.00', '4400.00', '4400.00', '4400.00', '4400.00', '4400.00', '0.00', '0.00', '4400.00', '4400.00'),
(208, '2026-06-13', '69400.00', '58300.00', '58300.00', '58300.00', '58300.00', '58300.00', '58300.00', '0.00', '0.00', '0.00', '0.00', '0.00', '0.00', '0.00', '58300.00', '58300.00', '0.00', '0.00'),
(209, '2026-06-16', '0.00', '0.00', '0.00', '0.00', '0.00', '0.00', '0.00', '3050.00', '2650.00', '2650.00', '2650.00', '2650.00', '2650.00', '2650.00', '0.00', '0.00', '2650.00', '2650.00'),
(210, '2026-06-17', '277000.00', '246000.00', '246000.00', '246000.00', '246000.00', '246000.00', '245998.00', '0.00', '0.00', '0.00', '0.00', '0.00', '0.00', '0.00', '246000.00', '246000.00', '0.00', '0.00'),
(211, '2026-06-20', '358100.00', '235950.00', '235950.00', '235950.00', '235950.00', '235950.00', '235950.00', '0.00', '0.00', '0.00', '0.00', '0.00', '0.00', '0.00', '235950.00', '235950.00', '0.00', '0.00'),
(212, '2026-06-21', '148500.00', '127500.00', '127500.00', '127500.00', '127500.00', '127500.00', '127500.00', '0.00', '0.00', '0.00', '0.00', '0.00', '0.00', '0.00', '127500.00', '127500.00', '0.00', '0.00');

-- --------------------------------------------------------

--
-- Table structure for table `quickprofitgeneral`
--

CREATE TABLE IF NOT EXISTS `quickprofitgeneral` (
  `id` int(11) NOT NULL AUTO_INCREMENT,
  `netSellVal` decimal(15,2) NOT NULL,
  `netSellCostBuyPrice` decimal(15,2) NOT NULL,
  `netSellCostLastBuyPrice` decimal(15,2) NOT NULL,
  `netSellCostMeanBuyPrice` decimal(15,2) NOT NULL,
  `netSellCostLastBuyPricewithDiscount` decimal(15,2) NOT NULL,
  `netSellCostMeanBuyPricewithDiscount` decimal(15,2) NOT NULL,
  `netSellCostOverAllAveragePrice` decimal(15,2) NOT NULL,
  `netSellCostLastBuyPricewithTax` decimal(15,2) NOT NULL,
  `netSellCostMeanBuyPricewithTax` decimal(15,2) NOT NULL,
  PRIMARY KEY (`id`)
) ENGINE=InnoDB  DEFAULT CHARSET=latin1 AUTO_INCREMENT=2 ;

--
-- Dumping data for table `quickprofitgeneral`
--

INSERT INTO `quickprofitgeneral` (`id`, `netSellVal`, `netSellCostBuyPrice`, `netSellCostLastBuyPrice`, `netSellCostMeanBuyPrice`, `netSellCostLastBuyPricewithDiscount`, `netSellCostMeanBuyPricewithDiscount`, `netSellCostOverAllAveragePrice`, `netSellCostLastBuyPricewithTax`, `netSellCostMeanBuyPricewithTax`) VALUES
(1, '21404219.00', '17866720.00', '17909070.00', '17887895.00', '17909070.00', '17887895.00', '17909068.00', '17887895.00', '17887895.00');

-- --------------------------------------------------------

--
-- Table structure for table `quickprofitproduct`
--

CREATE TABLE IF NOT EXISTS `quickprofitproduct` (
  `id` int(11) NOT NULL AUTO_INCREMENT,
  `productId` int(11) NOT NULL,
  `theDate` date NOT NULL,
  `sellVal` decimal(15,2) NOT NULL,
  `sellCostBuyPrice` decimal(15,2) NOT NULL,
  `sellCostLastBuyPrice` decimal(15,2) NOT NULL,
  `sellCostMeanBuyPrice` decimal(15,2) NOT NULL,
  `sellCostLastBuyPricewithDiscount` decimal(15,2) NOT NULL,
  `sellCostMeanBuyPricewithDiscount` decimal(15,2) NOT NULL,
  `sellCostOverAllAveragePrice` decimal(15,2) NOT NULL,
  `returnSellVal` decimal(15,2) NOT NULL,
  `returnSellCostBuyPrice` decimal(15,2) NOT NULL,
  `returnSellCostLastBuyPrice` decimal(15,2) NOT NULL,
  `returnSellCostMeanBuyPrice` decimal(15,2) NOT NULL,
  `returnSellCostLastBuyPricewithDiscount` decimal(15,2) NOT NULL,
  `returnSellCostMeanBuyPricewithDiscount` decimal(15,2) NOT NULL,
  `returnSellCostOverAllAveragePrice` decimal(15,2) NOT NULL,
  `netQuantity` decimal(10,2) NOT NULL,
  `netQuantityRet` decimal(10,2) NOT NULL,
  `sellCostLastBuyPricewithTax` decimal(15,2) NOT NULL,
  `sellCostMeanBuyPricewithTax` decimal(15,2) NOT NULL,
  `returnSellCostLastBuyPricewithTax` decimal(15,2) NOT NULL,
  `returnSellCostMeanBuyPricewithTax` decimal(15,2) NOT NULL,
  PRIMARY KEY (`id`),
  UNIQUE KEY `uq_quickprofitproduct` (`productId`,`theDate`)
) ENGINE=InnoDB  DEFAULT CHARSET=latin1 AUTO_INCREMENT=785 ;

--
-- Dumping data for table `quickprofitproduct`
--

INSERT INTO `quickprofitproduct` (`id`, `productId`, `theDate`, `sellVal`, `sellCostBuyPrice`, `sellCostLastBuyPrice`, `sellCostMeanBuyPrice`, `sellCostLastBuyPricewithDiscount`, `sellCostMeanBuyPricewithDiscount`, `sellCostOverAllAveragePrice`, `returnSellVal`, `returnSellCostBuyPrice`, `returnSellCostLastBuyPrice`, `returnSellCostMeanBuyPrice`, `returnSellCostLastBuyPricewithDiscount`, `returnSellCostMeanBuyPricewithDiscount`, `returnSellCostOverAllAveragePrice`, `netQuantity`, `netQuantityRet`, `sellCostLastBuyPricewithTax`, `sellCostMeanBuyPricewithTax`, `returnSellCostLastBuyPricewithTax`, `returnSellCostMeanBuyPricewithTax`) VALUES
(1, 3, '2025-12-29', '289797.86', '238500.00', '251750.00', '245125.00', '251750.00', '245125.00', '251750.00', '0.00', '0.00', '0.00', '0.00', '0.00', '0.00', '0.00', '265.00', '0.00', '245125.00', '245125.00', '0.00', '0.00'),
(2, 2, '2025-12-29', '2948804.55', '2657600.00', '2657600.00', '2657600.00', '2657600.00', '2657600.00', '2657600.00', '0.00', '0.00', '0.00', '0.00', '0.00', '0.00', '0.00', '1208.00', '0.00', '2657600.00', '2657600.00', '0.00', '0.00'),
(10, 5, '2025-12-29', '98247.59', '80750.00', '80750.00', '80750.00', '80750.00', '80750.00', '80750.00', '0.00', '0.00', '0.00', '0.00', '0.00', '0.00', '0.00', '85.00', '0.00', '80750.00', '80750.00', '0.00', '0.00'),
(11, 7, '2025-12-29', '1204050.00', '1115650.00', '1115650.00', '1115650.00', '1115650.00', '1115650.00', '1115650.00', '0.00', '0.00', '0.00', '0.00', '0.00', '0.00', '0.00', '421.00', '0.00', '1115650.00', '1115650.00', '0.00', '0.00'),
(17, 31, '2025-12-29', '77400.00', '50150.00', '50150.00', '50150.00', '50150.00', '50150.00', '50150.00', '0.00', '0.00', '0.00', '0.00', '0.00', '0.00', '0.00', '59.00', '0.00', '50150.00', '50150.00', '0.00', '0.00'),
(18, 32, '2025-12-29', '27700.00', '16250.00', '16250.00', '16250.00', '16250.00', '16250.00', '16250.00', '0.00', '0.00', '0.00', '0.00', '0.00', '0.00', '0.00', '65.00', '0.00', '16250.00', '16250.00', '0.00', '0.00'),
(19, 8, '2025-12-29', '292700.00', '262500.00', '262500.00', '262500.00', '262500.00', '262500.00', '262500.00', '0.00', '0.00', '0.00', '0.00', '0.00', '0.00', '0.00', '75.00', '0.00', '262500.00', '262500.00', '0.00', '0.00'),
(20, 9, '2025-12-29', '200500.00', '179400.00', '179400.00', '179400.00', '179400.00', '179400.00', '179400.00', '0.00', '0.00', '0.00', '0.00', '0.00', '0.00', '0.00', '46.00', '0.00', '179400.00', '179400.00', '0.00', '0.00'),
(21, 10, '2025-12-29', '126150.00', '113100.00', '113100.00', '113100.00', '113100.00', '113100.00', '113100.00', '0.00', '0.00', '0.00', '0.00', '0.00', '0.00', '0.00', '29.00', '0.00', '113100.00', '113100.00', '0.00', '0.00'),
(22, 21, '2025-12-29', '199500.00', '161000.00', '161000.00', '161000.00', '161000.00', '161000.00', '161000.00', '0.00', '0.00', '0.00', '0.00', '0.00', '0.00', '0.00', '70.00', '0.00', '161000.00', '161000.00', '0.00', '0.00'),
(23, 15, '2025-12-29', '45800.00', '43000.00', '43000.00', '43000.00', '43000.00', '43000.00', '43000.00', '0.00', '0.00', '0.00', '0.00', '0.00', '0.00', '0.00', '20.00', '0.00', '43000.00', '43000.00', '0.00', '0.00'),
(24, 17, '2025-12-29', '5100.00', '4700.00', '4700.00', '4700.00', '4700.00', '4700.00', '4700.00', '0.00', '0.00', '0.00', '0.00', '0.00', '0.00', '0.00', '2.00', '0.00', '4700.00', '4700.00', '0.00', '0.00'),
(25, 18, '2025-12-29', '5480.00', '5000.00', '5000.00', '5000.00', '5000.00', '5000.00', '5000.00', '0.00', '0.00', '0.00', '0.00', '0.00', '0.00', '0.00', '2.00', '0.00', '5000.00', '5000.00', '0.00', '0.00'),
(26, 19, '2025-12-29', '17080.00', '15600.00', '15600.00', '15600.00', '15600.00', '15600.00', '15600.00', '0.00', '0.00', '0.00', '0.00', '0.00', '0.00', '0.00', '6.00', '0.00', '15600.00', '15600.00', '0.00', '0.00'),
(27, 20, '2025-12-29', '18200.00', '16500.00', '16500.00', '16500.00', '16500.00', '16500.00', '16500.00', '0.00', '0.00', '0.00', '0.00', '0.00', '0.00', '0.00', '6.00', '0.00', '16500.00', '16500.00', '0.00', '0.00'),
(36, 33, '2025-12-29', '14300.00', '12100.00', '12100.00', '12100.00', '12100.00', '12100.00', '12100.00', '0.00', '0.00', '0.00', '0.00', '0.00', '0.00', '0.00', '11.00', '0.00', '12100.00', '12100.00', '0.00', '0.00'),
(68, 13, '2025-12-29', '116550.00', '104400.00', '104400.00', '104400.00', '104400.00', '104400.00', '104400.00', '0.00', '0.00', '0.00', '0.00', '0.00', '0.00', '0.00', '24.00', '0.00', '104400.00', '104400.00', '0.00', '0.00'),
(70, 16, '2025-12-29', '37800.00', '35250.00', '35250.00', '35250.00', '35250.00', '35250.00', '35250.00', '0.00', '0.00', '0.00', '0.00', '0.00', '0.00', '0.00', '15.00', '0.00', '35250.00', '35250.00', '0.00', '0.00'),
(76, 23, '2025-12-29', '70000.00', '50960.00', '50960.00', '50960.00', '50960.00', '50960.00', '50960.00', '0.00', '0.00', '0.00', '0.00', '0.00', '0.00', '0.00', '28.00', '0.00', '50960.00', '50960.00', '0.00', '0.00'),
(77, 25, '2025-12-29', '192400.00', '148000.00', '148000.00', '148000.00', '148000.00', '148000.00', '148000.00', '0.00', '0.00', '0.00', '0.00', '0.00', '0.00', '0.00', '74.00', '0.00', '148000.00', '148000.00', '0.00', '0.00'),
(79, 24, '2025-12-29', '48000.00', '38700.00', '38700.00', '38700.00', '38700.00', '38700.00', '38700.00', '0.00', '0.00', '0.00', '0.00', '0.00', '0.00', '0.00', '18.00', '0.00', '38700.00', '38700.00', '0.00', '0.00'),
(101, 14, '2025-12-29', '88200.00', '81200.00', '81200.00', '81200.00', '81200.00', '81200.00', '81200.00', '0.00', '0.00', '0.00', '0.00', '0.00', '0.00', '0.00', '14.00', '0.00', '81200.00', '81200.00', '0.00', '0.00'),
(103, 11, '2025-12-29', '358600.00', '321200.00', '321200.00', '321200.00', '321200.00', '321200.00', '321200.00', '0.00', '0.00', '0.00', '0.00', '0.00', '0.00', '0.00', '73.00', '0.00', '321200.00', '321200.00', '0.00', '0.00'),
(104, 12, '2025-12-29', '148800.00', '134850.00', '134850.00', '134850.00', '134850.00', '134850.00', '134850.00', '0.00', '0.00', '0.00', '0.00', '0.00', '0.00', '0.00', '29.00', '0.00', '134850.00', '134850.00', '0.00', '0.00'),
(177, 4, '2025-12-29', '220000.00', '180000.00', '190000.00', '185000.00', '190000.00', '185000.00', '190000.00', '0.00', '0.00', '0.00', '0.00', '0.00', '0.00', '0.00', '200.00', '0.00', '185000.00', '185000.00', '0.00', '0.00'),
(178, 31, '2025-12-30', '162956.16', '107950.00', '107950.00', '107950.00', '107950.00', '107950.00', '107950.00', '7000.00', '4250.00', '4250.00', '4250.00', '4250.00', '4250.00', '4250.00', '127.00', '5.00', '107950.00', '107950.00', '4250.00', '4250.00'),
(179, 15, '2025-12-30', '139115.00', '129000.00', '129000.00', '129000.00', '129000.00', '129000.00', '129000.00', '19060.00', '17200.00', '17200.00', '17200.00', '17200.00', '17200.00', '17200.00', '60.00', '8.00', '129000.00', '129000.00', '17200.00', '17200.00'),
(180, 16, '2025-12-30', '142849.02', '126900.00', '126900.00', '126900.00', '126900.00', '126900.00', '126900.00', '7890.00', '7050.00', '7050.00', '7050.00', '7050.00', '7050.00', '7050.00', '54.00', '3.00', '126900.00', '126900.00', '7050.00', '7050.00'),
(181, 32, '2025-12-30', '30550.00', '18250.00', '18250.00', '18250.00', '18250.00', '18250.00', '18250.00', '0.00', '0.00', '0.00', '0.00', '0.00', '0.00', '0.00', '73.00', '0.00', '18250.00', '18250.00', '0.00', '0.00'),
(182, 8, '2025-12-30', '246854.37', '224000.00', '224000.00', '224000.00', '224000.00', '224000.00', '224000.00', '4000.00', '3500.00', '3500.00', '3500.00', '3500.00', '3500.00', '3500.00', '64.00', '1.00', '224000.00', '224000.00', '3500.00', '3500.00'),
(183, 9, '2025-12-30', '193591.99', '179400.00', '179400.00', '179400.00', '179400.00', '179400.00', '179400.00', '4400.00', '3900.00', '3900.00', '3900.00', '3900.00', '3900.00', '3900.00', '46.00', '1.00', '179400.00', '179400.00', '3900.00', '3900.00'),
(184, 10, '2025-12-30', '171591.99', '159900.00', '159900.00', '159900.00', '159900.00', '159900.00', '159900.00', '4400.00', '3900.00', '3900.00', '3900.00', '3900.00', '3900.00', '3900.00', '41.00', '1.00', '159900.00', '159900.00', '3900.00', '3900.00'),
(186, 4, '2025-12-30', '340000.00', '288000.00', '304000.00', '296000.00', '304000.00', '296000.00', '304000.00', '0.00', '0.00', '0.00', '0.00', '0.00', '0.00', '0.00', '320.00', '0.00', '296000.00', '296000.00', '0.00', '0.00'),
(187, 5, '2025-12-30', '97870.55', '82650.00', '82650.00', '82650.00', '82650.00', '82650.00', '82650.00', '8100.00', '5700.00', '5700.00', '5700.00', '5700.00', '5700.00', '5700.00', '87.00', '6.00', '82650.00', '82650.00', '5700.00', '5700.00'),
(196, 7, '2025-12-30', '414000.00', '373650.00', '373650.00', '373650.00', '373650.00', '373650.00', '373650.00', '0.00', '0.00', '0.00', '0.00', '0.00', '0.00', '0.00', '141.00', '0.00', '373650.00', '373650.00', '0.00', '0.00'),
(199, 3, '2025-12-30', '41145.89', '33300.00', '35150.00', '34225.00', '35150.00', '34225.00', '35150.00', '7200.00', '5400.00', '5700.00', '5550.00', '5700.00', '5550.00', '5700.00', '37.00', '6.00', '34225.00', '34225.00', '5550.00', '5550.00'),
(204, 14, '2025-12-30', '263937.54', '249400.00', '249400.00', '249400.00', '249400.00', '249400.00', '249400.00', '0.00', '0.00', '0.00', '0.00', '0.00', '0.00', '0.00', '43.00', '0.00', '249400.00', '249400.00', '0.00', '0.00'),
(205, 13, '2025-12-30', '77475.40', '73950.00', '73950.00', '73950.00', '73950.00', '73950.00', '73950.00', '0.00', '0.00', '0.00', '0.00', '0.00', '0.00', '0.00', '17.00', '0.00', '73950.00', '73950.00', '0.00', '0.00'),
(206, 11, '2025-12-30', '232372.86', '211200.00', '211200.00', '211200.00', '211200.00', '211200.00', '211200.00', '0.00', '0.00', '0.00', '0.00', '0.00', '0.00', '0.00', '48.00', '0.00', '211200.00', '211200.00', '0.00', '0.00'),
(212, 2, '2025-12-30', '57078.77', '50600.00', '50600.00', '50600.00', '50600.00', '50600.00', '50600.00', '13000.00', '11000.00', '11000.00', '11000.00', '11000.00', '11000.00', '11000.00', '23.00', '5.00', '50600.00', '50600.00', '11000.00', '11000.00'),
(215, 23, '2025-12-30', '685062.12', '529620.00', '529620.00', '529620.00', '529620.00', '529620.00', '529620.00', '0.00', '0.00', '0.00', '0.00', '0.00', '0.00', '0.00', '291.00', '0.00', '529620.00', '529620.00', '0.00', '0.00'),
(217, 24, '2025-12-30', '284987.47', '240800.00', '240800.00', '240800.00', '240800.00', '240800.00', '240800.00', '2600.00', '2150.00', '2150.00', '2150.00', '2150.00', '2150.00', '2150.00', '112.00', '1.00', '240800.00', '240800.00', '2150.00', '2150.00'),
(221, 19, '2025-12-30', '455157.78', '405600.00', '405600.00', '405600.00', '405600.00', '405600.00', '405600.00', '11800.00', '10400.00', '10400.00', '10400.00', '10400.00', '10400.00', '10400.00', '156.00', '4.00', '405600.00', '405600.00', '10400.00', '10400.00'),
(228, 17, '2025-12-30', '76138.08', '68150.00', '68150.00', '68150.00', '68150.00', '68150.00', '68150.00', '2550.00', '2350.00', '2350.00', '2350.00', '2350.00', '2350.00', '2350.00', '29.00', '1.00', '68150.00', '68150.00', '2350.00', '2350.00'),
(229, 18, '2025-12-30', '101410.00', '87500.00', '87500.00', '87500.00', '87500.00', '87500.00', '87500.00', '0.00', '0.00', '0.00', '0.00', '0.00', '0.00', '0.00', '35.00', '0.00', '87500.00', '87500.00', '0.00', '0.00'),
(231, 20, '2025-12-30', '225976.71', '200750.00', '200750.00', '200750.00', '200750.00', '200750.00', '200750.00', '6200.00', '5500.00', '5500.00', '5500.00', '5500.00', '5500.00', '5500.00', '73.00', '2.00', '200750.00', '200750.00', '5500.00', '5500.00'),
(232, 21, '2025-12-30', '202000.00', '149500.00', '149500.00', '149500.00', '149500.00', '149500.00', '149500.00', '0.00', '0.00', '0.00', '0.00', '0.00', '0.00', '0.00', '65.00', '0.00', '149500.00', '149500.00', '0.00', '0.00'),
(233, 22, '2025-12-30', '102650.00', '80600.00', '80600.00', '80600.00', '80600.00', '80600.00', '80600.00', '0.00', '0.00', '0.00', '0.00', '0.00', '0.00', '0.00', '31.00', '0.00', '80600.00', '80600.00', '0.00', '0.00'),
(236, 34, '2025-12-30', '500.00', '500.00', '500.00', '500.00', '500.00', '500.00', '500.00', '0.00', '0.00', '0.00', '0.00', '0.00', '0.00', '0.00', '2.00', '0.00', '500.00', '500.00', '0.00', '0.00'),
(237, 35, '2025-12-30', '600.00', '600.00', '600.00', '600.00', '600.00', '600.00', '600.00', '0.00', '0.00', '0.00', '0.00', '0.00', '0.00', '0.00', '2.00', '0.00', '600.00', '600.00', '0.00', '0.00'),
(238, 36, '2025-12-30', '700.00', '700.00', '700.00', '700.00', '700.00', '700.00', '700.00', '0.00', '0.00', '0.00', '0.00', '0.00', '0.00', '0.00', '2.00', '0.00', '700.00', '700.00', '0.00', '0.00'),
(239, 27, '2025-12-30', '526750.00', '391300.00', '391300.00', '391300.00', '391300.00', '391300.00', '391300.00', '0.00', '0.00', '0.00', '0.00', '0.00', '0.00', '0.00', '215.00', '0.00', '391300.00', '391300.00', '0.00', '0.00'),
(240, 28, '2025-12-30', '160650.00', '135450.00', '135450.00', '135450.00', '135450.00', '135450.00', '135450.00', '0.00', '0.00', '0.00', '0.00', '0.00', '0.00', '0.00', '63.00', '0.00', '135450.00', '135450.00', '0.00', '0.00'),
(241, 29, '2025-12-30', '58650.00', '46000.00', '46000.00', '46000.00', '46000.00', '46000.00', '46000.00', '0.00', '0.00', '0.00', '0.00', '0.00', '0.00', '0.00', '23.00', '0.00', '46000.00', '46000.00', '0.00', '0.00'),
(242, 30, '2025-12-30', '79500.00', '69900.00', '69900.00', '69900.00', '69900.00', '69900.00', '69900.00', '0.00', '0.00', '0.00', '0.00', '0.00', '0.00', '0.00', '30.00', '0.00', '69900.00', '69900.00', '0.00', '0.00'),
(253, 12, '2025-12-30', '164380.69', '153450.00', '153450.00', '153450.00', '153450.00', '153450.00', '153450.00', '0.00', '0.00', '0.00', '0.00', '0.00', '0.00', '0.00', '33.00', '0.00', '153450.00', '153450.00', '0.00', '0.00'),
(262, 25, '2025-12-30', '836091.63', '708000.00', '708000.00', '708000.00', '708000.00', '708000.00', '708000.00', '0.00', '0.00', '0.00', '0.00', '0.00', '0.00', '0.00', '354.00', '0.00', '708000.00', '708000.00', '0.00', '0.00'),
(312, 26, '2025-12-30', '59400.00', '51260.00', '51260.00', '51260.00', '51260.00', '51260.00', '51260.00', '0.00', '0.00', '0.00', '0.00', '0.00', '0.00', '0.00', '22.00', '0.00', '51260.00', '51260.00', '0.00', '0.00'),
(313, 12, '2026-01-06', '5200.00', '4650.00', '4650.00', '4650.00', '4650.00', '4650.00', '4650.00', '0.00', '0.00', '0.00', '0.00', '0.00', '0.00', '0.00', '1.00', '0.00', '4650.00', '4650.00', '0.00', '0.00'),
(314, 11, '2026-01-07', '29400.00', '26400.00', '26400.00', '26400.00', '26400.00', '26400.00', '26400.00', '0.00', '0.00', '0.00', '0.00', '0.00', '0.00', '0.00', '6.00', '0.00', '26400.00', '26400.00', '0.00', '0.00'),
(315, 8, '2026-01-07', '7800.00', '7000.00', '7000.00', '7000.00', '7000.00', '7000.00', '7000.00', '0.00', '0.00', '0.00', '0.00', '0.00', '0.00', '0.00', '2.00', '0.00', '7000.00', '7000.00', '0.00', '0.00'),
(316, 7, '2026-01-14', '6100.00', '5300.00', '5300.00', '5300.00', '5300.00', '5300.00', '5300.00', '0.00', '0.00', '0.00', '0.00', '0.00', '0.00', '0.00', '2.00', '0.00', '5300.00', '5300.00', '0.00', '0.00'),
(317, 32, '2026-01-17', '2000.00', '1250.00', '1250.00', '1250.00', '1250.00', '1250.00', '1250.00', '0.00', '0.00', '0.00', '0.00', '0.00', '0.00', '0.00', '5.00', '0.00', '1250.00', '1250.00', '0.00', '0.00'),
(318, 31, '2026-01-18', '0.00', '0.00', '0.00', '0.00', '0.00', '0.00', '0.00', '13000.00', '8500.00', '8500.00', '8500.00', '8500.00', '8500.00', '8500.00', '0.00', '10.00', '0.00', '0.00', '8500.00', '8500.00'),
(319, 2, '2026-01-18', '5100.00', '4400.00', '4400.00', '4400.00', '4400.00', '4400.00', '4400.00', '12000.00', '11000.00', '11000.00', '11000.00', '11000.00', '11000.00', '11000.00', '2.00', '5.00', '4400.00', '4400.00', '11000.00', '11000.00'),
(321, 7, '2026-01-18', '0.00', '5300.00', '5300.00', '5300.00', '5300.00', '5300.00', '5300.00', '0.00', '0.00', '0.00', '0.00', '0.00', '0.00', '0.00', '2.00', '0.00', '5300.00', '5300.00', '0.00', '0.00'),
(323, 32, '2026-01-18', '2700.00', '1500.00', '1500.00', '1500.00', '1500.00', '1500.00', '1500.00', '0.00', '0.00', '0.00', '0.00', '0.00', '0.00', '0.00', '6.00', '0.00', '1500.00', '1500.00', '0.00', '0.00'),
(324, 23, '2026-01-18', '5000.00', '3640.00', '3640.00', '3640.00', '3640.00', '3640.00', '3640.00', '0.00', '0.00', '0.00', '0.00', '0.00', '0.00', '0.00', '2.00', '0.00', '3640.00', '3640.00', '0.00', '0.00'),
(327, 27, '2026-01-18', '5000.00', '3640.00', '3640.00', '3640.00', '3640.00', '3640.00', '3640.00', '0.00', '0.00', '0.00', '0.00', '0.00', '0.00', '0.00', '2.00', '0.00', '3640.00', '3640.00', '0.00', '0.00'),
(328, 11, '2026-01-20', '10000.00', '8800.00', '8800.00', '8800.00', '8800.00', '8800.00', '8800.00', '0.00', '0.00', '0.00', '0.00', '0.00', '0.00', '0.00', '2.00', '0.00', '8800.00', '8800.00', '0.00', '0.00'),
(329, 12, '2026-01-20', '5200.00', '4650.00', '4650.00', '4650.00', '4650.00', '4650.00', '4650.00', '0.00', '0.00', '0.00', '0.00', '0.00', '0.00', '0.00', '1.00', '0.00', '4650.00', '4650.00', '0.00', '0.00'),
(330, 9, '2026-01-23', '3900.00', '3900.00', '3900.00', '3900.00', '3900.00', '3900.00', '3900.00', '4350.00', '3900.00', '3900.00', '3900.00', '3900.00', '3900.00', '3900.00', '1.00', '1.00', '3900.00', '3900.00', '3900.00', '3900.00'),
(331, 8, '2026-01-23', '2900.00', '3500.00', '3500.00', '3500.00', '3500.00', '3500.00', '3500.00', '0.00', '0.00', '0.00', '0.00', '0.00', '0.00', '0.00', '1.00', '0.00', '3500.00', '3500.00', '0.00', '0.00'),
(332, 10, '2026-01-23', '0.00', '3900.00', '3900.00', '3900.00', '3900.00', '3900.00', '3900.00', '0.00', '0.00', '0.00', '0.00', '0.00', '0.00', '0.00', '1.00', '0.00', '3900.00', '3900.00', '0.00', '0.00'),
(333, 16, '2026-01-24', '16128.70', '14100.00', '14100.00', '14100.00', '14100.00', '14100.00', '14100.00', '0.00', '0.00', '0.00', '0.00', '0.00', '0.00', '0.00', '6.00', '0.00', '14100.00', '14100.00', '0.00', '0.00'),
(334, 11, '2026-01-24', '9181.51', '8800.00', '8800.00', '8800.00', '8800.00', '8800.00', '8800.00', '0.00', '0.00', '0.00', '0.00', '0.00', '0.00', '0.00', '2.00', '0.00', '8800.00', '8800.00', '0.00', '0.00'),
(335, 12, '2026-01-24', '10400.00', '9300.00', '9300.00', '9300.00', '9300.00', '9300.00', '9300.00', '0.00', '0.00', '0.00', '0.00', '0.00', '0.00', '0.00', '2.00', '0.00', '9300.00', '9300.00', '0.00', '0.00'),
(337, 9, '2026-01-25', '4350.00', '3900.00', '3900.00', '3900.00', '3900.00', '3900.00', '3900.00', '0.00', '0.00', '0.00', '0.00', '0.00', '0.00', '0.00', '1.00', '0.00', '3900.00', '3900.00', '0.00', '0.00'),
(338, 11, '2026-01-25', '4950.00', '4400.00', '4400.00', '4400.00', '4400.00', '4400.00', '4400.00', '0.00', '0.00', '0.00', '0.00', '0.00', '0.00', '0.00', '1.00', '0.00', '4400.00', '4400.00', '0.00', '0.00'),
(339, 14, '2026-01-25', '6300.00', '5800.00', '5800.00', '5800.00', '5800.00', '5800.00', '5800.00', '0.00', '0.00', '0.00', '0.00', '0.00', '0.00', '0.00', '1.00', '0.00', '5800.00', '5800.00', '0.00', '0.00'),
(340, 3, '2026-01-26', '6600.00', '5400.00', '5700.00', '5550.00', '5700.00', '5550.00', '5700.00', '0.00', '0.00', '0.00', '0.00', '0.00', '0.00', '0.00', '6.00', '0.00', '5550.00', '5550.00', '0.00', '0.00'),
(341, 14, '2026-01-27', '0.00', '0.00', '0.00', '0.00', '0.00', '0.00', '0.00', '18900.00', '17400.00', '17400.00', '17400.00', '17400.00', '17400.00', '17400.00', '0.00', '3.00', '0.00', '0.00', '17400.00', '17400.00'),
(342, 11, '2026-01-27', '0.00', '0.00', '0.00', '0.00', '0.00', '0.00', '0.00', '15000.00', '13200.00', '13200.00', '13200.00', '13200.00', '13200.00', '13200.00', '0.00', '3.00', '0.00', '0.00', '13200.00', '13200.00'),
(343, 12, '2026-01-27', '0.00', '0.00', '0.00', '0.00', '0.00', '0.00', '0.00', '10300.00', '9300.00', '9300.00', '9300.00', '9300.00', '9300.00', '9300.00', '0.00', '2.00', '0.00', '0.00', '9300.00', '9300.00'),
(344, 16, '2026-01-27', '131500.00', '119850.00', '119850.00', '119850.00', '119850.00', '119850.00', '119850.00', '0.00', '0.00', '0.00', '0.00', '0.00', '0.00', '0.00', '51.00', '0.00', '119850.00', '119850.00', '0.00', '0.00'),
(345, 16, '2026-01-29', '263000.00', '239700.00', '239700.00', '239700.00', '239700.00', '239700.00', '239700.00', '0.00', '0.00', '0.00', '0.00', '0.00', '0.00', '0.00', '102.00', '0.00', '239700.00', '239700.00', '0.00', '0.00'),
(347, 7, '2026-01-29', '15000.00', '13250.00', '13250.00', '13250.00', '13250.00', '13250.00', '13250.00', '0.00', '0.00', '0.00', '0.00', '0.00', '0.00', '0.00', '5.00', '0.00', '13250.00', '13250.00', '0.00', '0.00'),
(349, 9, '2026-01-29', '21750.00', '19500.00', '19500.00', '19500.00', '19500.00', '19500.00', '19500.00', '0.00', '0.00', '0.00', '0.00', '0.00', '0.00', '0.00', '5.00', '0.00', '19500.00', '19500.00', '0.00', '0.00'),
(350, 10, '2026-01-29', '21750.00', '19500.00', '19500.00', '19500.00', '19500.00', '19500.00', '19500.00', '0.00', '0.00', '0.00', '0.00', '0.00', '0.00', '0.00', '5.00', '0.00', '19500.00', '19500.00', '0.00', '0.00'),
(351, 12, '2026-01-29', '51000.00', '46500.00', '46500.00', '46500.00', '46500.00', '46500.00', '46500.00', '0.00', '0.00', '0.00', '0.00', '0.00', '0.00', '0.00', '10.00', '0.00', '46500.00', '46500.00', '0.00', '0.00'),
(352, 9, '2026-02-05', '0.00', '0.00', '0.00', '0.00', '0.00', '0.00', '0.00', '21750.00', '19500.00', '19500.00', '19500.00', '19500.00', '19500.00', '19500.00', '0.00', '5.00', '0.00', '0.00', '19500.00', '19500.00'),
(353, 10, '2026-02-05', '0.00', '0.00', '0.00', '0.00', '0.00', '0.00', '0.00', '21750.00', '19500.00', '19500.00', '19500.00', '19500.00', '19500.00', '19500.00', '0.00', '5.00', '0.00', '0.00', '19500.00', '19500.00'),
(354, 12, '2026-02-05', '0.00', '0.00', '0.00', '0.00', '0.00', '0.00', '0.00', '51000.00', '46500.00', '46500.00', '46500.00', '46500.00', '46500.00', '46500.00', '0.00', '10.00', '0.00', '0.00', '46500.00', '46500.00'),
(355, 23, '2026-02-05', '5000.00', '3640.00', '3640.00', '3640.00', '3640.00', '3640.00', '3640.00', '0.00', '0.00', '0.00', '0.00', '0.00', '0.00', '0.00', '2.00', '0.00', '3640.00', '3640.00', '0.00', '0.00'),
(356, 24, '2026-02-05', '5400.00', '4300.00', '4300.00', '4300.00', '4300.00', '4300.00', '4300.00', '0.00', '0.00', '0.00', '0.00', '0.00', '0.00', '0.00', '2.00', '0.00', '4300.00', '4300.00', '0.00', '0.00'),
(357, 25, '2026-02-05', '5200.00', '4000.00', '4000.00', '4000.00', '4000.00', '4000.00', '4000.00', '0.00', '0.00', '0.00', '0.00', '0.00', '0.00', '0.00', '2.00', '0.00', '4000.00', '4000.00', '0.00', '0.00'),
(358, 26, '2026-02-05', '5600.00', '4660.00', '4660.00', '4660.00', '4660.00', '4660.00', '4660.00', '0.00', '0.00', '0.00', '0.00', '0.00', '0.00', '0.00', '2.00', '0.00', '4660.00', '4660.00', '0.00', '0.00'),
(359, 31, '2026-02-05', '6750.00', '4250.00', '4250.00', '4250.00', '4250.00', '4250.00', '4250.00', '0.00', '0.00', '0.00', '0.00', '0.00', '0.00', '0.00', '5.00', '0.00', '4250.00', '4250.00', '0.00', '0.00'),
(360, 5, '2026-02-07', '165000.00', '142500.00', '142500.00', '142500.00', '142500.00', '142500.00', '142500.00', '0.00', '0.00', '0.00', '0.00', '0.00', '0.00', '0.00', '150.00', '0.00', '142500.00', '142500.00', '0.00', '0.00'),
(361, 9, '2026-02-07', '4357.42', '3900.00', '3900.00', '3900.00', '3900.00', '3900.00', '3900.00', '0.00', '0.00', '0.00', '0.00', '0.00', '0.00', '0.00', '1.00', '0.00', '3900.00', '3900.00', '0.00', '0.00'),
(362, 13, '2026-02-07', '4902.10', '4350.00', '4350.00', '4350.00', '4350.00', '4350.00', '4350.00', '0.00', '0.00', '0.00', '0.00', '0.00', '0.00', '0.00', '1.00', '0.00', '4350.00', '4350.00', '0.00', '0.00'),
(363, 11, '2026-02-07', '4951.61', '4400.00', '4400.00', '4400.00', '4400.00', '4400.00', '4400.00', '0.00', '0.00', '0.00', '0.00', '0.00', '0.00', '0.00', '1.00', '0.00', '4400.00', '4400.00', '0.00', '0.00'),
(364, 14, '2026-02-07', '12577.10', '11600.00', '11600.00', '11600.00', '11600.00', '11600.00', '11600.00', '0.00', '0.00', '0.00', '0.00', '0.00', '0.00', '0.00', '2.00', '0.00', '11600.00', '11600.00', '0.00', '0.00'),
(365, 9, '2026-02-09', '13073.65', '11700.00', '11700.00', '11700.00', '11700.00', '11700.00', '11700.00', '0.00', '0.00', '0.00', '0.00', '0.00', '0.00', '0.00', '3.00', '0.00', '11700.00', '11700.00', '0.00', '0.00'),
(366, 13, '2026-02-09', '14714.11', '13050.00', '13050.00', '13050.00', '13050.00', '13050.00', '13050.00', '0.00', '0.00', '0.00', '0.00', '0.00', '0.00', '0.00', '3.00', '0.00', '13050.00', '13050.00', '0.00', '0.00'),
(367, 11, '2026-02-09', '14863.23', '13200.00', '13200.00', '13200.00', '13200.00', '13200.00', '13200.00', '0.00', '0.00', '0.00', '0.00', '0.00', '0.00', '0.00', '3.00', '0.00', '13200.00', '13200.00', '0.00', '0.00'),
(368, 14, '2026-02-09', '31479.62', '29000.00', '29000.00', '29000.00', '29000.00', '29000.00', '29000.00', '0.00', '0.00', '0.00', '0.00', '0.00', '0.00', '0.00', '5.00', '0.00', '29000.00', '29000.00', '0.00', '0.00'),
(370, 10, '2026-02-09', '8716.23', '7800.00', '7800.00', '7800.00', '7800.00', '7800.00', '7800.00', '0.00', '0.00', '0.00', '0.00', '0.00', '0.00', '0.00', '2.00', '0.00', '7800.00', '7800.00', '0.00', '0.00'),
(374, 15, '2026-02-09', '9563.16', '8600.00', '8600.00', '8600.00', '8600.00', '8600.00', '8600.00', '0.00', '0.00', '0.00', '0.00', '0.00', '0.00', '0.00', '4.00', '0.00', '8600.00', '8600.00', '0.00', '0.00'),
(375, 16, '2026-02-09', '10758.55', '9400.00', '9400.00', '9400.00', '9400.00', '9400.00', '9400.00', '0.00', '0.00', '0.00', '0.00', '0.00', '0.00', '0.00', '4.00', '0.00', '9400.00', '9400.00', '0.00', '0.00'),
(376, 5, '2026-02-09', '33000.00', '28500.00', '28500.00', '28500.00', '28500.00', '28500.00', '28500.00', '0.00', '0.00', '0.00', '0.00', '0.00', '0.00', '0.00', '30.00', '0.00', '28500.00', '28500.00', '0.00', '0.00'),
(382, 31, '2026-02-09', '2600.00', '1700.00', '1700.00', '1700.00', '1700.00', '1700.00', '1700.00', '0.00', '0.00', '0.00', '0.00', '0.00', '0.00', '0.00', '2.00', '0.00', '1700.00', '1700.00', '0.00', '0.00'),
(385, 32, '2026-02-09', '850.00', '500.00', '500.00', '500.00', '500.00', '500.00', '500.00', '0.00', '0.00', '0.00', '0.00', '0.00', '0.00', '0.00', '2.00', '0.00', '500.00', '500.00', '0.00', '0.00'),
(406, 24, '2026-02-09', '16200.00', '12900.00', '12900.00', '12900.00', '12900.00', '12900.00', '12900.00', '0.00', '0.00', '0.00', '0.00', '0.00', '0.00', '0.00', '6.00', '0.00', '12900.00', '12900.00', '0.00', '0.00'),
(407, 25, '2026-02-09', '15000.00', '12000.00', '12000.00', '12000.00', '12000.00', '12000.00', '12000.00', '0.00', '0.00', '0.00', '0.00', '0.00', '0.00', '0.00', '6.00', '0.00', '12000.00', '12000.00', '0.00', '0.00'),
(408, 31, '2026-02-11', '1300.00', '850.00', '850.00', '850.00', '850.00', '850.00', '850.00', '0.00', '0.00', '0.00', '0.00', '0.00', '0.00', '0.00', '1.00', '0.00', '850.00', '850.00', '0.00', '0.00'),
(409, 13, '2026-02-11', '4900.00', '4350.00', '4350.00', '4350.00', '4350.00', '4350.00', '4350.00', '0.00', '0.00', '0.00', '0.00', '0.00', '0.00', '0.00', '1.00', '0.00', '4350.00', '4350.00', '0.00', '0.00'),
(410, 12, '2026-02-11', '10400.00', '9300.00', '9300.00', '9300.00', '9300.00', '9300.00', '9300.00', '0.00', '0.00', '0.00', '0.00', '0.00', '0.00', '0.00', '2.00', '0.00', '9300.00', '9300.00', '0.00', '0.00'),
(411, 12, '2026-02-12', '8829.13', '9300.00', '9300.00', '9300.00', '9300.00', '9300.00', '9300.00', '0.00', '0.00', '0.00', '0.00', '0.00', '0.00', '0.00', '2.00', '0.00', '9300.00', '9300.00', '0.00', '0.00'),
(412, 16, '2026-02-12', '16728.81', '16450.00', '16450.00', '16450.00', '16450.00', '16450.00', '16450.00', '0.00', '0.00', '0.00', '0.00', '0.00', '0.00', '0.00', '7.00', '0.00', '16450.00', '16450.00', '0.00', '0.00'),
(413, 31, '2026-02-12', '2465.84', '1700.00', '1700.00', '1700.00', '1700.00', '1700.00', '1700.00', '0.00', '0.00', '0.00', '0.00', '0.00', '0.00', '0.00', '2.00', '0.00', '1700.00', '1700.00', '0.00', '0.00'),
(415, 13, '2026-02-12', '9726.20', '8700.00', '8700.00', '8700.00', '8700.00', '8700.00', '8700.00', '0.00', '0.00', '0.00', '0.00', '0.00', '0.00', '0.00', '2.00', '0.00', '8700.00', '8700.00', '0.00', '0.00'),
(416, 26, '2026-02-14', '5500.00', '4660.00', '4660.00', '4660.00', '4660.00', '4660.00', '4660.00', '0.00', '0.00', '0.00', '0.00', '0.00', '0.00', '0.00', '2.00', '0.00', '4660.00', '4660.00', '0.00', '0.00'),
(417, 9, '2026-02-14', '8700.00', '7800.00', '7800.00', '7800.00', '7800.00', '7800.00', '7800.00', '0.00', '0.00', '0.00', '0.00', '0.00', '0.00', '0.00', '2.00', '0.00', '7800.00', '7800.00', '0.00', '0.00'),
(418, 10, '2026-02-14', '8700.00', '7800.00', '7800.00', '7800.00', '7800.00', '7800.00', '7800.00', '0.00', '0.00', '0.00', '0.00', '0.00', '0.00', '0.00', '2.00', '0.00', '7800.00', '7800.00', '0.00', '0.00'),
(419, 13, '2026-02-14', '9900.00', '8700.00', '8700.00', '8700.00', '8700.00', '8700.00', '8700.00', '0.00', '0.00', '0.00', '0.00', '0.00', '0.00', '0.00', '2.00', '0.00', '8700.00', '8700.00', '0.00', '0.00'),
(420, 15, '2026-02-14', '9600.00', '8600.00', '8600.00', '8600.00', '8600.00', '8600.00', '8600.00', '0.00', '0.00', '0.00', '0.00', '0.00', '0.00', '0.00', '4.00', '0.00', '8600.00', '8600.00', '0.00', '0.00'),
(421, 16, '2026-02-14', '10800.00', '9400.00', '9400.00', '9400.00', '9400.00', '9400.00', '9400.00', '0.00', '0.00', '0.00', '0.00', '0.00', '0.00', '0.00', '4.00', '0.00', '9400.00', '9400.00', '0.00', '0.00'),
(422, 31, '2026-02-14', '8100.00', '5100.00', '5100.00', '5100.00', '5100.00', '5100.00', '5100.00', '0.00', '0.00', '0.00', '0.00', '0.00', '0.00', '0.00', '6.00', '0.00', '5100.00', '5100.00', '0.00', '0.00'),
(423, 32, '2026-02-14', '2700.00', '1500.00', '1500.00', '1500.00', '1500.00', '1500.00', '1500.00', '0.00', '0.00', '0.00', '0.00', '0.00', '0.00', '0.00', '6.00', '0.00', '1500.00', '1500.00', '0.00', '0.00'),
(424, 3, '2026-02-14', '13500.00', '10800.00', '11400.00', '11100.00', '11400.00', '11100.00', '11400.00', '0.00', '0.00', '0.00', '0.00', '0.00', '0.00', '0.00', '12.00', '0.00', '11100.00', '11100.00', '0.00', '0.00'),
(425, 5, '2026-02-14', '14700.00', '11400.00', '11400.00', '11400.00', '11400.00', '11400.00', '11400.00', '0.00', '0.00', '0.00', '0.00', '0.00', '0.00', '0.00', '12.00', '0.00', '11400.00', '11400.00', '0.00', '0.00'),
(426, 2, '2026-02-14', '10200.00', '8800.00', '8800.00', '8800.00', '8800.00', '8800.00', '8800.00', '0.00', '0.00', '0.00', '0.00', '0.00', '0.00', '0.00', '4.00', '0.00', '8800.00', '8800.00', '0.00', '0.00'),
(437, 24, '2026-02-18', '2400.00', '2150.00', '2150.00', '2150.00', '2150.00', '2150.00', '2150.00', '0.00', '0.00', '0.00', '0.00', '0.00', '0.00', '0.00', '1.00', '0.00', '2150.00', '2150.00', '0.00', '0.00'),
(438, 25, '2026-02-18', '2300.00', '2000.00', '2000.00', '2000.00', '2000.00', '2000.00', '2000.00', '0.00', '0.00', '0.00', '0.00', '0.00', '0.00', '0.00', '1.00', '0.00', '2000.00', '2000.00', '0.00', '0.00'),
(439, 23, '2026-02-18', '9800.00', '7280.00', '7280.00', '7280.00', '7280.00', '7280.00', '7280.00', '0.00', '0.00', '0.00', '0.00', '0.00', '0.00', '0.00', '4.00', '0.00', '7280.00', '7280.00', '0.00', '0.00'),
(442, 26, '2026-02-18', '11000.00', '9320.00', '9320.00', '9320.00', '9320.00', '9320.00', '9320.00', '0.00', '0.00', '0.00', '0.00', '0.00', '0.00', '0.00', '4.00', '0.00', '9320.00', '9320.00', '0.00', '0.00'),
(447, 7, '2026-02-21', '145000.00', '132500.00', '132500.00', '132500.00', '132500.00', '132500.00', '132500.00', '0.00', '0.00', '0.00', '0.00', '0.00', '0.00', '0.00', '50.00', '0.00', '132500.00', '132500.00', '0.00', '0.00'),
(448, 12, '2026-02-22', '15600.00', '13950.00', '13950.00', '13950.00', '13950.00', '13950.00', '13950.00', '0.00', '0.00', '0.00', '0.00', '0.00', '0.00', '0.00', '3.00', '0.00', '13950.00', '13950.00', '0.00', '0.00'),
(449, 23, '2026-02-22', '117500.00', '91000.00', '91000.00', '91000.00', '91000.00', '91000.00', '91000.00', '0.00', '0.00', '0.00', '0.00', '0.00', '0.00', '0.00', '50.00', '0.00', '91000.00', '91000.00', '0.00', '0.00'),
(450, 25, '2026-02-22', '53900.00', '44000.00', '44000.00', '44000.00', '44000.00', '44000.00', '44000.00', '0.00', '0.00', '0.00', '0.00', '0.00', '0.00', '0.00', '22.00', '0.00', '44000.00', '44000.00', '0.00', '0.00'),
(451, 7, '2026-02-23', '6600.00', '5300.00', '5300.00', '5300.00', '5300.00', '5300.00', '5300.00', '0.00', '0.00', '0.00', '0.00', '0.00', '0.00', '0.00', '2.00', '0.00', '5300.00', '5300.00', '0.00', '0.00'),
(452, 16, '2026-02-23', '0.00', '2350.00', '2350.00', '2350.00', '2350.00', '2350.00', '2350.00', '0.00', '0.00', '0.00', '0.00', '0.00', '0.00', '0.00', '1.00', '0.00', '2350.00', '2350.00', '0.00', '0.00'),
(453, 14, '2026-02-26', '6300.00', '5800.00', '5800.00', '5800.00', '5800.00', '5800.00', '5800.00', '0.00', '0.00', '0.00', '0.00', '0.00', '0.00', '0.00', '1.00', '0.00', '5800.00', '5800.00', '0.00', '0.00'),
(454, 9, '2026-02-26', '3900.00', '3900.00', '3900.00', '3900.00', '3900.00', '3900.00', '3900.00', '0.00', '0.00', '0.00', '0.00', '0.00', '0.00', '0.00', '1.00', '0.00', '3900.00', '3900.00', '0.00', '0.00'),
(455, 13, '2026-02-26', '0.00', '4350.00', '4350.00', '4350.00', '4350.00', '4350.00', '4350.00', '0.00', '0.00', '0.00', '0.00', '0.00', '0.00', '0.00', '1.00', '0.00', '4350.00', '4350.00', '0.00', '0.00'),
(456, 15, '2026-02-26', '0.00', '4300.00', '4300.00', '4300.00', '4300.00', '4300.00', '4300.00', '0.00', '0.00', '0.00', '0.00', '0.00', '0.00', '0.00', '2.00', '0.00', '4300.00', '4300.00', '0.00', '0.00'),
(457, 31, '2026-02-26', '2600.00', '1700.00', '1700.00', '1700.00', '1700.00', '1700.00', '1700.00', '0.00', '0.00', '0.00', '0.00', '0.00', '0.00', '0.00', '2.00', '0.00', '1700.00', '1700.00', '0.00', '0.00'),
(458, 32, '2026-02-26', '2550.00', '1500.00', '1500.00', '1500.00', '1500.00', '1500.00', '1500.00', '0.00', '0.00', '0.00', '0.00', '0.00', '0.00', '0.00', '6.00', '0.00', '1500.00', '1500.00', '0.00', '0.00'),
(459, 31, '2026-02-27', '6500.00', '4250.00', '4250.00', '4250.00', '4250.00', '4250.00', '4250.00', '0.00', '0.00', '0.00', '0.00', '0.00', '0.00', '0.00', '5.00', '0.00', '4250.00', '4250.00', '0.00', '0.00'),
(460, 32, '2026-02-27', '2550.00', '1500.00', '1500.00', '1500.00', '1500.00', '1500.00', '1500.00', '0.00', '0.00', '0.00', '0.00', '0.00', '0.00', '0.00', '6.00', '0.00', '1500.00', '1500.00', '0.00', '0.00'),
(461, 19, '2026-03-01', '209000.00', '197600.00', '197600.00', '197600.00', '197600.00', '197600.00', '197600.00', '0.00', '0.00', '0.00', '0.00', '0.00', '0.00', '0.00', '76.00', '0.00', '197600.00', '197600.00', '0.00', '0.00'),
(462, 20, '2026-03-01', '76700.00', '71500.00', '71500.00', '71500.00', '71500.00', '71500.00', '71500.00', '0.00', '0.00', '0.00', '0.00', '0.00', '0.00', '0.00', '26.00', '0.00', '71500.00', '71500.00', '0.00', '0.00'),
(463, 17, '2026-03-02', '26000.00', '23500.00', '23500.00', '23500.00', '23500.00', '23500.00', '23500.00', '0.00', '0.00', '0.00', '0.00', '0.00', '0.00', '0.00', '10.00', '0.00', '23500.00', '23500.00', '0.00', '0.00'),
(464, 18, '2026-03-02', '44800.00', '40000.00', '40000.00', '40000.00', '40000.00', '40000.00', '40000.00', '0.00', '0.00', '0.00', '0.00', '0.00', '0.00', '0.00', '16.00', '0.00', '40000.00', '40000.00', '0.00', '0.00'),
(465, 19, '2026-03-02', '28000.00', '26000.00', '26000.00', '26000.00', '26000.00', '26000.00', '26000.00', '0.00', '0.00', '0.00', '0.00', '0.00', '0.00', '0.00', '10.00', '0.00', '26000.00', '26000.00', '0.00', '0.00'),
(466, 20, '2026-03-02', '48000.00', '44000.00', '44000.00', '44000.00', '44000.00', '44000.00', '44000.00', '0.00', '0.00', '0.00', '0.00', '0.00', '0.00', '0.00', '16.00', '0.00', '44000.00', '44000.00', '0.00', '0.00'),
(467, 21, '2026-03-02', '29000.00', '23000.00', '23000.00', '23000.00', '23000.00', '23000.00', '23000.00', '0.00', '0.00', '0.00', '0.00', '0.00', '0.00', '0.00', '10.00', '0.00', '23000.00', '23000.00', '0.00', '0.00'),
(468, 22, '2026-03-02', '49600.00', '41600.00', '41600.00', '41600.00', '41600.00', '41600.00', '41600.00', '0.00', '0.00', '0.00', '0.00', '0.00', '0.00', '0.00', '16.00', '0.00', '41600.00', '41600.00', '0.00', '0.00'),
(469, 24, '2026-03-02', '54000.00', '43000.00', '43000.00', '43000.00', '43000.00', '43000.00', '43000.00', '0.00', '0.00', '0.00', '0.00', '0.00', '0.00', '0.00', '20.00', '0.00', '43000.00', '43000.00', '0.00', '0.00'),
(470, 25, '2026-03-02', '52000.00', '40000.00', '40000.00', '40000.00', '40000.00', '40000.00', '40000.00', '0.00', '0.00', '0.00', '0.00', '0.00', '0.00', '0.00', '20.00', '0.00', '40000.00', '40000.00', '0.00', '0.00'),
(471, 7, '2026-03-02', '30500.00', '26500.00', '26500.00', '26500.00', '26500.00', '26500.00', '26500.00', '0.00', '0.00', '0.00', '0.00', '0.00', '0.00', '0.00', '10.00', '0.00', '26500.00', '26500.00', '0.00', '0.00'),
(472, 31, '2026-03-02', '6750.00', '4250.00', '4250.00', '4250.00', '4250.00', '4250.00', '4250.00', '0.00', '0.00', '0.00', '0.00', '0.00', '0.00', '0.00', '5.00', '0.00', '4250.00', '4250.00', '0.00', '0.00'),
(473, 32, '2026-03-02', '2375.00', '1250.00', '1250.00', '1250.00', '1250.00', '1250.00', '1250.00', '0.00', '0.00', '0.00', '0.00', '0.00', '0.00', '0.00', '5.00', '0.00', '1250.00', '1250.00', '0.00', '0.00'),
(496, 15, '2026-03-02', '4800.00', '4300.00', '4300.00', '4300.00', '4300.00', '4300.00', '4300.00', '0.00', '0.00', '0.00', '0.00', '0.00', '0.00', '0.00', '2.00', '0.00', '4300.00', '4300.00', '0.00', '0.00'),
(497, 16, '2026-03-02', '5400.00', '4700.00', '4700.00', '4700.00', '4700.00', '4700.00', '4700.00', '0.00', '0.00', '0.00', '0.00', '0.00', '0.00', '0.00', '2.00', '0.00', '4700.00', '4700.00', '0.00', '0.00'),
(498, 19, '2026-03-03', '13800.00', '13000.00', '13000.00', '13000.00', '13000.00', '13000.00', '13000.00', '0.00', '0.00', '0.00', '0.00', '0.00', '0.00', '0.00', '5.00', '0.00', '13000.00', '13000.00', '0.00', '0.00'),
(499, 20, '2026-03-03', '11800.00', '11000.00', '11000.00', '11000.00', '11000.00', '11000.00', '11000.00', '0.00', '0.00', '0.00', '0.00', '0.00', '0.00', '0.00', '4.00', '0.00', '11000.00', '11000.00', '0.00', '0.00'),
(500, 11, '2026-03-03', '29700.00', '26400.00', '26400.00', '26400.00', '26400.00', '26400.00', '26400.00', '0.00', '0.00', '0.00', '0.00', '0.00', '0.00', '0.00', '6.00', '0.00', '26400.00', '26400.00', '0.00', '0.00'),
(501, 7, '2026-03-03', '6300.00', '5300.00', '5300.00', '5300.00', '5300.00', '5300.00', '5300.00', '0.00', '0.00', '0.00', '0.00', '0.00', '0.00', '0.00', '2.00', '0.00', '5300.00', '5300.00', '0.00', '0.00'),
(502, 23, '2026-03-03', '24000.00', '18200.00', '18200.00', '18200.00', '18200.00', '18200.00', '18200.00', '0.00', '0.00', '0.00', '0.00', '0.00', '0.00', '0.00', '10.00', '0.00', '18200.00', '18200.00', '0.00', '0.00'),
(503, 25, '2026-03-03', '25000.00', '20000.00', '20000.00', '20000.00', '20000.00', '20000.00', '20000.00', '0.00', '0.00', '0.00', '0.00', '0.00', '0.00', '0.00', '10.00', '0.00', '20000.00', '20000.00', '0.00', '0.00'),
(504, 18, '2026-03-03', '2800.00', '2500.00', '2500.00', '2500.00', '2500.00', '2500.00', '2500.00', '0.00', '0.00', '0.00', '0.00', '0.00', '0.00', '0.00', '1.00', '0.00', '2500.00', '2500.00', '0.00', '0.00'),
(506, 12, '2026-03-04', '5200.00', '4650.00', '4650.00', '4650.00', '4650.00', '4650.00', '4650.00', '0.00', '0.00', '0.00', '0.00', '0.00', '0.00', '0.00', '1.00', '0.00', '4650.00', '4650.00', '0.00', '0.00'),
(507, 31, '2026-03-04', '1450.00', '850.00', '850.00', '850.00', '850.00', '850.00', '850.00', '0.00', '0.00', '0.00', '0.00', '0.00', '0.00', '0.00', '1.00', '0.00', '850.00', '850.00', '0.00', '0.00'),
(508, 32, '2026-03-04', '450.00', '250.00', '250.00', '250.00', '250.00', '250.00', '250.00', '0.00', '0.00', '0.00', '0.00', '0.00', '0.00', '0.00', '1.00', '0.00', '250.00', '250.00', '0.00', '0.00'),
(509, 5, '2026-03-04', '69000.00', '57000.00', '57000.00', '57000.00', '57000.00', '57000.00', '57000.00', '0.00', '0.00', '0.00', '0.00', '0.00', '0.00', '0.00', '60.00', '0.00', '57000.00', '57000.00', '0.00', '0.00'),
(510, 10, '2026-03-09', '0.00', '0.00', '0.00', '0.00', '0.00', '0.00', '0.00', '4350.00', '3900.00', '3900.00', '3900.00', '3900.00', '3900.00', '3900.00', '0.00', '1.00', '0.00', '0.00', '3900.00', '3900.00'),
(511, 13, '2026-03-09', '0.00', '0.00', '0.00', '0.00', '0.00', '0.00', '0.00', '4950.00', '4350.00', '4350.00', '4350.00', '4350.00', '4350.00', '4350.00', '0.00', '1.00', '0.00', '0.00', '4350.00', '4350.00'),
(512, 3, '2026-03-09', '0.00', '0.00', '0.00', '0.00', '0.00', '0.00', '0.00', '5500.00', '4500.00', '4750.00', '4625.00', '4750.00', '4625.00', '4750.00', '0.00', '5.00', '0.00', '0.00', '4625.00', '4625.00'),
(513, 5, '2026-03-09', '0.00', '0.00', '0.00', '0.00', '0.00', '0.00', '0.00', '4800.00', '3800.00', '3800.00', '3800.00', '3800.00', '3800.00', '3800.00', '0.00', '4.00', '0.00', '0.00', '3800.00', '3800.00'),
(514, 7, '2026-03-09', '0.00', '0.00', '0.00', '0.00', '0.00', '0.00', '0.00', '3050.00', '2650.00', '2650.00', '2650.00', '2650.00', '2650.00', '2650.00', '0.00', '1.00', '0.00', '0.00', '2650.00', '2650.00'),
(515, 15, '2026-03-09', '0.00', '0.00', '0.00', '0.00', '0.00', '0.00', '0.00', '4800.00', '4300.00', '4300.00', '4300.00', '4300.00', '4300.00', '4300.00', '0.00', '2.00', '0.00', '0.00', '4300.00', '4300.00'),
(516, 16, '2026-03-09', '0.00', '0.00', '0.00', '0.00', '0.00', '0.00', '0.00', '5400.00', '4700.00', '4700.00', '4700.00', '4700.00', '4700.00', '4700.00', '0.00', '2.00', '0.00', '0.00', '4700.00', '4700.00'),
(517, 31, '2026-03-09', '0.00', '0.00', '0.00', '0.00', '0.00', '0.00', '0.00', '4050.00', '2550.00', '2550.00', '2550.00', '2550.00', '2550.00', '2550.00', '0.00', '3.00', '0.00', '0.00', '2550.00', '2550.00'),
(518, 32, '2026-03-09', '0.00', '0.00', '0.00', '0.00', '0.00', '0.00', '0.00', '1350.00', '750.00', '750.00', '750.00', '750.00', '750.00', '750.00', '0.00', '3.00', '0.00', '0.00', '750.00', '750.00'),
(519, 2, '2026-03-09', '0.00', '0.00', '0.00', '0.00', '0.00', '0.00', '0.00', '7650.00', '6600.00', '6600.00', '6600.00', '6600.00', '6600.00', '6600.00', '0.00', '3.00', '0.00', '0.00', '6600.00', '6600.00'),
(520, 9, '2026-03-09', '13050.00', '11700.00', '11700.00', '11700.00', '11700.00', '11700.00', '11700.00', '0.00', '0.00', '0.00', '0.00', '0.00', '0.00', '0.00', '3.00', '0.00', '11700.00', '11700.00', '0.00', '0.00'),
(521, 31, '2026-03-10', '27000.00', '17000.00', '17000.00', '17000.00', '17000.00', '17000.00', '17000.00', '0.00', '0.00', '0.00', '0.00', '0.00', '0.00', '0.00', '20.00', '0.00', '17000.00', '17000.00', '0.00', '0.00'),
(522, 7, '2026-03-12', '9500.00', '7950.00', '7950.00', '7950.00', '7950.00', '7950.00', '7950.00', '0.00', '0.00', '0.00', '0.00', '0.00', '0.00', '0.00', '3.00', '0.00', '7950.00', '7950.00', '0.00', '0.00'),
(524, 10, '2026-03-15', '0.00', '0.00', '0.00', '0.00', '0.00', '0.00', '0.00', '34800.00', '31200.00', '31200.00', '31200.00', '31200.00', '31200.00', '31200.00', '0.00', '8.00', '0.00', '0.00', '31200.00', '31200.00'),
(525, 9, '2026-03-15', '0.00', '0.00', '0.00', '0.00', '0.00', '0.00', '0.00', '34800.00', '31200.00', '31200.00', '31200.00', '31200.00', '31200.00', '31200.00', '0.00', '8.00', '0.00', '0.00', '31200.00', '31200.00'),
(526, 13, '2026-03-15', '0.00', '0.00', '0.00', '0.00', '0.00', '0.00', '0.00', '29100.00', '26100.00', '26100.00', '26100.00', '26100.00', '26100.00', '26100.00', '0.00', '6.00', '0.00', '0.00', '26100.00', '26100.00'),
(527, 11, '2026-03-15', '0.00', '0.00', '0.00', '0.00', '0.00', '0.00', '0.00', '14700.00', '13200.00', '13200.00', '13200.00', '13200.00', '13200.00', '13200.00', '0.00', '3.00', '0.00', '0.00', '13200.00', '13200.00'),
(528, 12, '2026-03-15', '0.00', '0.00', '0.00', '0.00', '0.00', '0.00', '0.00', '25500.00', '23250.00', '23250.00', '23250.00', '23250.00', '23250.00', '23250.00', '0.00', '5.00', '0.00', '0.00', '23250.00', '23250.00'),
(529, 14, '2026-03-15', '0.00', '0.00', '0.00', '0.00', '0.00', '0.00', '0.00', '31500.00', '29000.00', '29000.00', '29000.00', '29000.00', '29000.00', '29000.00', '0.00', '5.00', '0.00', '0.00', '29000.00', '29000.00'),
(530, 11, '2026-03-17', '10000.00', '8800.00', '8800.00', '8800.00', '8800.00', '8800.00', '8800.00', '0.00', '0.00', '0.00', '0.00', '0.00', '0.00', '0.00', '2.00', '0.00', '8800.00', '8800.00', '0.00', '0.00'),
(531, 12, '2026-03-17', '15600.00', '13950.00', '13950.00', '13950.00', '13950.00', '13950.00', '13950.00', '0.00', '0.00', '0.00', '0.00', '0.00', '0.00', '0.00', '3.00', '0.00', '13950.00', '13950.00', '0.00', '0.00'),
(532, 15, '2026-03-21', '0.00', '6450.00', '6450.00', '6450.00', '6450.00', '6450.00', '6450.00', '0.00', '0.00', '0.00', '0.00', '0.00', '0.00', '0.00', '3.00', '0.00', '6450.00', '6450.00', '0.00', '0.00'),
(533, 16, '2026-03-21', '0.00', '122200.00', '122200.00', '122200.00', '122200.00', '122200.00', '122200.00', '0.00', '0.00', '0.00', '0.00', '0.00', '0.00', '0.00', '52.00', '0.00', '122200.00', '122200.00', '0.00', '0.00'),
(534, 10, '2026-03-24', '8700.00', '7800.00', '7800.00', '7800.00', '7800.00', '7800.00', '7800.00', '0.00', '0.00', '0.00', '0.00', '0.00', '0.00', '0.00', '2.00', '0.00', '7800.00', '7800.00', '0.00', '0.00'),
(535, 9, '2026-03-24', '8700.00', '7800.00', '7800.00', '7800.00', '7800.00', '7800.00', '7800.00', '0.00', '0.00', '0.00', '0.00', '0.00', '0.00', '0.00', '2.00', '0.00', '7800.00', '7800.00', '0.00', '0.00'),
(536, 13, '2026-03-24', '9700.00', '8700.00', '8700.00', '8700.00', '8700.00', '8700.00', '8700.00', '0.00', '0.00', '0.00', '0.00', '0.00', '0.00', '0.00', '2.00', '0.00', '8700.00', '8700.00', '0.00', '0.00'),
(537, 11, '2026-03-24', '9800.00', '8800.00', '8800.00', '8800.00', '8800.00', '8800.00', '8800.00', '0.00', '0.00', '0.00', '0.00', '0.00', '0.00', '0.00', '2.00', '0.00', '8800.00', '8800.00', '0.00', '0.00'),
(538, 12, '2026-03-24', '10200.00', '9300.00', '9300.00', '9300.00', '9300.00', '9300.00', '9300.00', '0.00', '0.00', '0.00', '0.00', '0.00', '0.00', '0.00', '2.00', '0.00', '9300.00', '9300.00', '0.00', '0.00'),
(539, 5, '2026-03-26', '165000.00', '142500.00', '142500.00', '142500.00', '142500.00', '142500.00', '142500.00', '0.00', '0.00', '0.00', '0.00', '0.00', '0.00', '0.00', '150.00', '0.00', '142500.00', '142500.00', '0.00', '0.00'),
(540, 11, '2026-03-30', '39200.00', '35200.00', '35200.00', '35200.00', '35200.00', '35200.00', '35200.00', '0.00', '0.00', '0.00', '0.00', '0.00', '0.00', '0.00', '8.00', '0.00', '35200.00', '35200.00', '0.00', '0.00'),
(541, 3, '2026-03-30', '0.00', '900.00', '950.00', '925.00', '950.00', '925.00', '950.00', '0.00', '0.00', '0.00', '0.00', '0.00', '0.00', '0.00', '1.00', '0.00', '925.00', '925.00', '0.00', '0.00'),
(542, 7, '2026-03-30', '0.00', '2650.00', '2650.00', '2650.00', '2650.00', '2650.00', '2650.00', '0.00', '0.00', '0.00', '0.00', '0.00', '0.00', '0.00', '1.00', '0.00', '2650.00', '2650.00', '0.00', '0.00'),
(544, 13, '2026-03-30', '4850.00', '4350.00', '4350.00', '4350.00', '4350.00', '4350.00', '4350.00', '0.00', '0.00', '0.00', '0.00', '0.00', '0.00', '0.00', '1.00', '0.00', '4350.00', '4350.00', '0.00', '0.00'),
(545, 3, '2026-04-01', '24000.00', '18000.00', '19000.00', '18500.00', '19000.00', '18500.00', '19000.00', '0.00', '0.00', '0.00', '0.00', '0.00', '0.00', '0.00', '20.00', '0.00', '18500.00', '18500.00', '0.00', '0.00'),
(546, 23, '2026-04-05', '33600.00', '25480.00', '25480.00', '25480.00', '25480.00', '25480.00', '25480.00', '0.00', '0.00', '0.00', '0.00', '0.00', '0.00', '0.00', '14.00', '0.00', '25480.00', '25480.00', '0.00', '0.00'),
(547, 24, '2026-04-05', '10400.00', '8600.00', '8600.00', '8600.00', '8600.00', '8600.00', '8600.00', '0.00', '0.00', '0.00', '0.00', '0.00', '0.00', '0.00', '4.00', '0.00', '8600.00', '8600.00', '0.00', '0.00'),
(548, 11, '2026-04-05', '29400.00', '26400.00', '26400.00', '26400.00', '26400.00', '26400.00', '26400.00', '0.00', '0.00', '0.00', '0.00', '0.00', '0.00', '0.00', '6.00', '0.00', '26400.00', '26400.00', '0.00', '0.00'),
(549, 31, '2026-04-07', '6500.00', '4250.00', '4250.00', '4250.00', '4250.00', '4250.00', '4250.00', '0.00', '0.00', '0.00', '0.00', '0.00', '0.00', '0.00', '5.00', '0.00', '4250.00', '4250.00', '0.00', '0.00'),
(550, 9, '2026-04-11', '4350.00', '3900.00', '3900.00', '3900.00', '3900.00', '3900.00', '3900.00', '0.00', '0.00', '0.00', '0.00', '0.00', '0.00', '0.00', '1.00', '0.00', '3900.00', '3900.00', '0.00', '0.00'),
(551, 9, '2026-04-12', '4350.00', '3900.00', '3900.00', '3900.00', '3900.00', '3900.00', '3900.00', '0.00', '0.00', '0.00', '0.00', '0.00', '0.00', '0.00', '1.00', '0.00', '3900.00', '3900.00', '0.00', '0.00'),
(552, 13, '2026-04-12', '4850.00', '4350.00', '4350.00', '4350.00', '4350.00', '4350.00', '4350.00', '0.00', '0.00', '0.00', '0.00', '0.00', '0.00', '0.00', '1.00', '0.00', '4350.00', '4350.00', '0.00', '0.00'),
(553, 11, '2026-04-12', '159450.00', '136400.00', '136400.00', '136400.00', '136400.00', '136400.00', '136400.00', '0.00', '0.00', '0.00', '0.00', '0.00', '0.00', '0.00', '31.00', '0.00', '136400.00', '136400.00', '0.00', '0.00'),
(554, 12, '2026-04-12', '11000.00', '9300.00', '9300.00', '9300.00', '9300.00', '9300.00', '9300.00', '0.00', '0.00', '0.00', '0.00', '0.00', '0.00', '0.00', '2.00', '0.00', '9300.00', '9300.00', '0.00', '0.00'),
(555, 5, '2026-04-14', '375000.00', '285000.00', '285000.00', '285000.00', '285000.00', '285000.00', '285000.00', '0.00', '0.00', '0.00', '0.00', '0.00', '0.00', '0.00', '300.00', '0.00', '285000.00', '285000.00', '0.00', '0.00'),
(556, 24, '2026-04-15', '5000.00', '4300.00', '4300.00', '4300.00', '4300.00', '4300.00', '4300.00', '0.00', '0.00', '0.00', '0.00', '0.00', '0.00', '0.00', '2.00', '0.00', '4300.00', '4300.00', '0.00', '0.00'),
(557, 25, '2026-04-15', '5000.00', '4000.00', '4000.00', '4000.00', '4000.00', '4000.00', '4000.00', '0.00', '0.00', '0.00', '0.00', '0.00', '0.00', '0.00', '2.00', '0.00', '4000.00', '4000.00', '0.00', '0.00'),
(558, 11, '2026-04-16', '51500.00', '44000.00', '44000.00', '44000.00', '44000.00', '44000.00', '44000.00', '0.00', '0.00', '0.00', '0.00', '0.00', '0.00', '0.00', '10.00', '0.00', '44000.00', '44000.00', '0.00', '0.00'),
(559, 14, '2026-04-16', '98765.00', '87000.00', '87000.00', '87000.00', '87000.00', '87000.00', '87000.00', '0.00', '0.00', '0.00', '0.00', '0.00', '0.00', '0.00', '15.00', '0.00', '87000.00', '87000.00', '0.00', '0.00'),
(560, 31, '2026-04-16', '7800.00', '5100.00', '5100.00', '5100.00', '5100.00', '5100.00', '5100.00', '0.00', '0.00', '0.00', '0.00', '0.00', '0.00', '0.00', '6.00', '0.00', '5100.00', '5100.00', '0.00', '0.00');
INSERT INTO `quickprofitproduct` (`id`, `productId`, `theDate`, `sellVal`, `sellCostBuyPrice`, `sellCostLastBuyPrice`, `sellCostMeanBuyPrice`, `sellCostLastBuyPricewithDiscount`, `sellCostMeanBuyPricewithDiscount`, `sellCostOverAllAveragePrice`, `returnSellVal`, `returnSellCostBuyPrice`, `returnSellCostLastBuyPrice`, `returnSellCostMeanBuyPrice`, `returnSellCostLastBuyPricewithDiscount`, `returnSellCostMeanBuyPricewithDiscount`, `returnSellCostOverAllAveragePrice`, `netQuantity`, `netQuantityRet`, `sellCostLastBuyPricewithTax`, `sellCostMeanBuyPricewithTax`, `returnSellCostLastBuyPricewithTax`, `returnSellCostMeanBuyPricewithTax`) VALUES
(562, 16, '2026-04-16', '2700.00', '2350.00', '2350.00', '2350.00', '2350.00', '2350.00', '2350.00', '0.00', '0.00', '0.00', '0.00', '0.00', '0.00', '0.00', '1.00', '0.00', '2350.00', '2350.00', '0.00', '0.00'),
(563, 25, '2026-04-16', '55000.00', '40000.00', '40000.00', '40000.00', '40000.00', '40000.00', '40000.00', '0.00', '0.00', '0.00', '0.00', '0.00', '0.00', '0.00', '20.00', '0.00', '40000.00', '40000.00', '0.00', '0.00'),
(568, 31, '2026-04-17', '15600.00', '10200.00', '10200.00', '10200.00', '10200.00', '10200.00', '10200.00', '0.00', '0.00', '0.00', '0.00', '0.00', '0.00', '0.00', '12.00', '0.00', '10200.00', '10200.00', '0.00', '0.00'),
(569, 14, '2026-04-17', '44900.00', '40600.00', '40600.00', '40600.00', '40600.00', '40600.00', '40600.00', '0.00', '0.00', '0.00', '0.00', '0.00', '0.00', '0.00', '7.00', '0.00', '40600.00', '40600.00', '0.00', '0.00'),
(572, 17, '2026-04-19', '37400.00', '32900.00', '32900.00', '32900.00', '32900.00', '32900.00', '32900.00', '0.00', '0.00', '0.00', '0.00', '0.00', '0.00', '0.00', '14.00', '0.00', '32900.00', '32900.00', '0.00', '0.00'),
(573, 18, '2026-04-19', '11200.00', '10000.00', '10000.00', '10000.00', '10000.00', '10000.00', '10000.00', '0.00', '0.00', '0.00', '0.00', '0.00', '0.00', '0.00', '4.00', '0.00', '10000.00', '10000.00', '0.00', '0.00'),
(574, 19, '2026-04-19', '58000.00', '52000.00', '52000.00', '52000.00', '52000.00', '52000.00', '52000.00', '0.00', '0.00', '0.00', '0.00', '0.00', '0.00', '0.00', '20.00', '0.00', '52000.00', '52000.00', '0.00', '0.00'),
(575, 20, '2026-04-19', '49600.00', '44000.00', '44000.00', '44000.00', '44000.00', '44000.00', '44000.00', '0.00', '0.00', '0.00', '0.00', '0.00', '0.00', '0.00', '16.00', '0.00', '44000.00', '44000.00', '0.00', '0.00'),
(576, 21, '2026-04-19', '62000.00', '46000.00', '46000.00', '46000.00', '46000.00', '46000.00', '46000.00', '0.00', '0.00', '0.00', '0.00', '0.00', '0.00', '0.00', '20.00', '0.00', '46000.00', '46000.00', '0.00', '0.00'),
(577, 22, '2026-04-19', '51800.00', '41600.00', '41600.00', '41600.00', '41600.00', '41600.00', '41600.00', '0.00', '0.00', '0.00', '0.00', '0.00', '0.00', '0.00', '16.00', '0.00', '41600.00', '41600.00', '0.00', '0.00'),
(578, 15, '2026-04-19', '0.00', '2150.00', '2150.00', '2150.00', '2150.00', '2150.00', '2150.00', '0.00', '0.00', '0.00', '0.00', '0.00', '0.00', '0.00', '1.00', '0.00', '2150.00', '2150.00', '0.00', '0.00'),
(584, 24, '2026-04-19', '0.00', '0.00', '0.00', '0.00', '0.00', '0.00', '0.00', '2600.00', '2150.00', '2150.00', '2150.00', '2150.00', '2150.00', '2150.00', '0.00', '1.00', '0.00', '0.00', '2150.00', '2150.00'),
(585, 26, '2026-04-19', '0.00', '0.00', '0.00', '0.00', '0.00', '0.00', '0.00', '2700.00', '2330.00', '2330.00', '2330.00', '2330.00', '2330.00', '2330.00', '0.00', '1.00', '0.00', '0.00', '2330.00', '2330.00'),
(586, 11, '2026-04-23', '10400.00', '8800.00', '8800.00', '8800.00', '8800.00', '8800.00', '8800.00', '0.00', '0.00', '0.00', '0.00', '0.00', '0.00', '0.00', '2.00', '0.00', '8800.00', '8800.00', '0.00', '0.00'),
(587, 14, '2026-04-23', '13300.00', '11600.00', '11600.00', '11600.00', '11600.00', '11600.00', '11600.00', '0.00', '0.00', '0.00', '0.00', '0.00', '0.00', '0.00', '2.00', '0.00', '11600.00', '11600.00', '0.00', '0.00'),
(588, 19, '2026-04-24', '11600.00', '10400.00', '10400.00', '10400.00', '10400.00', '10400.00', '10400.00', '0.00', '0.00', '0.00', '0.00', '0.00', '0.00', '0.00', '4.00', '0.00', '10400.00', '10400.00', '0.00', '0.00'),
(589, 20, '2026-04-24', '12400.00', '11000.00', '11000.00', '11000.00', '11000.00', '11000.00', '11000.00', '0.00', '0.00', '0.00', '0.00', '0.00', '0.00', '0.00', '4.00', '0.00', '11000.00', '11000.00', '0.00', '0.00'),
(590, 23, '2026-04-24', '10800.00', '7280.00', '7280.00', '7280.00', '7280.00', '7280.00', '7280.00', '0.00', '0.00', '0.00', '0.00', '0.00', '0.00', '0.00', '4.00', '0.00', '7280.00', '7280.00', '0.00', '0.00'),
(591, 19, '2026-04-26', '46400.00', '41600.00', '41600.00', '41600.00', '41600.00', '41600.00', '41600.00', '0.00', '0.00', '0.00', '0.00', '0.00', '0.00', '0.00', '16.00', '0.00', '41600.00', '41600.00', '0.00', '0.00'),
(592, 21, '2026-04-26', '49600.00', '36800.00', '36800.00', '36800.00', '36800.00', '36800.00', '36800.00', '0.00', '0.00', '0.00', '0.00', '0.00', '0.00', '0.00', '16.00', '0.00', '36800.00', '36800.00', '0.00', '0.00'),
(593, 23, '2026-04-26', '40000.00', '29120.00', '29120.00', '29120.00', '29120.00', '29120.00', '29120.00', '0.00', '0.00', '0.00', '0.00', '0.00', '0.00', '0.00', '16.00', '0.00', '29120.00', '29120.00', '0.00', '0.00'),
(594, 25, '2026-04-26', '41600.00', '32000.00', '32000.00', '32000.00', '32000.00', '32000.00', '32000.00', '0.00', '0.00', '0.00', '0.00', '0.00', '0.00', '0.00', '16.00', '0.00', '32000.00', '32000.00', '0.00', '0.00'),
(595, 31, '2026-04-27', '0.00', '850.00', '850.00', '850.00', '850.00', '850.00', '850.00', '0.00', '0.00', '0.00', '0.00', '0.00', '0.00', '0.00', '1.00', '0.00', '850.00', '850.00', '0.00', '0.00'),
(596, 9, '2026-04-27', '9100.00', '7800.00', '7800.00', '7800.00', '7800.00', '7800.00', '7800.00', '0.00', '0.00', '0.00', '0.00', '0.00', '0.00', '0.00', '2.00', '0.00', '7800.00', '7800.00', '0.00', '0.00'),
(597, 10, '2026-04-27', '9100.00', '7800.00', '7800.00', '7800.00', '7800.00', '7800.00', '7800.00', '0.00', '0.00', '0.00', '0.00', '0.00', '0.00', '0.00', '2.00', '0.00', '7800.00', '7800.00', '0.00', '0.00'),
(598, 11, '2026-04-27', '10400.00', '8800.00', '8800.00', '8800.00', '8800.00', '8800.00', '8800.00', '0.00', '0.00', '0.00', '0.00', '0.00', '0.00', '0.00', '2.00', '0.00', '8800.00', '8800.00', '0.00', '0.00'),
(599, 13, '2026-04-27', '5000.00', '4350.00', '4350.00', '4350.00', '4350.00', '4350.00', '4350.00', '0.00', '0.00', '0.00', '0.00', '0.00', '0.00', '0.00', '1.00', '0.00', '4350.00', '4350.00', '0.00', '0.00'),
(600, 31, '2026-04-28', '2600.00', '1700.00', '1700.00', '1700.00', '1700.00', '1700.00', '1700.00', '0.00', '0.00', '0.00', '0.00', '0.00', '0.00', '0.00', '2.00', '0.00', '1700.00', '1700.00', '0.00', '0.00'),
(601, 26, '2026-04-28', '11800.00', '9320.00', '9320.00', '9320.00', '9320.00', '9320.00', '9320.00', '0.00', '0.00', '0.00', '0.00', '0.00', '0.00', '0.00', '4.00', '0.00', '9320.00', '9320.00', '0.00', '0.00'),
(602, 23, '2026-04-28', '84900.00', '58240.00', '58240.00', '58240.00', '58240.00', '58240.00', '58240.00', '0.00', '0.00', '0.00', '0.00', '0.00', '0.00', '0.00', '32.00', '0.00', '58240.00', '58240.00', '0.00', '0.00'),
(603, 24, '2026-04-28', '11400.00', '8600.00', '8600.00', '8600.00', '8600.00', '8600.00', '8600.00', '0.00', '0.00', '0.00', '0.00', '0.00', '0.00', '0.00', '4.00', '0.00', '8600.00', '8600.00', '0.00', '0.00'),
(605, 25, '2026-04-28', '33100.00', '24000.00', '24000.00', '24000.00', '24000.00', '24000.00', '24000.00', '0.00', '0.00', '0.00', '0.00', '0.00', '0.00', '0.00', '12.00', '0.00', '24000.00', '24000.00', '0.00', '0.00'),
(606, 16, '2026-04-28', '2700.00', '2350.00', '2350.00', '2350.00', '2350.00', '2350.00', '2350.00', '0.00', '0.00', '0.00', '0.00', '0.00', '0.00', '0.00', '1.00', '0.00', '2350.00', '2350.00', '0.00', '0.00'),
(607, 26, '2026-04-29', '5900.00', '4660.00', '4660.00', '4660.00', '4660.00', '4660.00', '4660.00', '0.00', '0.00', '0.00', '0.00', '0.00', '0.00', '0.00', '2.00', '0.00', '4660.00', '4660.00', '0.00', '0.00'),
(608, 33, '2026-05-04', '10400.00', '8800.00', '8800.00', '8800.00', '8800.00', '8800.00', '8800.00', '0.00', '0.00', '0.00', '0.00', '0.00', '0.00', '0.00', '8.00', '0.00', '8800.00', '8800.00', '0.00', '0.00'),
(609, 11, '2026-05-05', '31200.00', '26400.00', '26400.00', '26400.00', '26400.00', '26400.00', '26400.00', '0.00', '0.00', '0.00', '0.00', '0.00', '0.00', '0.00', '6.00', '0.00', '26400.00', '26400.00', '0.00', '0.00'),
(610, 31, '2026-05-06', '8050.00', '5100.00', '5100.00', '5100.00', '5100.00', '5100.00', '5100.00', '0.00', '0.00', '0.00', '0.00', '0.00', '0.00', '0.00', '6.00', '0.00', '5100.00', '5100.00', '0.00', '0.00'),
(612, 32, '2026-05-06', '3600.00', '2000.00', '2000.00', '2000.00', '2000.00', '2000.00', '2000.00', '0.00', '0.00', '0.00', '0.00', '0.00', '0.00', '0.00', '8.00', '0.00', '2000.00', '2000.00', '0.00', '0.00'),
(613, 23, '2026-05-06', '15900.00', '10920.00', '10920.00', '10920.00', '10920.00', '10920.00', '10920.00', '0.00', '0.00', '0.00', '0.00', '0.00', '0.00', '0.00', '6.00', '0.00', '10920.00', '10920.00', '0.00', '0.00'),
(615, 7, '2026-05-09', '23800.00', '18550.00', '18550.00', '18550.00', '18550.00', '18550.00', '18550.00', '0.00', '0.00', '0.00', '0.00', '0.00', '0.00', '0.00', '7.00', '0.00', '18550.00', '18550.00', '0.00', '0.00'),
(616, 2, '2026-05-09', '14250.00', '11000.00', '11000.00', '11000.00', '11000.00', '11000.00', '11000.00', '0.00', '0.00', '0.00', '0.00', '0.00', '0.00', '0.00', '5.00', '0.00', '11000.00', '11000.00', '0.00', '0.00'),
(617, 3, '2026-05-09', '9100.00', '6300.00', '6650.00', '6475.00', '6650.00', '6475.00', '6650.00', '0.00', '0.00', '0.00', '0.00', '0.00', '0.00', '0.00', '7.00', '0.00', '6475.00', '6475.00', '0.00', '0.00'),
(618, 25, '2026-05-09', '0.00', '0.00', '0.00', '0.00', '0.00', '0.00', '0.00', '2800.00', '2000.00', '2000.00', '2000.00', '2000.00', '2000.00', '2000.00', '0.00', '1.00', '0.00', '0.00', '2000.00', '2000.00'),
(619, 9, '2026-05-12', '9118.68', '7800.00', '7800.00', '7800.00', '7800.00', '7800.00', '7800.00', '0.00', '0.00', '0.00', '0.00', '0.00', '0.00', '0.00', '2.00', '0.00', '7800.00', '7800.00', '0.00', '0.00'),
(620, 10, '2026-05-12', '13678.02', '11700.00', '11700.00', '11700.00', '11700.00', '11700.00', '11700.00', '0.00', '0.00', '0.00', '0.00', '0.00', '0.00', '0.00', '3.00', '0.00', '11700.00', '11700.00', '0.00', '0.00'),
(621, 13, '2026-05-12', '29911.61', '26100.00', '26100.00', '26100.00', '26100.00', '26100.00', '26100.00', '0.00', '0.00', '0.00', '0.00', '0.00', '0.00', '0.00', '6.00', '0.00', '26100.00', '26100.00', '0.00', '0.00'),
(622, 11, '2026-05-12', '20513.44', '17600.00', '17600.00', '17600.00', '17600.00', '17600.00', '17600.00', '0.00', '0.00', '0.00', '0.00', '0.00', '0.00', '0.00', '4.00', '0.00', '17600.00', '17600.00', '0.00', '0.00'),
(623, 12, '2026-05-12', '15908.14', '13950.00', '13950.00', '13950.00', '13950.00', '13950.00', '13950.00', '0.00', '0.00', '0.00', '0.00', '0.00', '0.00', '0.00', '3.00', '0.00', '13950.00', '13950.00', '0.00', '0.00'),
(624, 23, '2026-05-12', '41759.46', '29120.00', '29120.00', '29120.00', '29120.00', '29120.00', '29120.00', '0.00', '0.00', '0.00', '0.00', '0.00', '0.00', '0.00', '16.00', '0.00', '29120.00', '29120.00', '0.00', '0.00'),
(625, 24, '2026-05-12', '45196.95', '34400.00', '34400.00', '34400.00', '34400.00', '34400.00', '34400.00', '0.00', '0.00', '0.00', '0.00', '0.00', '0.00', '0.00', '16.00', '0.00', '34400.00', '34400.00', '0.00', '0.00'),
(626, 14, '2026-05-12', '13083.33', '11600.00', '11600.00', '11600.00', '11600.00', '11600.00', '11600.00', '0.00', '0.00', '0.00', '0.00', '0.00', '0.00', '0.00', '2.00', '0.00', '11600.00', '11600.00', '0.00', '0.00'),
(627, 31, '2026-05-12', '4311.55', '2550.00', '2550.00', '2550.00', '2550.00', '2550.00', '2550.00', '0.00', '0.00', '0.00', '0.00', '0.00', '0.00', '0.00', '3.00', '0.00', '2550.00', '2550.00', '0.00', '0.00'),
(630, 19, '2026-05-12', '87500.00', '78000.00', '78000.00', '78000.00', '78000.00', '78000.00', '78000.00', '0.00', '0.00', '0.00', '0.00', '0.00', '0.00', '0.00', '30.00', '0.00', '78000.00', '78000.00', '0.00', '0.00'),
(631, 21, '2026-05-12', '61000.00', '46000.00', '46000.00', '46000.00', '46000.00', '46000.00', '46000.00', '0.00', '0.00', '0.00', '0.00', '0.00', '0.00', '0.00', '20.00', '0.00', '46000.00', '46000.00', '0.00', '0.00'),
(634, 13, '2026-05-13', '40000.00', '34800.00', '34800.00', '34800.00', '34800.00', '34800.00', '34800.00', '0.00', '0.00', '0.00', '0.00', '0.00', '0.00', '0.00', '8.00', '0.00', '34800.00', '34800.00', '0.00', '0.00'),
(635, 19, '2026-05-13', '58500.00', '52000.00', '52000.00', '52000.00', '52000.00', '52000.00', '52000.00', '0.00', '0.00', '0.00', '0.00', '0.00', '0.00', '0.00', '20.00', '0.00', '52000.00', '52000.00', '0.00', '0.00'),
(636, 10, '2026-05-14', '4550.00', '3900.00', '3900.00', '3900.00', '3900.00', '3900.00', '3900.00', '0.00', '0.00', '0.00', '0.00', '0.00', '0.00', '0.00', '1.00', '0.00', '3900.00', '3900.00', '0.00', '0.00'),
(637, 9, '2026-05-14', '4550.00', '3900.00', '3900.00', '3900.00', '3900.00', '3900.00', '3900.00', '0.00', '0.00', '0.00', '0.00', '0.00', '0.00', '0.00', '1.00', '0.00', '3900.00', '3900.00', '0.00', '0.00'),
(638, 13, '2026-05-14', '5000.00', '4350.00', '4350.00', '4350.00', '4350.00', '4350.00', '4350.00', '0.00', '0.00', '0.00', '0.00', '0.00', '0.00', '0.00', '1.00', '0.00', '4350.00', '4350.00', '0.00', '0.00'),
(639, 11, '2026-05-14', '5200.00', '4400.00', '4400.00', '4400.00', '4400.00', '4400.00', '4400.00', '0.00', '0.00', '0.00', '0.00', '0.00', '0.00', '0.00', '1.00', '0.00', '4400.00', '4400.00', '0.00', '0.00'),
(640, 12, '2026-05-14', '5400.00', '4650.00', '4650.00', '4650.00', '4650.00', '4650.00', '4650.00', '0.00', '0.00', '0.00', '0.00', '0.00', '0.00', '0.00', '1.00', '0.00', '4650.00', '4650.00', '0.00', '0.00'),
(641, 31, '2026-05-14', '15600.00', '10200.00', '10200.00', '10200.00', '10200.00', '10200.00', '10200.00', '0.00', '0.00', '0.00', '0.00', '0.00', '0.00', '0.00', '12.00', '0.00', '10200.00', '10200.00', '0.00', '0.00'),
(642, 23, '2026-05-18', '106000.00', '72800.00', '72800.00', '72800.00', '72800.00', '72800.00', '72800.00', '0.00', '0.00', '0.00', '0.00', '0.00', '0.00', '0.00', '40.00', '0.00', '72800.00', '72800.00', '0.00', '0.00'),
(643, 9, '2026-05-18', '4550.00', '3900.00', '3900.00', '3900.00', '3900.00', '3900.00', '3900.00', '0.00', '0.00', '0.00', '0.00', '0.00', '0.00', '0.00', '1.00', '0.00', '3900.00', '3900.00', '0.00', '0.00'),
(644, 31, '2026-05-18', '3900.00', '2550.00', '2550.00', '2550.00', '2550.00', '2550.00', '2550.00', '0.00', '0.00', '0.00', '0.00', '0.00', '0.00', '0.00', '3.00', '0.00', '2550.00', '2550.00', '0.00', '0.00'),
(645, 19, '2026-05-19', '37750.00', '33800.00', '33800.00', '33800.00', '33800.00', '33800.00', '33800.00', '0.00', '0.00', '0.00', '0.00', '0.00', '0.00', '0.00', '13.00', '0.00', '33800.00', '33800.00', '0.00', '0.00'),
(646, 20, '2026-05-19', '6000.00', '5500.00', '5500.00', '5500.00', '5500.00', '5500.00', '5500.00', '0.00', '0.00', '0.00', '0.00', '0.00', '0.00', '0.00', '2.00', '0.00', '5500.00', '5500.00', '0.00', '0.00'),
(648, 25, '2026-05-19', '57000.00', '40000.00', '40000.00', '40000.00', '40000.00', '40000.00', '40000.00', '0.00', '0.00', '0.00', '0.00', '0.00', '0.00', '0.00', '20.00', '0.00', '40000.00', '40000.00', '0.00', '0.00'),
(649, 26, '2026-05-19', '36000.00', '27960.00', '27960.00', '27960.00', '27960.00', '27960.00', '27960.00', '0.00', '0.00', '0.00', '0.00', '0.00', '0.00', '0.00', '12.00', '0.00', '27960.00', '27960.00', '0.00', '0.00'),
(652, 9, '2026-05-20', '32600.00', '27300.00', '27300.00', '27300.00', '27300.00', '27300.00', '27300.00', '0.00', '0.00', '0.00', '0.00', '0.00', '0.00', '0.00', '7.00', '0.00', '27300.00', '27300.00', '0.00', '0.00'),
(653, 10, '2026-05-20', '27900.00', '23400.00', '23400.00', '23400.00', '23400.00', '23400.00', '23400.00', '0.00', '0.00', '0.00', '0.00', '0.00', '0.00', '0.00', '6.00', '0.00', '23400.00', '23400.00', '0.00', '0.00'),
(654, 17, '2026-05-20', '50000.00', '47000.00', '47000.00', '47000.00', '47000.00', '47000.00', '47000.00', '0.00', '0.00', '0.00', '0.00', '0.00', '0.00', '0.00', '20.00', '0.00', '47000.00', '47000.00', '0.00', '0.00'),
(655, 19, '2026-05-20', '128800.00', '119600.00', '119600.00', '119600.00', '119600.00', '119600.00', '119600.00', '0.00', '0.00', '0.00', '0.00', '0.00', '0.00', '0.00', '46.00', '0.00', '119600.00', '119600.00', '0.00', '0.00'),
(656, 21, '2026-05-20', '116000.00', '92000.00', '92000.00', '92000.00', '92000.00', '92000.00', '92000.00', '0.00', '0.00', '0.00', '0.00', '0.00', '0.00', '0.00', '40.00', '0.00', '92000.00', '92000.00', '0.00', '0.00'),
(657, 25, '2026-05-20', '54000.00', '40000.00', '40000.00', '40000.00', '40000.00', '40000.00', '40000.00', '0.00', '0.00', '0.00', '0.00', '0.00', '0.00', '0.00', '20.00', '0.00', '40000.00', '40000.00', '0.00', '0.00'),
(660, 13, '2026-05-20', '10000.00', '8700.00', '8700.00', '8700.00', '8700.00', '8700.00', '8700.00', '0.00', '0.00', '0.00', '0.00', '0.00', '0.00', '0.00', '2.00', '0.00', '8700.00', '8700.00', '0.00', '0.00'),
(661, 11, '2026-05-20', '20600.00', '17600.00', '17600.00', '17600.00', '17600.00', '17600.00', '17600.00', '0.00', '0.00', '0.00', '0.00', '0.00', '0.00', '0.00', '4.00', '0.00', '17600.00', '17600.00', '0.00', '0.00'),
(662, 15, '2026-05-21', '0.00', '0.00', '0.00', '0.00', '0.00', '0.00', '0.00', '4800.00', '4300.00', '4300.00', '4300.00', '4300.00', '4300.00', '4300.00', '0.00', '2.00', '0.00', '0.00', '4300.00', '4300.00'),
(663, 17, '2026-05-21', '78000.00', '70500.00', '70500.00', '70500.00', '70500.00', '70500.00', '70500.00', '0.00', '0.00', '0.00', '0.00', '0.00', '0.00', '0.00', '30.00', '0.00', '70500.00', '70500.00', '0.00', '0.00'),
(664, 18, '2026-05-21', '55000.00', '50000.00', '50000.00', '50000.00', '50000.00', '50000.00', '50000.00', '0.00', '0.00', '0.00', '0.00', '0.00', '0.00', '0.00', '20.00', '0.00', '50000.00', '50000.00', '0.00', '0.00'),
(665, 19, '2026-05-21', '58000.00', '52000.00', '52000.00', '52000.00', '52000.00', '52000.00', '52000.00', '0.00', '0.00', '0.00', '0.00', '0.00', '0.00', '0.00', '20.00', '0.00', '52000.00', '52000.00', '0.00', '0.00'),
(666, 20, '2026-05-21', '42700.00', '38500.00', '38500.00', '38500.00', '38500.00', '38500.00', '38500.00', '0.00', '0.00', '0.00', '0.00', '0.00', '0.00', '0.00', '14.00', '0.00', '38500.00', '38500.00', '0.00', '0.00'),
(667, 21, '2026-05-21', '91000.00', '69000.00', '69000.00', '69000.00', '69000.00', '69000.00', '69000.00', '0.00', '0.00', '0.00', '0.00', '0.00', '0.00', '0.00', '30.00', '0.00', '69000.00', '69000.00', '0.00', '0.00'),
(668, 22, '2026-05-21', '38100.00', '31200.00', '31200.00', '31200.00', '31200.00', '31200.00', '31200.00', '0.00', '0.00', '0.00', '0.00', '0.00', '0.00', '0.00', '12.00', '0.00', '31200.00', '31200.00', '0.00', '0.00'),
(669, 24, '2026-05-21', '56000.00', '43000.00', '43000.00', '43000.00', '43000.00', '43000.00', '43000.00', '0.00', '0.00', '0.00', '0.00', '0.00', '0.00', '0.00', '20.00', '0.00', '43000.00', '43000.00', '0.00', '0.00'),
(670, 25, '2026-05-21', '55000.00', '40000.00', '40000.00', '40000.00', '40000.00', '40000.00', '40000.00', '0.00', '0.00', '0.00', '0.00', '0.00', '0.00', '0.00', '20.00', '0.00', '40000.00', '40000.00', '0.00', '0.00'),
(673, 14, '2026-05-21', '6650.00', '5800.00', '5800.00', '5800.00', '5800.00', '5800.00', '5800.00', '0.00', '0.00', '0.00', '0.00', '0.00', '0.00', '0.00', '1.00', '0.00', '5800.00', '5800.00', '0.00', '0.00'),
(674, 10, '2026-05-23', '4550.00', '3900.00', '3900.00', '3900.00', '3900.00', '3900.00', '3900.00', '0.00', '0.00', '0.00', '0.00', '0.00', '0.00', '0.00', '1.00', '0.00', '3900.00', '3900.00', '0.00', '0.00'),
(675, 9, '2026-05-23', '4550.00', '3900.00', '3900.00', '3900.00', '3900.00', '3900.00', '3900.00', '0.00', '0.00', '0.00', '0.00', '0.00', '0.00', '0.00', '1.00', '0.00', '3900.00', '3900.00', '0.00', '0.00'),
(676, 11, '2026-05-23', '15600.00', '13200.00', '13200.00', '13200.00', '13200.00', '13200.00', '13200.00', '0.00', '0.00', '0.00', '0.00', '0.00', '0.00', '0.00', '3.00', '0.00', '13200.00', '13200.00', '0.00', '0.00'),
(677, 12, '2026-05-23', '21600.00', '18600.00', '18600.00', '18600.00', '18600.00', '18600.00', '18600.00', '0.00', '0.00', '0.00', '0.00', '0.00', '0.00', '0.00', '4.00', '0.00', '18600.00', '18600.00', '0.00', '0.00'),
(678, 10, '2026-05-24', '22250.00', '19500.00', '19500.00', '19500.00', '19500.00', '19500.00', '19500.00', '0.00', '0.00', '0.00', '0.00', '0.00', '0.00', '0.00', '5.00', '0.00', '19500.00', '19500.00', '0.00', '0.00'),
(679, 9, '2026-05-24', '22250.00', '19500.00', '19500.00', '19500.00', '19500.00', '19500.00', '19500.00', '0.00', '0.00', '0.00', '0.00', '0.00', '0.00', '0.00', '5.00', '0.00', '19500.00', '19500.00', '0.00', '0.00'),
(680, 11, '2026-05-24', '51000.00', '44000.00', '44000.00', '44000.00', '44000.00', '44000.00', '44000.00', '0.00', '0.00', '0.00', '0.00', '0.00', '0.00', '0.00', '10.00', '0.00', '44000.00', '44000.00', '0.00', '0.00'),
(681, 12, '2026-05-24', '53500.00', '46500.00', '46500.00', '46500.00', '46500.00', '46500.00', '46500.00', '0.00', '0.00', '0.00', '0.00', '0.00', '0.00', '0.00', '10.00', '0.00', '46500.00', '46500.00', '0.00', '0.00'),
(682, 25, '2026-05-24', '55000.00', '40000.00', '40000.00', '40000.00', '40000.00', '40000.00', '40000.00', '0.00', '0.00', '0.00', '0.00', '0.00', '0.00', '0.00', '20.00', '0.00', '40000.00', '40000.00', '0.00', '0.00'),
(683, 26, '2026-05-24', '58000.00', '46600.00', '46600.00', '46600.00', '46600.00', '46600.00', '46600.00', '0.00', '0.00', '0.00', '0.00', '0.00', '0.00', '0.00', '20.00', '0.00', '46600.00', '46600.00', '0.00', '0.00'),
(684, 12, '2026-05-25', '5350.00', '4650.00', '4650.00', '4650.00', '4650.00', '4650.00', '4650.00', '0.00', '0.00', '0.00', '0.00', '0.00', '0.00', '0.00', '1.00', '0.00', '4650.00', '4650.00', '0.00', '0.00'),
(685, 13, '2026-05-30', '5000.00', '8700.00', '8700.00', '8700.00', '8700.00', '8700.00', '8700.00', '0.00', '0.00', '0.00', '0.00', '0.00', '0.00', '0.00', '2.00', '0.00', '8700.00', '8700.00', '0.00', '0.00'),
(686, 12, '2026-05-30', '5550.00', '4650.00', '4650.00', '4650.00', '4650.00', '4650.00', '4650.00', '0.00', '0.00', '0.00', '0.00', '0.00', '0.00', '0.00', '1.00', '0.00', '4650.00', '4650.00', '0.00', '0.00'),
(688, 31, '2026-05-30', '0.00', '850.00', '850.00', '850.00', '850.00', '850.00', '850.00', '0.00', '0.00', '0.00', '0.00', '0.00', '0.00', '0.00', '1.00', '0.00', '850.00', '850.00', '0.00', '0.00'),
(689, 32, '2026-05-30', '600.00', '250.00', '250.00', '250.00', '250.00', '250.00', '250.00', '0.00', '0.00', '0.00', '0.00', '0.00', '0.00', '0.00', '1.00', '0.00', '250.00', '250.00', '0.00', '0.00'),
(690, 19, '2026-05-31', '58000.00', '52000.00', '52000.00', '52000.00', '52000.00', '52000.00', '52000.00', '0.00', '0.00', '0.00', '0.00', '0.00', '0.00', '0.00', '20.00', '0.00', '52000.00', '52000.00', '0.00', '0.00'),
(691, 20, '2026-05-31', '31000.00', '27500.00', '27500.00', '27500.00', '27500.00', '27500.00', '27500.00', '0.00', '0.00', '0.00', '0.00', '0.00', '0.00', '0.00', '10.00', '0.00', '27500.00', '27500.00', '0.00', '0.00'),
(692, 21, '2026-05-31', '30500.00', '23000.00', '23000.00', '23000.00', '23000.00', '23000.00', '23000.00', '0.00', '0.00', '0.00', '0.00', '0.00', '0.00', '0.00', '10.00', '0.00', '23000.00', '23000.00', '0.00', '0.00'),
(693, 25, '2026-05-31', '54000.00', '40000.00', '40000.00', '40000.00', '40000.00', '40000.00', '40000.00', '0.00', '0.00', '0.00', '0.00', '0.00', '0.00', '0.00', '20.00', '0.00', '40000.00', '40000.00', '0.00', '0.00'),
(702, 19, '2026-06-01', '24216.49', '23400.00', '23400.00', '23400.00', '23400.00', '23400.00', '23400.00', '0.00', '0.00', '0.00', '0.00', '0.00', '0.00', '0.00', '9.00', '0.00', '23400.00', '23400.00', '0.00', '0.00'),
(703, 15, '2026-06-01', '4783.51', '4300.00', '4300.00', '4300.00', '4300.00', '4300.00', '4300.00', '0.00', '0.00', '0.00', '0.00', '0.00', '0.00', '0.00', '2.00', '0.00', '4300.00', '4300.00', '0.00', '0.00'),
(704, 22, '2026-06-04', '50400.00', '41600.00', '41600.00', '41600.00', '41600.00', '41600.00', '41600.00', '0.00', '0.00', '0.00', '0.00', '0.00', '0.00', '0.00', '16.00', '0.00', '41600.00', '41600.00', '0.00', '0.00'),
(705, 26, '2026-06-04', '57000.00', '46600.00', '46600.00', '46600.00', '46600.00', '46600.00', '46600.00', '0.00', '0.00', '0.00', '0.00', '0.00', '0.00', '0.00', '20.00', '0.00', '46600.00', '46600.00', '0.00', '0.00'),
(706, 10, '2026-06-04', '13650.00', '11700.00', '11700.00', '11700.00', '11700.00', '11700.00', '11700.00', '0.00', '0.00', '0.00', '0.00', '0.00', '0.00', '0.00', '3.00', '0.00', '11700.00', '11700.00', '0.00', '0.00'),
(707, 9, '2026-06-04', '13650.00', '11700.00', '11700.00', '11700.00', '11700.00', '11700.00', '11700.00', '0.00', '0.00', '0.00', '0.00', '0.00', '0.00', '0.00', '3.00', '0.00', '11700.00', '11700.00', '0.00', '0.00'),
(708, 13, '2026-06-04', '20000.00', '17400.00', '17400.00', '17400.00', '17400.00', '17400.00', '17400.00', '0.00', '0.00', '0.00', '0.00', '0.00', '0.00', '0.00', '4.00', '0.00', '17400.00', '17400.00', '0.00', '0.00'),
(709, 11, '2026-06-04', '36400.00', '30800.00', '30800.00', '30800.00', '30800.00', '30800.00', '30800.00', '0.00', '0.00', '0.00', '0.00', '0.00', '0.00', '0.00', '7.00', '0.00', '30800.00', '30800.00', '0.00', '0.00'),
(710, 12, '2026-06-04', '21600.00', '18600.00', '18600.00', '18600.00', '18600.00', '18600.00', '18600.00', '0.00', '0.00', '0.00', '0.00', '0.00', '0.00', '0.00', '4.00', '0.00', '18600.00', '18600.00', '0.00', '0.00'),
(711, 37, '2026-06-04', '5200.00', '4600.00', '4600.00', '4600.00', '4600.00', '4600.00', '4600.00', '0.00', '0.00', '0.00', '0.00', '0.00', '0.00', '0.00', '2.00', '0.00', '4600.00', '4600.00', '0.00', '0.00'),
(712, 31, '2026-06-04', '10700.00', '6800.00', '6800.00', '6800.00', '6800.00', '6800.00', '6800.00', '0.00', '0.00', '0.00', '0.00', '0.00', '0.00', '0.00', '8.00', '0.00', '6800.00', '6800.00', '0.00', '0.00'),
(717, 32, '2026-06-04', '1500.00', '750.00', '750.00', '750.00', '750.00', '750.00', '750.00', '0.00', '0.00', '0.00', '0.00', '0.00', '0.00', '0.00', '3.00', '0.00', '750.00', '750.00', '0.00', '0.00'),
(718, 39, '2026-06-04', '2700.00', '2300.00', '2300.00', '2300.00', '2300.00', '2300.00', '2300.00', '0.00', '0.00', '0.00', '0.00', '0.00', '0.00', '0.00', '1.00', '0.00', '2300.00', '2300.00', '0.00', '0.00'),
(719, 38, '2026-06-04', '2700.00', '2300.00', '2300.00', '2300.00', '2300.00', '2300.00', '2300.00', '0.00', '0.00', '0.00', '0.00', '0.00', '0.00', '0.00', '1.00', '0.00', '2300.00', '2300.00', '0.00', '0.00'),
(721, 3, '2026-06-04', '2500.00', '1800.00', '1900.00', '1850.00', '1900.00', '1850.00', '1900.00', '0.00', '0.00', '0.00', '0.00', '0.00', '0.00', '0.00', '2.00', '0.00', '1850.00', '1850.00', '0.00', '0.00'),
(722, 13, '2026-06-05', '5100.00', '4350.00', '4350.00', '4350.00', '4350.00', '4350.00', '4350.00', '0.00', '0.00', '0.00', '0.00', '0.00', '0.00', '0.00', '1.00', '0.00', '4350.00', '4350.00', '0.00', '0.00'),
(723, 11, '2026-06-05', '5200.00', '4400.00', '4400.00', '4400.00', '4400.00', '4400.00', '4400.00', '0.00', '0.00', '0.00', '0.00', '0.00', '0.00', '0.00', '1.00', '0.00', '4400.00', '4400.00', '0.00', '0.00'),
(724, 37, '2026-06-05', '63750.00', '55200.00', '55200.00', '55200.00', '55200.00', '55200.00', '55200.00', '0.00', '0.00', '0.00', '0.00', '0.00', '0.00', '0.00', '24.00', '0.00', '55200.00', '55200.00', '0.00', '0.00'),
(726, 38, '2026-06-05', '2500.00', '2300.00', '2300.00', '2300.00', '2300.00', '2300.00', '2300.00', '0.00', '0.00', '0.00', '0.00', '0.00', '0.00', '0.00', '1.00', '0.00', '2300.00', '2300.00', '0.00', '0.00'),
(727, 37, '2026-06-06', '2600.00', '2300.00', '2300.00', '2300.00', '2300.00', '2300.00', '2300.00', '0.00', '0.00', '0.00', '0.00', '0.00', '0.00', '0.00', '1.00', '0.00', '2300.00', '2300.00', '0.00', '0.00'),
(728, 10, '2026-06-06', '31850.00', '27300.00', '27300.00', '27300.00', '27300.00', '27300.00', '27300.00', '4600.00', '3900.00', '3900.00', '3900.00', '3900.00', '3900.00', '3900.00', '7.00', '1.00', '27300.00', '27300.00', '3900.00', '3900.00'),
(730, 9, '2026-06-06', '31850.00', '27300.00', '27300.00', '27300.00', '27300.00', '27300.00', '27300.00', '0.00', '0.00', '0.00', '0.00', '0.00', '0.00', '0.00', '7.00', '0.00', '27300.00', '27300.00', '0.00', '0.00'),
(731, 12, '2026-06-06', '16200.00', '13950.00', '13950.00', '13950.00', '13950.00', '13950.00', '13950.00', '0.00', '0.00', '0.00', '0.00', '0.00', '0.00', '0.00', '3.00', '0.00', '13950.00', '13950.00', '0.00', '0.00'),
(732, 11, '2026-06-06', '15600.00', '13200.00', '13200.00', '13200.00', '13200.00', '13200.00', '13200.00', '0.00', '0.00', '0.00', '0.00', '0.00', '0.00', '0.00', '3.00', '0.00', '13200.00', '13200.00', '0.00', '0.00'),
(736, 9, '2026-06-07', '23500.00', '19500.00', '19500.00', '19500.00', '19500.00', '19500.00', '19500.00', '0.00', '0.00', '0.00', '0.00', '0.00', '0.00', '0.00', '5.00', '0.00', '19500.00', '19500.00', '0.00', '0.00'),
(737, 10, '2026-06-07', '23500.00', '19500.00', '19500.00', '19500.00', '19500.00', '19500.00', '19500.00', '0.00', '0.00', '0.00', '0.00', '0.00', '0.00', '0.00', '5.00', '0.00', '19500.00', '19500.00', '0.00', '0.00'),
(738, 11, '2026-06-07', '10800.00', '8800.00', '8800.00', '8800.00', '8800.00', '8800.00', '8800.00', '0.00', '0.00', '0.00', '0.00', '0.00', '0.00', '0.00', '2.00', '0.00', '8800.00', '8800.00', '0.00', '0.00'),
(739, 12, '2026-06-07', '11100.00', '9300.00', '9300.00', '9300.00', '9300.00', '9300.00', '9300.00', '0.00', '0.00', '0.00', '0.00', '0.00', '0.00', '0.00', '2.00', '0.00', '9300.00', '9300.00', '0.00', '0.00'),
(740, 25, '2026-06-07', '27500.00', '20000.00', '20000.00', '20000.00', '20000.00', '20000.00', '20000.00', '0.00', '0.00', '0.00', '0.00', '0.00', '0.00', '0.00', '10.00', '0.00', '20000.00', '20000.00', '0.00', '0.00'),
(741, 25, '2026-06-08', '111000.00', '80000.00', '80000.00', '80000.00', '80000.00', '80000.00', '80000.00', '0.00', '0.00', '0.00', '0.00', '0.00', '0.00', '0.00', '40.00', '0.00', '80000.00', '80000.00', '0.00', '0.00'),
(742, 21, '2026-06-08', '30000.00', '23000.00', '23000.00', '23000.00', '23000.00', '23000.00', '23000.00', '0.00', '0.00', '0.00', '0.00', '0.00', '0.00', '0.00', '10.00', '0.00', '23000.00', '23000.00', '0.00', '0.00'),
(743, 22, '2026-06-08', '31500.00', '26000.00', '26000.00', '26000.00', '26000.00', '26000.00', '26000.00', '0.00', '0.00', '0.00', '0.00', '0.00', '0.00', '0.00', '10.00', '0.00', '26000.00', '26000.00', '0.00', '0.00'),
(744, 31, '2026-06-09', '39000.00', '25500.00', '25500.00', '25500.00', '25500.00', '25500.00', '25500.00', '0.00', '0.00', '0.00', '0.00', '0.00', '0.00', '0.00', '30.00', '0.00', '25500.00', '25500.00', '0.00', '0.00'),
(745, 32, '2026-06-09', '51000.00', '30000.00', '30000.00', '30000.00', '30000.00', '30000.00', '30000.00', '0.00', '0.00', '0.00', '0.00', '0.00', '0.00', '0.00', '120.00', '0.00', '30000.00', '30000.00', '0.00', '0.00'),
(746, 13, '2026-06-09', '10000.00', '8700.00', '8700.00', '8700.00', '8700.00', '8700.00', '8700.00', '0.00', '0.00', '0.00', '0.00', '0.00', '0.00', '0.00', '2.00', '0.00', '8700.00', '8700.00', '0.00', '0.00'),
(747, 11, '2026-06-09', '15450.00', '13200.00', '13200.00', '13200.00', '13200.00', '13200.00', '13200.00', '0.00', '0.00', '0.00', '0.00', '0.00', '0.00', '0.00', '3.00', '0.00', '13200.00', '13200.00', '0.00', '0.00'),
(748, 25, '2026-06-09', '165000.00', '120000.00', '120000.00', '120000.00', '120000.00', '120000.00', '120000.00', '0.00', '0.00', '0.00', '0.00', '0.00', '0.00', '0.00', '60.00', '0.00', '120000.00', '120000.00', '0.00', '0.00'),
(749, 21, '2026-06-09', '72000.00', '55200.00', '55200.00', '55200.00', '55200.00', '55200.00', '55200.00', '0.00', '0.00', '0.00', '0.00', '0.00', '0.00', '0.00', '24.00', '0.00', '55200.00', '55200.00', '0.00', '0.00'),
(750, 22, '2026-06-09', '81900.00', '67600.00', '67600.00', '67600.00', '67600.00', '67600.00', '67600.00', '0.00', '0.00', '0.00', '0.00', '0.00', '0.00', '0.00', '26.00', '0.00', '67600.00', '67600.00', '0.00', '0.00'),
(751, 9, '2026-06-09', '18200.00', '15600.00', '15600.00', '15600.00', '15600.00', '15600.00', '15600.00', '0.00', '0.00', '0.00', '0.00', '0.00', '0.00', '0.00', '4.00', '0.00', '15600.00', '15600.00', '0.00', '0.00'),
(752, 20, '2026-06-10', '18600.00', '16500.00', '16500.00', '16500.00', '16500.00', '16500.00', '16500.00', '0.00', '0.00', '0.00', '0.00', '0.00', '0.00', '0.00', '6.00', '0.00', '16500.00', '16500.00', '0.00', '0.00'),
(753, 21, '2026-06-10', '31000.00', '23000.00', '23000.00', '23000.00', '23000.00', '23000.00', '23000.00', '0.00', '0.00', '0.00', '0.00', '0.00', '0.00', '0.00', '10.00', '0.00', '23000.00', '23000.00', '0.00', '0.00'),
(754, 11, '2026-06-11', '0.00', '0.00', '0.00', '0.00', '0.00', '0.00', '0.00', '5200.00', '4400.00', '4400.00', '4400.00', '4400.00', '4400.00', '4400.00', '0.00', '1.00', '0.00', '0.00', '4400.00', '4400.00'),
(755, 11, '2026-06-13', '31200.00', '26400.00', '26400.00', '26400.00', '26400.00', '26400.00', '26400.00', '0.00', '0.00', '0.00', '0.00', '0.00', '0.00', '0.00', '6.00', '0.00', '26400.00', '26400.00', '0.00', '0.00'),
(756, 15, '2026-06-13', '9600.00', '8600.00', '8600.00', '8600.00', '8600.00', '8600.00', '8600.00', '0.00', '0.00', '0.00', '0.00', '0.00', '0.00', '0.00', '4.00', '0.00', '8600.00', '8600.00', '0.00', '0.00'),
(757, 16, '2026-06-13', '16200.00', '14100.00', '14100.00', '14100.00', '14100.00', '14100.00', '14100.00', '0.00', '0.00', '0.00', '0.00', '0.00', '0.00', '0.00', '6.00', '0.00', '14100.00', '14100.00', '0.00', '0.00'),
(758, 21, '2026-06-13', '12400.00', '9200.00', '9200.00', '9200.00', '9200.00', '9200.00', '9200.00', '0.00', '0.00', '0.00', '0.00', '0.00', '0.00', '0.00', '4.00', '0.00', '9200.00', '9200.00', '0.00', '0.00'),
(759, 7, '2026-06-16', '0.00', '0.00', '0.00', '0.00', '0.00', '0.00', '0.00', '3050.00', '2650.00', '2650.00', '2650.00', '2650.00', '2650.00', '2650.00', '0.00', '1.00', '0.00', '0.00', '2650.00', '2650.00'),
(760, 38, '2026-06-17', '250000.00', '230000.00', '230000.00', '230000.00', '230000.00', '230000.00', '229998.00', '0.00', '0.00', '0.00', '0.00', '0.00', '0.00', '0.00', '100.00', '0.00', '230000.00', '230000.00', '0.00', '0.00'),
(761, 31, '2026-06-17', '13500.00', '8500.00', '8500.00', '8500.00', '8500.00', '8500.00', '8500.00', '0.00', '0.00', '0.00', '0.00', '0.00', '0.00', '0.00', '10.00', '0.00', '8500.00', '8500.00', '0.00', '0.00'),
(762, 32, '2026-06-17', '13500.00', '7500.00', '7500.00', '7500.00', '7500.00', '7500.00', '7500.00', '0.00', '0.00', '0.00', '0.00', '0.00', '0.00', '0.00', '30.00', '0.00', '7500.00', '7500.00', '0.00', '0.00'),
(763, 17, '2026-06-20', '15600.00', '14100.00', '14100.00', '14100.00', '14100.00', '14100.00', '14100.00', '0.00', '0.00', '0.00', '0.00', '0.00', '0.00', '0.00', '6.00', '0.00', '14100.00', '14100.00', '0.00', '0.00'),
(764, 18, '2026-06-20', '34200.00', '30000.00', '30000.00', '30000.00', '30000.00', '30000.00', '30000.00', '0.00', '0.00', '0.00', '0.00', '0.00', '0.00', '0.00', '12.00', '0.00', '30000.00', '30000.00', '0.00', '0.00'),
(765, 19, '2026-06-20', '98600.00', '88400.00', '88400.00', '88400.00', '88400.00', '88400.00', '88400.00', '0.00', '0.00', '0.00', '0.00', '0.00', '0.00', '0.00', '34.00', '0.00', '88400.00', '88400.00', '0.00', '0.00'),
(766, 20, '2026-06-20', '43400.00', '38500.00', '38500.00', '38500.00', '38500.00', '38500.00', '38500.00', '0.00', '0.00', '0.00', '0.00', '0.00', '0.00', '0.00', '14.00', '0.00', '38500.00', '38500.00', '0.00', '0.00'),
(767, 21, '2026-06-20', '42900.00', '32200.00', '32200.00', '32200.00', '32200.00', '32200.00', '32200.00', '0.00', '0.00', '0.00', '0.00', '0.00', '0.00', '0.00', '14.00', '0.00', '32200.00', '32200.00', '0.00', '0.00'),
(772, 22, '2026-06-20', '13200.00', '10400.00', '10400.00', '10400.00', '10400.00', '10400.00', '10400.00', '0.00', '0.00', '0.00', '0.00', '0.00', '0.00', '0.00', '4.00', '0.00', '10400.00', '10400.00', '0.00', '0.00'),
(773, 25, '2026-06-20', '27500.00', '20000.00', '20000.00', '20000.00', '20000.00', '20000.00', '20000.00', '0.00', '0.00', '0.00', '0.00', '0.00', '0.00', '0.00', '10.00', '0.00', '20000.00', '20000.00', '0.00', '0.00'),
(775, 16, '2026-06-20', '2700.00', '2350.00', '2350.00', '2350.00', '2350.00', '2350.00', '2350.00', '0.00', '0.00', '0.00', '0.00', '0.00', '0.00', '0.00', '1.00', '0.00', '2350.00', '2350.00', '0.00', '0.00'),
(776, 9, '2026-06-21', '78000.00', '78000.00', '78000.00', '78000.00', '78000.00', '78000.00', '78000.00', '0.00', '0.00', '0.00', '0.00', '0.00', '0.00', '0.00', '20.00', '0.00', '78000.00', '78000.00', '0.00', '0.00'),
(777, 10, '2026-06-21', '19500.00', '19500.00', '19500.00', '19500.00', '19500.00', '19500.00', '19500.00', '0.00', '0.00', '0.00', '0.00', '0.00', '0.00', '0.00', '5.00', '0.00', '19500.00', '19500.00', '0.00', '0.00'),
(778, 32, '2026-06-21', '51000.00', '30000.00', '30000.00', '30000.00', '30000.00', '30000.00', '30000.00', '0.00', '0.00', '0.00', '0.00', '0.00', '0.00', '0.00', '120.00', '0.00', '30000.00', '30000.00', '0.00', '0.00');

-- --------------------------------------------------------

--
